2022: Jan | Feb | Mar | Apr | May | Jun | Jul | Aug | Sep | Oct | Nov | Dec 
2021: Jan | Feb | Mar | Apr | May | Jun | Jul | Aug | Sep | Oct | Nov | Dec 
2020: Jan | Feb | Mar | Apr | May | Jun | Jul | Aug | Sep | Oct | Nov | Dec 
2019: Jan | Feb | Mar | Apr | May | Jun | Jul | Aug | Sep | Oct | Nov | Dec 

Report for 2022 11
MONTHLY CLIMATOLOGICAL SUMMARY for NOV. 2022 NAME: Chucks Weather CITY: Renton STATE: WA ELEV: 340 ft LAT: 47 27' 45" N LONG: 122 12' 07" W TEMPERATURE (F), RAIN (in), WIND SPEED (mph) HEAT COOL AVG MEAN DEG DEG WIND DOM DAY TEMP HIGH TIME LOW TIME DAYS DAYS RAIN SPEED HIGH TIME DIR ------------------------------------------------------------------------------------ 1 46.9 52.3 1:48p 43.1 8:42p 18.1 0.0 0.00 1.2 9.0 3:22p ENE 2 43.6 49.1 3:27p 38.7 12:00m 21.4 0.0 0.14 1.1 8.0 12:50a SE 3 41.9 45.1 11:57a 38.4 12:19a 23.1 0.0 0.32 1.6 13.0 1:47p ESE 4 53.7 59.2 7:34p 42.5 12:06a 11.3 0.0 0.18 6.7 29.0 9:10p S 5 47.3 54.3 1:48p 42.7 7:48a 17.7 0.0 0.00 3.7 18.0 12:52p S 6 43.1 46.3 2:02p 40.1 11:30p 21.9 0.0 0.91 2.2 21.0 3:41a ESE 7 41.6 47.1 1:53p 37.4 6:03a 23.4 0.0 0.10 1.7 11.0 11:00p ENE 8 39.6 46.4 1:00p 35.9 7:11a 25.4 0.0 0.00 4.8 19.0 8:35a NNE 9 38.6 48.5 1:33p 32.8 7:31a 26.4 0.0 0.00 2.0 16.0 3:46a ENE 10 40.9 47.6 2:30p 35.5 11:44p 24.1 0.0 0.00 0.3 8.0 6:58p ENE 11 43.2 49.8 3:02p 36.2 12:25a 21.8 0.0 0.00 1.5 16.0 2:34p ENE 12 40.6 52.1 1:29p 34.1 7:41a 24.4 0.0 0.00 0.8 8.0 3:02p ENE 13 41.1 52.3 1:12p 33.6 12:36a 23.9 0.0 0.00 1.1 11.0 4:13p NNE 14 41.9 53.3 1:19p 33.0 7:31a 23.1 0.0 0.00 1.6 11.0 11:36a NE 15 43.1 54.5 2:09p 35.1 2:57a 21.9 0.0 0.00 1.2 9.0 11:54a NNE 16 39.9 52.7 2:13p 32.5 4:15a 25.1 0.0 0.00 0.6 6.0 12:27p NE 17 42.8 53.9 1:07p 35.6 6:25a 22.1 0.0 0.00 3.1 20.0 11:02p ENE 18 40.1 52.4 1:14p 31.4 4:33a 24.9 0.0 0.00 1.4 15.0 12:01a ENE 19 38.4 50.6 1:50p 30.6 1:59a 26.6 0.0 0.00 1.1 9.0 11:24a ENE 20 40.9 53.1 2:12p 30.1 3:43a 24.1 0.0 0.00 0.6 7.0 7:27p WNW 21 44.4 49.9 2:47p 39.0 6:32a 20.6 0.0 0.00 0.4 8.0 8:49p ESE 22 47.3 50.1 6:32p 44.0 7:32a 17.7 0.0 1.26 2.4 16.0 8:42p ESE 23 48.9 57.5 12:26p 41.1 11:55p 16.1 0.0 0.00 1.5 13.0 1:29a SE 24 45.0 55.2 1:17p 35.4 8:11a 20.0 0.0 0.00 1.1 10.0 12:16a E 25 43.6 50.3 6:30a 37.1 11:31p 21.4 0.0 0.82 2.3 19.0 11:31a NNE 26 42.2 47.4 8:45p 35.4 1:26a 22.8 0.0 0.12 3.7 32.0 10:58p S 27 43.0 46.7 12:50a 40.1 10:55p 22.0 0.0 0.27 4.3 25.0 12:12a S 28 38.3 40.8 10:59a 34.6 10:59p 26.7 0.0 0.09 1.3 15.0 5:58p ENE 29 34.7 36.0 8:27p 33.1 9:11a 30.3 0.0 1.01 2.9 16.0 3:40p E 30 34.6 34.7 12:04a 34.5 12:01a 0.1 0.0 0.02 4.6 11.0 12:01a E ------------------------------------------------------------------------------------- 42.4 59.2 4 30.1 20 648.4 0.0 5.24 2.1 32.0 26 ENE Max >= 90.0: 0 Max <= 32.0: 0 Min <= 32.0: 3 Min <= 0.0: 0 Max Rain: 1.26 ON 11/22/22 Days of Rain: 12 (>.01 in) 9 (>.1 in) 2 (>1 in) Heat Base: 65.0 Cool Base: 65.0 Method: Integration