2024: Jan | Feb | Mar | Apr | May | Jun | Jul | Aug | Sep | Oct | Nov | Dec 
2023: Jan | Feb | Mar | Apr | May | Jun | Jul | Aug | Sep | Oct | Nov | Dec 
2022: Jan | Feb | Mar | Apr | May | Jun | Jul | Aug | Sep | Oct | Nov | Dec 
2021: Jan | Feb | Mar | Apr | May | Jun | Jul | Aug | Sep | Oct | Nov | Dec 
2020: Jan | Feb | Mar | Apr | May | Jun | Jul | Aug | Sep | Oct | Nov | Dec 
2019: Jan | Feb | Mar | Apr | May | Jun | Jul | Aug | Sep | Oct | Nov | Dec 

Report for 2024 02
MONTHLY CLIMATOLOGICAL SUMMARY for APR. 2023 NAME: Chucks Weather CITY: Renton STATE: WA ELEV: 340 ft LAT: 47 27' 45" N LONG: 122 12' 07" W TEMPERATURE (F), RAIN (in), WIND SPEED (mph) HEAT COOL AVG MEAN DEG DEG WIND DOM DAY TEMP HIGH TIME LOW TIME DAYS DAYS RAIN SPEED HIGH TIME DIR ------------------------------------------------------------------------------------ 1 43.6 50.9 4:11p 39.6 11:48p 21.4 0.0 0.02 6.2 27.0 2:28p S 2 40.6 49.2 4:57p 37.1 11:58p 24.3 0.0 0.28 2.9 16.0 9:33a S 3 41.3 52.5 5:25p 36.1 3:58a 23.7 0.0 0.16 1.4 12.0 4:06p SE 4 44.3 59.2 4:28p 36.2 5:44a 20.7 0.0 0.00 2.1 13.0 12:51p E 5 46.8 57.3 3:31p 38.4 12:55a 18.2 0.0 0.00 1.9 11.0 11:50a ESE 6 50.1 55.7 12:51p 45.5 5:01a 14.8 0.0 0.43 2.3 13.0 4:50p E 7 51.6 59.3 2:58p 47.9 11:28p 13.4 0.0 0.13 2.9 16.0 5:38p S 8 49.4 53.2 11:03a 45.8 6:57a 15.6 0.0 0.14 2.6 14.0 11:23a ESE 9 51.5 56.4 4:28p 47.6 11:25p 13.5 0.0 0.66 3.3 16.0 4:04p ESE 10 46.3 48.7 2:14p 43.0 11:50p 18.7 0.0 0.67 1.2 10.0 10:45p WNW 11 46.2 55.6 4:32p 40.0 8:37a 18.8 0.0 0.09 4.4 22.0 1:50p S 12 46.7 59.7 4:10p 37.4 6:56a 18.3 0.0 0.00 2.1 14.0 11:41a E 13 46.5 55.8 4:57p 40.4 2:58a 18.5 0.0 0.00 2.6 15.0 4:29p ESE 14 48.5 61.4 4:20p 36.7 6:51a 16.5 0.0 0.00 1.3 15.0 4:32p WNW 15 48.8 54.4 12:55p 43.1 6:34a 16.2 0.0 0.02 1.7 13.0 1:52p ESE 16 48.4 48.4 12:01a 48.3 12:02a 0.0 0.0 0.00 0.0 0.0 --- --- 17 18 19 20 21 22 23 24 25 26 27 28 29 30 ------------------------------------------------------------------------------------- 46.9 61.4 14 36.1 3 272.6 0.0 2.60 2.4 27.0 1 S Max >= 90.0: 0 Max <= 32.0: 0 Min <= 32.0: 0 Min <= 0.0: 0 Max Rain: 0.67 ON 04/10/23 Days of Rain: 10 (>.01 in) 7 (>.1 in) 0 (>1 in) Heat Base: 65.0 Cool Base: 65.0 Method: Integration