2023: Jan | Feb | Mar | Apr | May | Jun | Jul | Aug | Sep | Oct | Nov | Dec 
2022: Jan | Feb | Mar | Apr | May | Jun | Jul | Aug | Sep | Oct | Nov | Dec 
2021: Jan | Feb | Mar | Apr | May | Jun | Jul | Aug | Sep | Oct | Nov | Dec 
2020: Jan | Feb | Mar | Apr | May | Jun | Jul | Aug | Sep | Oct | Nov | Dec 
2019: Jan | Feb | Mar | Apr | May | Jun | Jul | Aug | Sep | Oct | Nov | Dec 

Report for 2023 03
MONTHLY CLIMATOLOGICAL SUMMARY for MAR. 2023 NAME: Chucks Weather CITY: Renton STATE: WA ELEV: 340 ft LAT: 47 27' 45" N LONG: 122 12' 07" W TEMPERATURE (F), RAIN (in), WIND SPEED (mph) HEAT COOL AVG MEAN DEG DEG WIND DOM DAY TEMP HIGH TIME LOW TIME DAYS DAYS RAIN SPEED HIGH TIME DIR ------------------------------------------------------------------------------------ 1 38.1 46.2 12:34p 29.4 5:56a 26.9 0.0 0.02 2.4 21.0 8:59p S 2 42.3 51.8 2:16p 37.4 2:53a 22.7 0.0 0.16 5.4 25.0 8:56a S 3 39.3 43.3 11:28a 37.4 8:27p 25.7 0.0 0.31 5.1 22.0 4:39a S 4 40.9 46.3 1:06p 37.2 11:56p 24.1 0.0 0.33 2.7 19.0 6:49p E 5 39.4 53.5 2:10p 31.1 5:54a 25.6 0.0 0.36 2.1 19.0 5:13p E 6 41.3 53.6 1:09p 31.2 6:52a 23.7 0.0 0.01 1.8 13.0 1:20p S 7 42.8 56.2 1:03p 36.8 7:31a 22.2 0.0 0.02 1.4 12.0 4:00p ENE 8 38.5 46.5 11:47a 33.4 4:28a 26.5 0.0 0.13 1.9 11.0 5:50p E 9 42.4 51.1 12:48p 33.5 3:36a 22.6 0.0 0.00 3.2 22.0 5:07p E 10 45.1 51.9 1:26p 40.7 6:23a 19.9 0.0 0.10 3.5 20.0 1:59p S 11 44.8 56.4 3:08p 37.4 12:00m 20.2 0.0 0.02 2.1 15.0 2:37a S 12 41.8 49.0 3:00p 32.5 6:55a 22.3 0.0 0.20 1.7 14.0 5:02p E 13 43.8 47.8 4:11a 39.2 11:05p 21.2 0.0 0.55 4.6 17.0 5:25p S 14 45.1 57.1 3:10p 36.0 7:22a 19.9 0.0 0.00 2.5 16.0 1:19a S 15 45.2 55.3 5:10p 40.0 11:55p 19.8 0.0 0.03 2.8 16.0 1:51a S 16 44.9 58.4 4:31p 32.0 5:53a 20.1 0.0 0.00 2.1 17.0 7:26p ENE 17 50.6 68.0 3:58p 35.7 7:04a 14.5 0.1 0.00 1.4 11.0 3:03p E 18 54.6 70.5 4:19p 39.8 7:26a 11.0 0.6 0.00 1.5 14.0 9:10p NNE 19 53.0 63.5 3:14p 45.7 6:19a 12.0 0.0 0.00 1.5 10.0 3:05p NNE 20 50.8 59.1 4:36p 47.4 6:38a 14.2 0.0 0.22 2.2 18.0 7:06p S 21 50.5 61.6 3:52p 45.9 8:05a 14.5 0.0 0.00 2.3 15.0 4:48p NNE 22 51.0 66.8 5:24p 37.8 7:35a 14.0 0.0 0.00 1.9 18.0 8:07p E 23 45.3 50.8 1:32p 40.1 9:38p 19.7 0.0 0.04 5.5 26.0 1:41p S 24 40.9 40.9 12:01a 40.8 12:01a 0.1 0.0 0.00 7.0 11.0 12:03a SSE 25 26 27 28 29 30 31 ------------------------------------------------------------------------------------- 44.7 70.5 18 29.4 1 463.4 0.7 2.50 2.9 26.0 23 S Max >= 90.0: 0 Max <= 32.0: 0 Min <= 32.0: 4 Min <= 0.0: 0 Max Rain: 0.55 ON 03/13/23 Days of Rain: 14 (>.01 in) 8 (>.1 in) 0 (>1 in) Heat Base: 65.0 Cool Base: 65.0 Method: Integration