2023: Jan | Feb | Mar | Apr | May | Jun | Jul | Aug | Sep | Oct | Nov | Dec 
2022: Jan | Feb | Mar | Apr | May | Jun | Jul | Aug | Sep | Oct | Nov | Dec 
2021: Jan | Feb | Mar | Apr | May | Jun | Jul | Aug | Sep | Oct | Nov | Dec 
2020: Jan | Feb | Mar | Apr | May | Jun | Jul | Aug | Sep | Oct | Nov | Dec 
2019: Jan | Feb | Mar | Apr | May | Jun | Jul | Aug | Sep | Oct | Nov | Dec 

Report for 2019 11
MONTHLY CLIMATOLOGICAL SUMMARY for NOV. 2019 NAME: Chucks Weather CITY: Renton STATE: WA ELEV: 340 ft LAT: 47 27' 45" N LONG: 122 12' 07" W TEMPERATURE (F), RAIN (in), WIND SPEED (mph) HEAT COOL AVG MEAN DEG DEG WIND DOM DAY TEMP HIGH TIME LOW TIME DAYS DAYS RAIN SPEED HIGH TIME DIR ------------------------------------------------------------------------------------ 1 44.5 60.2 3:06p 35.2 6:28a 20.5 0.0 0.00 0.0 0.0 --- --- 2 46.9 64.0 3:30p 37.5 9:02a 18.1 0.0 0.00 0.0 0.0 --- --- 3 45.8 58.6 2:48p 36.6 7:47a 19.1 0.0 0.00 0.0 0.0 --- --- 4 46.7 61.2 1:55p 39.5 5:17a 18.3 0.0 0.00 0.0 0.0 --- --- 5 45.5 59.9 2:25p 39.0 2:16a 19.5 0.0 0.00 0.0 0.0 --- --- 6 46.6 57.1 1:54p 41.4 11:58p 18.4 0.0 0.00 0.0 0.0 --- --- 7 43.4 57.7 2:32p 34.9 5:05a 21.5 0.0 0.00 0.0 0.0 --- --- 8 46.5 63.5 2:00p 35.9 6:26a 18.5 0.0 0.00 0.0 0.0 --- --- 9 49.9 53.7 2:53p 46.7 4:25a 15.1 0.0 0.26 0.0 0.0 --- --- 10 51.2 53.7 12:23p 48.7 9:26p 13.8 0.0 0.01 0.0 0.0 --- --- 11 51.1 63.7 2:14p 44.8 7:38a 9.5 0.0 0.00 0.0 0.0 --- --- 12 13 14 15 16 17 54.8 57.9 2:50p 48.3 11:59p 5.7 0.0 0.02 0.0 0.0 --- --- 18 49.0 50.8 12:00m 47.4 8:24a 16.0 0.0 0.21 0.0 0.0 --- --- 19 48.0 51.1 12:42a 43.2 11:57p 10.6 0.0 0.17 0.0 0.0 --- --- 20 43.5 54.4 1:51p 38.8 4:21a 21.5 0.0 0.01 0.0 0.0 --- --- 21 37.4 47.4 2:07p 33.3 11:57p 27.6 0.0 0.00 0.0 0.0 --- --- 22 36.6 45.0 2:35p 32.1 3:10a 28.3 0.0 0.00 0.0 0.0 --- --- 23 42.9 52.3 11:11p 33.1 7:22a 22.1 0.0 0.00 0.0 0.0 --- --- 24 48.3 53.6 2:27p 44.9 8:10a 16.6 0.0 0.10 0.0 0.0 --- --- 25 41.5 45.7 12:34p 35.9 9:50p 23.5 0.0 0.47 0.0 0.0 --- --- 26 39.1 47.4 2:06p 35.4 6:42a 25.9 0.0 0.03 0.0 0.0 --- --- 27 38.3 51.6 1:42p 32.3 11:59p 26.7 0.0 0.00 0.0 0.0 --- --- 28 35.7 51.1 2:02p 29.2 8:15a 29.3 0.0 0.00 0.0 0.0 --- --- 29 32.5 45.6 2:02p 26.5 8:15a 30.8 0.0 0.00 0.0 0.0 --- --- 30 34.5 49.3 2:19p 24.6 4:43a 30.5 0.0 0.00 0.0 0.0 --- --- ------------------------------------------------------------------------------------- 44.0 64.0 2 24.6 30 507.4 0.0 1.28 0.0 0.0 --- --- Max >= 90.0: 0 Max <= 32.0: 0 Min <= 32.0: 3 Min <= 0.0: 0 Max Rain: 0.47 ON 11/25/19 Days of Rain: 7 (>.01 in) 4 (>.1 in) 0 (>1 in) Heat Base: 65.0 Cool Base: 65.0 Method: Integration