2023: Jan | Feb | Mar | Apr | May | Jun | Jul | Aug | Sep | Oct | Nov | Dec 
2022: Jan | Feb | Mar | Apr | May | Jun | Jul | Aug | Sep | Oct | Nov | Dec 
2021: Jan | Feb | Mar | Apr | May | Jun | Jul | Aug | Sep | Oct | Nov | Dec 
2020: Jan | Feb | Mar | Apr | May | Jun | Jul | Aug | Sep | Oct | Nov | Dec 
2019: Jan | Feb | Mar | Apr | May | Jun | Jul | Aug | Sep | Oct | Nov | Dec 

Report for 2019 12
MONTHLY CLIMATOLOGICAL SUMMARY for DEC. 2019 NAME: Chucks Weather CITY: Renton STATE: WA ELEV: 340 ft LAT: 47 27' 45" N LONG: 122 12' 07" W TEMPERATURE (F), RAIN (in), WIND SPEED (mph) HEAT COOL AVG MEAN DEG DEG WIND DOM DAY TEMP HIGH TIME LOW TIME DAYS DAYS RAIN SPEED HIGH TIME DIR ------------------------------------------------------------------------------------ 1 42.1 45.9 1:43p 39.9 12:32a 22.8 0.0 0.01 0.0 0.0 --- --- 2 44.4 53.0 2:14p 38.6 6:11a 20.6 0.0 0.00 0.0 0.0 --- --- 3 48.7 51.7 4:29p 44.8 12:01a 16.3 0.0 0.00 0.0 0.0 --- --- 4 48.3 49.9 11:29a 45.0 12:00m 16.7 0.0 0.04 0.0 0.0 --- --- 5 46.7 53.3 2:24p 44.4 6:06a 18.3 0.0 0.00 0.0 0.0 --- --- 6 48.2 56.9 1:23p 43.4 7:54a 16.8 0.0 0.00 0.0 0.0 --- --- 7 47.7 49.6 3:26p 45.2 7:31a 17.3 0.0 0.30 0.0 0.0 --- --- 8 48.5 53.4 1:44p 45.1 11:57p 16.5 0.0 0.02 0.0 0.0 --- --- 9 42.4 45.1 12:01a 39.9 6:18a 22.6 0.0 0.00 0.0 0.0 --- --- 10 41.0 44.1 11:57p 38.3 2:28a 24.0 0.0 0.13 0.0 0.0 --- --- 11 45.3 48.5 2:59p 43.6 8:10a 19.6 0.0 0.40 0.0 0.0 --- --- 12 47.1 49.1 4:27a 44.7 11:54p 17.9 0.0 0.27 0.0 0.0 --- --- 13 45.4 49.0 3:05p 43.2 6:43a 19.6 0.0 0.00 0.0 0.0 --- --- 14 42.2 44.1 12:01a 39.6 11:10p 22.7 0.0 0.08 0.0 0.0 --- --- 15 39.6 43.4 1:12p 37.5 8:15a 25.4 0.0 0.07 0.0 0.0 --- --- 16 40.1 46.0 4:15p 35.8 5:19a 24.9 0.0 0.00 0.0 0.0 --- --- 17 40.8 45.3 1:37p 36.8 2:57a 24.2 0.0 0.00 0.0 0.0 --- --- 18 42.4 46.3 1:42p 38.9 10:34p 22.6 0.0 0.27 0.0 0.0 --- --- 19 45.1 52.4 10:23p 39.4 12:01a 19.9 0.0 1.32 0.0 0.0 --- --- 20 51.3 52.7 1:16p 48.8 8:39a 13.7 0.0 2.19 0.0 0.0 --- --- 21 44.8 51.2 12:01a 42.4 11:57p 20.2 0.0 0.62 0.0 0.0 --- --- 22 41.3 43.0 2:48p 39.1 7:27a 23.7 0.0 0.12 0.0 0.0 --- --- 23 40.9 44.8 2:28p 37.2 11:20p 24.1 0.0 0.26 0.0 0.0 --- --- 24 36.4 39.3 1:37p 32.4 8:03a 28.5 0.0 0.00 0.0 0.0 --- --- 25 36.8 43.9 2:42p 31.3 11:59p 28.2 0.0 0.00 0.0 0.0 --- --- 26 33.3 38.0 2:13p 27.9 4:12a 31.7 0.0 0.04 0.0 0.0 --- --- 27 40.1 43.1 3:18p 36.2 12:39a 24.8 0.0 0.01 0.0 0.0 --- --- 28 43.4 47.2 1:36p 40.2 8:40a 21.6 0.0 0.00 0.0 0.0 --- --- 29 44.7 55.4 2:12p 39.9 5:06a 20.3 0.0 0.01 0.0 0.0 --- --- 30 45.1 48.0 2:51p 42.0 6:45a 19.9 0.0 0.06 0.0 0.0 --- --- 31 47.8 52.4 11:13p 43.8 4:29a 17.2 0.0 0.34 0.0 0.0 --- --- ------------------------------------------------------------------------------------- 43.6 56.9 6 27.9 26 662.6 0.0 6.56 0.0 0.0 --- --- Max >= 90.0: 0 Max <= 32.0: 0 Min <= 32.0: 2 Min <= 0.0: 0 Max Rain: 2.19 ON 12/20/19 Days of Rain: 17 (>.01 in) 11 (>.1 in) 2 (>1 in) Heat Base: 65.0 Cool Base: 65.0 Method: Integration