2023: Jan | Feb | Mar | Apr | May | Jun | Jul | Aug | Sep | Oct | Nov | Dec 
2022: Jan | Feb | Mar | Apr | May | Jun | Jul | Aug | Sep | Oct | Nov | Dec 
2021: Jan | Feb | Mar | Apr | May | Jun | Jul | Aug | Sep | Oct | Nov | Dec 
2020: Jan | Feb | Mar | Apr | May | Jun | Jul | Aug | Sep | Oct | Nov | Dec 
2019: Jan | Feb | Mar | Apr | May | Jun | Jul | Aug | Sep | Oct | Nov | Dec 

Report for 2020
ANNUAL CLIMATOLOGICAL SUMMARY NAME: Chucks Weather CITY: Renton STATE: WA ELEV: 340 ft LAT: 47 27' 45" N LONG: 122 12' 07" W TEMPERATURE (F), HEAT BASE 65.0, COOL BASE 65.0 DEP. HEAT COOL MEAN MEAN FROM DEG DEG MAX MAX MIN MIN YR MO MAX MIN MEAN NORM DAYS DAYS HI DATE LOW DATE >=90 <=32 <=32 <=0 ------------------------------------------------------------------------------------ 20 1 48.6 40.4 44.1 0.0 647 0 60.8 3 28.6 14 0 0 3 0 20 2 51.5 37.4 43.2 0.0 633 0 68.2 19 29.3 19 0 0 3 0 20 3 53.3 37.6 44.0 0.0 651 0 67.3 20 29.4 9 0 0 3 0 20 4 63.0 42.9 51.8 0.0 399 5 73.5 16 33.7 13 0 0 0 0 20 5 69.8 50.2 58.9 0.0 241 51 92.3 10 38.1 4 1 0 0 0 20 6 71.7 53.5 61.1 0.0 166 51 85.9 23 48.5 2 0 0 0 0 20 7 78.3 57.2 66.5 0.0 83 128 97.0 27 51.6 13 2 0 0 0 20 8 80.2 57.0 67.1 0.0 73 139 97.3 16 49.7 13 2 0 0 0 20 9 75.6 56.6 64.5 0.0 103 88 93.4 10 48.7 13 2 0 0 0 20 10 61.0 47.7 53.5 0.0 360 5 73.7 2 31.6 25 0 0 1 0 20 11 51.6 40.5 45.5 0.0 584 0 66.8 4 29.1 8 0 0 3 0 20 12 49.8 38.2 43.5 0.0 664 0 61.4 5 28.6 24 0 0 5 0 ------------------------------------------------------------------------------------ 62.9 46.6 53.7 0.0 4604 468 97.3 AUG 28.6 JAN 7 0 18 0 PRECIPITATION (in) DEP. MAX DAYS OF RAIN FROM OBS. OVER YR MO TOTAL NORM DAY DATE .01 .1 1 --------------------------------------------- 20 1 8.39 0.00 0.89 23 27 22 0 20 2 4.06 0.00 0.89 1 15 9 0 20 3 3.31 0.00 0.69 29 15 9 0 20 4 1.38 0.00 0.54 22 6 4 0 20 5 2.70 0.00 0.95 30 15 8 0 20 6 2.26 0.00 0.44 15 12 7 0 20 7 0.28 0.00 0.21 17 4 1 0 20 8 0.27 0.00 0.08 21 5 0 0 20 9 2.01 0.00 0.89 23 8 3 0 20 10 3.02 0.00 0.55 10 13 8 0 20 11 5.38 0.00 0.95 3 22 15 0 20 12 6.17 0.00 1.38 21 21 15 1 --------------------------------------------- 39.23 0.00 1.38 DEC 163 101 1 WIND SPEED (mph) DOM YR MO AVG. HI DATE DIR --------------------------------- 20 1 0.0 0.0 1 --- 20 2 0.0 0.0 1 --- 20 3 1.0 23.0 30 S 20 4 2.1 27.0 25 S 20 5 2.3 23.0 6 S 20 6 2.1 24.0 8 S 20 7 2.1 19.0 1 W 20 8 2.0 23.0 6 NNE 20 9 2.0 24.0 25 ENE 20 10 2.1 31.0 13 S 20 11 2.7 31.0 13 S 20 12 2.9 32.0 18 S --------------------------------- 1.8 32.0 DEC S