2023: Jan | Feb | Mar | Apr | May | Jun | Jul | Aug | Sep | Oct | Nov | Dec 
2022: Jan | Feb | Mar | Apr | May | Jun | Jul | Aug | Sep | Oct | Nov | Dec 
2021: Jan | Feb | Mar | Apr | May | Jun | Jul | Aug | Sep | Oct | Nov | Dec 
2020: Jan | Feb | Mar | Apr | May | Jun | Jul | Aug | Sep | Oct | Nov | Dec 
2019: Jan | Feb | Mar | Apr | May | Jun | Jul | Aug | Sep | Oct | Nov | Dec 

Report for 2020 01
MONTHLY CLIMATOLOGICAL SUMMARY for JAN. 2020 NAME: Chucks Weather CITY: Renton STATE: WA ELEV: 340 ft LAT: 47 27' 45" N LONG: 122 12' 07" W TEMPERATURE (F), RAIN (in), WIND SPEED (mph) HEAT COOL AVG MEAN DEG DEG WIND DOM DAY TEMP HIGH TIME LOW TIME DAYS DAYS RAIN SPEED HIGH TIME DIR ------------------------------------------------------------------------------------ 1 49.6 52.4 12:01a 45.6 11:49p 15.4 0.0 0.00 0.0 0.0 --- --- 2 43.4 50.0 11:38p 41.0 5:27p 21.5 0.0 0.13 0.0 0.0 --- --- 3 51.5 60.8 6:49p 45.4 12:00m 13.5 0.0 0.31 0.0 0.0 --- --- 4 42.5 45.4 12:01a 40.3 9:19a 22.5 0.0 0.16 0.0 0.0 --- --- 5 43.0 47.4 2:24p 41.3 8:54p 22.0 0.0 0.14 0.0 0.0 --- --- 6 46.3 49.6 6:52p 40.7 1:56a 18.7 0.0 0.87 0.0 0.0 --- --- 7 49.9 55.0 2:23p 45.6 11:55p 15.1 0.0 0.46 0.0 0.0 --- --- 8 40.1 45.5 12:01a 33.8 11:42p 24.9 0.0 0.21 0.0 0.0 --- --- 9 35.2 40.9 2:49p 32.5 1:57a 29.8 0.0 0.09 0.0 0.0 --- --- 10 39.5 43.5 9:57p 34.3 12:01a 25.5 0.0 0.48 0.0 0.0 --- --- 11 42.7 44.2 11:29a 38.2 11:47p 22.3 0.0 0.14 0.0 0.0 --- --- 12 39.5 45.0 2:08p 34.4 11:58p 25.4 0.0 0.25 0.0 0.0 --- --- 13 33.0 36.3 2:46p 30.0 11:52p 32.0 0.0 0.14 0.0 0.0 --- --- 14 31.1 34.6 10:56p 28.6 4:59a 33.9 0.0 0.02 0.0 0.0 --- --- 15 36.1 40.0 11:50p 31.0 8:17a 28.9 0.0 0.00 0.0 0.0 --- --- 16 38.8 45.0 2:39p 34.6 10:33p 26.1 0.0 0.02 0.0 0.0 --- --- 17 37.2 43.5 2:11p 32.4 8:56a 27.8 0.0 0.01 0.0 0.0 --- --- 18 43.3 51.5 3:49p 38.1 4:37a 21.7 0.0 0.37 0.0 0.0 --- --- 19 49.0 53.0 2:54p 44.2 12:01a 16.0 0.0 0.04 0.0 0.0 --- --- 20 49.8 53.7 12:53p 46.3 8:25a 15.2 0.0 0.01 0.0 0.0 --- --- 21 47.1 51.8 1:41a 44.3 9:31p 17.9 0.0 0.37 0.0 0.0 --- --- 22 45.2 47.7 11:57p 43.7 9:03a 19.8 0.0 0.22 0.0 0.0 --- --- 23 50.7 53.5 5:34a 47.6 12:01a 14.2 0.0 0.89 0.0 0.0 --- --- 24 48.9 51.6 2:36p 46.6 12:00m 16.1 0.0 0.50 0.0 0.0 --- --- 25 47.2 52.5 3:10p 44.8 6:45a 17.8 0.0 0.10 0.0 0.0 --- --- 26 48.9 54.7 2:53p 45.7 12:01a 16.1 0.0 0.32 0.0 0.0 --- --- 27 45.6 51.4 12:35p 42.0 8:50a 19.4 0.0 0.62 0.0 0.0 --- --- 28 46.8 51.0 1:51p 44.1 6:20a 18.2 0.0 0.54 0.0 0.0 --- --- 29 46.7 48.6 4:13p 44.4 8:34a 18.3 0.0 0.21 0.0 0.0 --- --- 30 45.2 48.1 12:00m 42.3 8:48a 19.8 0.0 0.27 0.0 0.0 --- --- 31 54.2 58.2 9:41p 48.1 12:01a 10.8 0.0 0.50 0.0 0.0 --- --- ------------------------------------------------------------------------------------- 44.1 60.8 3 28.6 14 646.6 0.0 8.39 0.0 0.0 --- --- Max >= 90.0: 0 Max <= 32.0: 0 Min <= 32.0: 3 Min <= 0.0: 0 Max Rain: 0.89 ON 01/23/20 Days of Rain: 27 (>.01 in) 22 (>.1 in) 0 (>1 in) Heat Base: 65.0 Cool Base: 65.0 Method: Integration