2023: Jan | Feb | Mar | Apr | May | Jun | Jul | Aug | Sep | Oct | Nov | Dec 
2022: Jan | Feb | Mar | Apr | May | Jun | Jul | Aug | Sep | Oct | Nov | Dec 
2021: Jan | Feb | Mar | Apr | May | Jun | Jul | Aug | Sep | Oct | Nov | Dec 
2020: Jan | Feb | Mar | Apr | May | Jun | Jul | Aug | Sep | Oct | Nov | Dec 
2019: Jan | Feb | Mar | Apr | May | Jun | Jul | Aug | Sep | Oct | Nov | Dec 

Report for 2020 02
MONTHLY CLIMATOLOGICAL SUMMARY for FEB. 2020 NAME: Chucks Weather CITY: Renton STATE: WA ELEV: 340 ft LAT: 47 27' 45" N LONG: 122 12' 07" W TEMPERATURE (F), RAIN (in), WIND SPEED (mph) HEAT COOL AVG MEAN DEG DEG WIND DOM DAY TEMP HIGH TIME LOW TIME DAYS DAYS RAIN SPEED HIGH TIME DIR ------------------------------------------------------------------------------------ 1 46.9 54.2 12:03a 36.9 11:58p 18.0 0.0 0.89 0.0 0.0 --- --- 2 38.3 48.8 2:42p 32.9 8:28a 26.7 0.0 0.00 0.0 0.0 --- --- 3 37.3 42.3 2:31p 34.7 8:39a 27.7 0.0 0.06 0.0 0.0 --- --- 4 35.1 40.1 11:59p 31.3 4:55a 29.9 0.0 0.26 0.0 0.0 --- --- 5 45.9 49.2 8:11p 40.0 12:01a 19.1 0.0 0.86 0.0 0.0 --- --- 6 48.1 50.7 5:13p 46.1 11:31p 16.9 0.0 0.61 0.0 0.0 --- --- 7 46.9 51.2 12:37p 43.3 7:42p 18.1 0.0 0.40 0.0 0.0 --- --- 8 44.3 48.2 3:24p 42.1 7:33a 20.7 0.0 0.07 0.0 0.0 --- --- 9 41.3 52.7 2:17p 34.8 8:03a 23.7 0.0 0.00 0.0 0.0 --- --- 10 41.3 54.6 2:57p 35.2 12:18a 23.7 0.0 0.00 0.0 0.0 --- --- 11 40.9 44.7 2:16p 35.1 6:05a 24.0 0.0 0.01 0.0 0.0 --- --- 12 45.4 48.7 1:36p 42.3 11:43p 19.6 0.0 0.11 0.0 0.0 --- --- 13 41.8 44.9 4:35p 37.7 5:22a 23.2 0.0 0.03 0.0 0.0 --- --- 14 43.5 50.1 2:42p 40.5 11:55p 21.5 0.0 0.14 0.0 0.0 --- --- 15 43.2 45.9 12:06p 40.5 12:01a 21.8 0.0 0.10 0.0 0.0 --- --- 16 42.4 46.9 2:24p 39.2 7:56a 22.6 0.0 0.01 0.0 0.0 --- --- 17 42.0 56.4 2:55p 35.2 7:39a 23.0 0.0 0.00 0.0 0.0 --- --- 18 38.6 52.4 3:16p 29.4 8:11a 26.4 0.0 0.00 0.0 0.0 --- --- 19 42.5 68.2 3:56p 29.3 7:59a 21.9 0.1 0.00 0.0 0.0 --- --- 20 49.5 68.1 2:39p 41.8 7:34a 15.8 0.2 0.00 0.0 0.0 --- --- 21 45.4 63.1 2:49p 33.5 7:26a 19.6 0.0 0.00 0.0 0.0 --- --- 22 43.4 47.4 4:04p 38.9 3:08a 21.6 0.0 0.00 0.0 0.0 --- --- 23 43.7 49.0 6:53a 40.8 2:09a 21.3 0.0 0.22 0.0 0.0 --- --- 24 42.9 51.1 3:00p 39.4 7:20a 22.1 0.0 0.00 0.0 0.0 --- --- 25 43.8 52.3 2:38p 34.3 6:27a 21.1 0.0 0.00 0.0 0.0 --- --- 26 46.3 53.9 2:38p 42.8 10:59p 18.7 0.0 0.08 0.0 0.0 --- --- 27 46.5 58.4 3:27p 37.2 6:38a 18.5 0.0 0.00 0.0 0.0 --- --- 28 42.3 51.2 2:51p 35.4 5:31a 22.7 0.0 0.12 0.0 0.0 --- --- 29 41.9 49.1 3:47p 34.7 10:55p 23.1 0.0 0.09 0.0 0.0 --- --- ------------------------------------------------------------------------------------- 43.2 68.2 19 29.3 19 633.0 0.3 4.06 0.0 0.0 --- --- Max >= 90.0: 0 Max <= 32.0: 0 Min <= 32.0: 3 Min <= 0.0: 0 Max Rain: 0.89 ON 02/01/20 Days of Rain: 15 (>.01 in) 9 (>.1 in) 0 (>1 in) Heat Base: 65.0 Cool Base: 65.0 Method: Integration