2023: Jan | Feb | Mar | Apr | May | Jun | Jul | Aug | Sep | Oct | Nov | Dec 
2022: Jan | Feb | Mar | Apr | May | Jun | Jul | Aug | Sep | Oct | Nov | Dec 
2021: Jan | Feb | Mar | Apr | May | Jun | Jul | Aug | Sep | Oct | Nov | Dec 
2020: Jan | Feb | Mar | Apr | May | Jun | Jul | Aug | Sep | Oct | Nov | Dec 
2019: Jan | Feb | Mar | Apr | May | Jun | Jul | Aug | Sep | Oct | Nov | Dec 

Report for 2020 03
MONTHLY CLIMATOLOGICAL SUMMARY for MAR. 2020 NAME: Chucks Weather CITY: Renton STATE: WA ELEV: 340 ft LAT: 47 27' 45" N LONG: 122 12' 07" W TEMPERATURE (F), RAIN (in), WIND SPEED (mph) HEAT COOL AVG MEAN DEG DEG WIND DOM DAY TEMP HIGH TIME LOW TIME DAYS DAYS RAIN SPEED HIGH TIME DIR ------------------------------------------------------------------------------------ 1 40.1 47.1 2:40p 32.8 3:02a 24.8 0.0 0.01 0.0 0.0 --- --- 2 44.8 48.4 5:38p 40.5 1:41a 20.2 0.0 0.06 0.0 0.0 --- --- 3 47.7 52.3 12:59p 45.3 6:45p 17.3 0.0 0.17 0.0 0.0 --- --- 4 46.2 54.4 2:58p 42.1 5:03a 18.8 0.0 0.00 0.0 2.0 5:03p S 5 45.8 55.7 2:01p 36.3 5:23a 19.2 0.0 0.25 0.5 11.0 2:30p SSE 6 40.9 43.6 3:38p 38.6 6:02a 24.1 0.0 0.59 0.0 1.0 1:45a WNW 7 40.8 45.6 3:24p 38.4 11:47p 24.1 0.0 0.03 0.0 9.0 3:26p SSE 8 41.3 50.6 3:20p 36.5 5:03a 22.7 0.0 0.00 0.1 9.0 4:34p WNW 9 39.8 53.6 4:06p 29.4 7:46a 25.2 0.0 0.00 0.0 6.0 1:05p WNW 10 43.1 50.1 6:22p 34.1 2:30a 21.9 0.0 0.00 0.6 15.0 11:26p SSE 11 45.6 51.7 2:54p 40.2 12:00m 19.4 0.0 0.10 0.6 15.0 2:14a SSE 12 43.5 54.8 3:54p 38.1 12:46a 21.4 0.0 0.00 0.1 7.0 1:46p WNW 13 37.7 41.9 12:01a 35.4 8:11a 27.3 0.0 0.35 0.1 11.0 6:07p NW 14 38.1 46.7 3:24p 32.6 11:28p 26.9 0.0 0.00 0.1 11.0 3:47p WNW 15 37.8 50.1 4:45p 29.5 1:36a 27.2 0.0 0.01 0.5 16.0 4:13p WNW 16 45.4 59.7 4:35p 36.6 6:27a 19.5 0.0 0.00 0.7 18.0 12:08p NNE 17 42.7 56.8 3:19p 30.3 7:10a 22.2 0.0 0.00 0.2 9.0 1:31p NW 18 44.8 62.3 4:37p 33.9 4:13a 20.2 0.0 0.00 0.4 11.0 11:27a S 19 47.4 66.0 4:42p 32.9 6:32a 17.6 0.0 0.00 0.1 7.0 2:37p NW 20 50.1 67.3 4:54p 35.9 7:10a 14.9 0.0 0.00 0.1 9.0 5:00p NW 21 47.2 59.3 5:36p 39.5 4:41a 17.7 0.0 0.00 0.3 10.0 3:48p NW 22 46.1 60.9 2:19p 35.9 4:31a 18.9 0.0 0.00 0.7 15.0 8:41p S 23 43.8 51.2 1:45p 41.0 7:52p 21.2 0.0 0.12 3.2 19.0 11:01a S 24 43.3 54.8 4:00p 39.9 5:59a 21.7 0.0 0.05 0.7 14.0 1:00a S 25 43.3 55.7 4:47p 38.1 7:35a 21.7 0.0 0.15 0.6 11.0 3:46p NW 26 43.6 48.1 3:52p 39.0 1:37a 21.4 0.0 0.00 2.5 16.0 11:13a S 27 46.0 49.3 5:16p 42.4 7:53a 19.0 0.0 0.02 2.4 14.0 8:59p S 28 49.5 54.4 3:46p 45.2 5:30a 15.5 0.0 0.18 3.7 17.0 1:55p S 29 48.8 56.2 5:38p 45.3 8:42a 16.2 0.0 0.69 3.8 20.0 5:37a S 30 44.4 50.4 1:28p 39.5 9:39a 20.6 0.0 0.50 5.2 23.0 6:49a S 31 43.0 51.9 2:51p 38.9 6:32a 22.0 0.0 0.03 3.9 21.0 3:17p S ------------------------------------------------------------------------------------- 44.0 67.3 20 29.4 9 650.8 0.0 3.31 1.0 23.0 30 S Max >= 90.0: 0 Max <= 32.0: 0 Min <= 32.0: 3 Min <= 0.0: 0 Max Rain: 0.69 ON 03/29/20 Days of Rain: 15 (>.01 in) 9 (>.1 in) 0 (>1 in) Heat Base: 65.0 Cool Base: 65.0 Method: Integration