2023: Jan | Feb | Mar | Apr | May | Jun | Jul | Aug | Sep | Oct | Nov | Dec 
2022: Jan | Feb | Mar | Apr | May | Jun | Jul | Aug | Sep | Oct | Nov | Dec 
2021: Jan | Feb | Mar | Apr | May | Jun | Jul | Aug | Sep | Oct | Nov | Dec 
2020: Jan | Feb | Mar | Apr | May | Jun | Jul | Aug | Sep | Oct | Nov | Dec 
2019: Jan | Feb | Mar | Apr | May | Jun | Jul | Aug | Sep | Oct | Nov | Dec 

Report for 2020 04
MONTHLY CLIMATOLOGICAL SUMMARY for APR. 2020 NAME: Chucks Weather CITY: Renton STATE: WA ELEV: 340 ft LAT: 47 27' 45" N LONG: 122 12' 07" W TEMPERATURE (F), RAIN (in), WIND SPEED (mph) HEAT COOL AVG MEAN DEG DEG WIND DOM DAY TEMP HIGH TIME LOW TIME DAYS DAYS RAIN SPEED HIGH TIME DIR ------------------------------------------------------------------------------------ 1 43.9 54.6 4:36p 38.0 11:36p 21.1 0.0 0.01 1.6 12.0 4:48p SSE 2 42.7 51.3 4:30p 35.4 4:27a 22.3 0.0 0.00 2.6 17.0 6:47p S 3 42.6 51.2 2:44p 38.3 7:28a 22.4 0.0 0.00 4.4 25.0 5:25p S 4 44.7 57.7 5:24p 33.9 5:24a 20.2 0.0 0.00 1.8 14.0 2:14p E 5 48.0 56.4 4:23p 43.2 6:54a 16.9 0.0 0.00 2.5 13.0 12:54p N 6 50.1 65.3 4:30p 37.7 6:46a 14.8 0.0 0.00 1.5 12.0 3:21p WNW 7 48.7 61.0 5:45p 38.7 6:12a 16.2 0.0 0.00 1.9 14.0 2:02p SE 8 50.4 65.6 3:42p 36.5 6:28a 14.6 0.0 0.00 2.0 14.0 4:43p NNE 9 54.7 71.7 4:43p 39.7 6:34a 11.1 0.8 0.00 1.6 13.0 4:15p WNW 10 53.7 68.1 3:27p 42.0 5:56a 11.4 0.1 0.00 1.9 13.0 5:29p S 11 50.6 63.4 4:34p 43.3 11:59p 14.4 0.0 0.00 2.5 15.0 5:57p S 12 48.3 62.3 4:47p 34.3 6:58a 16.7 0.0 0.00 2.0 17.0 5:42p E 13 50.8 67.7 5:14p 33.7 6:31a 14.2 0.1 0.00 1.5 12.0 3:04p W 14 53.3 66.8 4:38p 40.8 6:32a 11.7 0.1 0.00 2.5 14.0 3:21p S 15 55.9 68.4 4:49p 49.4 5:27a 9.3 0.2 0.00 2.3 12.0 12:27a WNW 16 56.7 73.5 5:03p 41.5 5:54a 9.7 1.5 0.00 1.4 14.0 1:51p N 17 56.6 72.8 4:05p 40.8 6:51a 9.6 1.2 0.00 1.2 10.0 1:37p N 18 52.8 57.6 6:14p 48.2 8:18a 12.2 0.0 0.06 0.9 9.0 7:03a S 19 55.1 65.3 6:04p 48.9 4:45a 9.9 0.0 0.00 1.7 12.0 2:14p S 20 55.3 69.4 4:59p 43.8 5:58a 10.0 0.3 0.00 1.1 12.0 6:53p W 21 52.1 57.7 5:26p 47.2 7:49a 12.9 0.0 0.00 2.3 13.0 7:09a S 22 51.5 54.0 5:15p 48.8 6:20a 13.5 0.0 0.54 1.3 14.0 7:50p S 23 52.4 60.5 4:17p 47.7 6:05a 12.5 0.0 0.32 2.4 14.0 12:38a S 24 54.4 60.6 4:26p 46.9 6:18a 10.6 0.0 0.00 0.8 8.0 12:30p WNW 25 54.9 63.3 3:19p 50.2 11:58p 10.1 0.0 0.26 3.7 27.0 1:51p SSW 26 54.4 63.6 5:40p 46.2 6:39a 10.6 0.0 0.04 2.1 15.0 9:13p SE 27 55.5 63.9 2:37p 50.0 1:34a 9.5 0.0 0.14 3.9 23.0 12:50p SW 28 53.8 64.7 5:24p 44.6 5:17a 11.2 0.0 0.00 1.4 11.0 12:54p SSE 29 57.7 70.6 4:48p 49.5 6:14a 8.0 0.7 0.01 2.8 21.0 7:40p SSW 30 53.5 60.7 4:31p 49.0 11:52p 11.5 0.0 0.00 3.6 18.0 2:35p SSW ------------------------------------------------------------------------------------- 51.8 73.5 16 33.7 13 399.1 5.0 1.38 2.1 27.0 25 S Max >= 90.0: 0 Max <= 32.0: 0 Min <= 32.0: 0 Min <= 0.0: 0 Max Rain: 0.54 ON 04/22/20 Days of Rain: 6 (>.01 in) 4 (>.1 in) 0 (>1 in) Heat Base: 65.0 Cool Base: 65.0 Method: Integration