2023: Jan | Feb | Mar | Apr | May | Jun | Jul | Aug | Sep | Oct | Nov | Dec 
2022: Jan | Feb | Mar | Apr | May | Jun | Jul | Aug | Sep | Oct | Nov | Dec 
2021: Jan | Feb | Mar | Apr | May | Jun | Jul | Aug | Sep | Oct | Nov | Dec 
2020: Jan | Feb | Mar | Apr | May | Jun | Jul | Aug | Sep | Oct | Nov | Dec 
2019: Jan | Feb | Mar | Apr | May | Jun | Jul | Aug | Sep | Oct | Nov | Dec 

Report for 2020 05
MONTHLY CLIMATOLOGICAL SUMMARY for MAY. 2020 NAME: Chucks Weather CITY: Renton STATE: WA ELEV: 340 ft LAT: 47 27' 45" N LONG: 122 12' 07" W TEMPERATURE (F), RAIN (in), WIND SPEED (mph) HEAT COOL AVG MEAN DEG DEG WIND DOM DAY TEMP HIGH TIME LOW TIME DAYS DAYS RAIN SPEED HIGH TIME DIR ------------------------------------------------------------------------------------ 1 54.7 67.1 4:11p 41.0 6:22a 10.4 0.1 0.00 1.5 12.0 1:25p E 2 52.9 57.2 10:02a 47.4 11:54p 12.1 0.0 0.40 2.9 22.0 3:55p S 3 49.7 59.6 3:28p 43.6 6:35a 15.3 0.0 0.04 4.0 19.0 1:12p S 4 52.9 68.2 2:36p 38.1 5:58a 12.2 0.1 0.00 1.5 14.0 6:09p E 5 60.0 74.1 5:04p 50.5 4:46a 6.5 1.5 0.03 2.0 16.0 9:11p WNW 6 53.8 62.2 4:23p 47.8 5:12a 11.2 0.0 0.02 3.8 23.0 2:33p S 7 55.7 70.6 5:05p 40.4 5:39a 10.1 0.7 0.00 2.8 16.0 2:49p NNE 8 67.4 85.6 4:54p 49.2 5:44a 5.0 7.4 0.00 4.0 19.0 7:03p ENE 9 74.5 89.9 3:31p 56.4 6:12a 0.9 10.4 0.00 3.1 17.0 9:38a NE 10 75.6 92.3 3:45p 58.0 6:08a 0.9 11.5 0.00 2.5 16.0 11:48a NE 11 63.4 76.1 1:20p 54.7 11:50p 3.6 2.0 0.02 2.5 18.0 2:44p S 12 57.4 67.0 3:08p 50.6 5:26a 7.7 0.0 0.04 2.1 17.0 5:05p SE 13 57.1 67.7 4:24p 51.8 6:30a 7.9 0.1 0.02 2.8 16.0 10:25a SSE 14 57.5 69.7 5:44p 50.0 7:38a 7.9 0.4 0.13 1.5 14.0 8:17p SSE 15 59.7 71.2 4:39p 52.1 5:51a 6.2 0.9 0.00 2.0 13.0 11:55a S 16 57.3 62.0 5:21p 53.5 1:49a 7.7 0.0 0.37 1.5 13.0 3:44p ENE 17 59.0 70.9 4:37p 53.0 5:12a 6.6 0.6 0.14 1.9 15.0 6:54p SSE 18 59.0 70.9 6:41p 50.9 5:24a 6.6 0.6 0.00 1.7 12.0 1:43p N 19 57.2 64.3 6:15p 52.5 3:35a 7.8 0.0 0.00 1.9 12.0 9:42p S 20 54.0 58.1 7:16p 49.7 5:52a 11.0 0.0 0.00 2.9 20.0 8:11p S 21 50.9 59.1 3:21p 46.9 7:23a 14.1 0.0 0.21 3.1 16.0 1:56a SSE 22 53.1 60.9 4:12p 47.1 1:20a 11.9 0.0 0.02 3.5 19.0 3:22p SSE 23 55.6 66.0 6:01p 49.5 2:37a 9.4 0.0 0.01 1.1 10.0 3:05p SE 24 60.4 72.8 4:37p 50.3 5:45a 5.9 1.3 0.00 1.4 12.0 2:43p E 25 58.9 63.1 3:48p 55.9 6:42a 6.1 0.0 0.14 1.4 13.0 2:32p S 26 58.4 68.7 6:16p 52.3 6:26a 6.8 0.2 0.01 1.1 8.0 1:40a WNW 27 62.1 77.7 5:12p 47.4 5:30a 6.0 3.1 0.00 1.8 14.0 2:32p NNE 28 69.0 84.8 4:54p 55.7 6:13a 2.1 6.1 0.00 1.4 12.0 1:27p NE 29 68.3 80.9 3:58p 60.5 6:48a 1.0 4.3 0.00 1.7 12.0 1:46p N 30 54.8 60.6 12:01a 50.7 11:44p 10.2 0.0 0.95 2.0 16.0 6:09p N 31 54.7 64.9 4:41p 49.0 5:35a 10.3 0.0 0.15 3.0 15.0 3:24a SE ------------------------------------------------------------------------------------- 58.9 92.3 10 38.1 4 241.4 51.3 2.70 2.3 23.0 6 S Max >= 90.0: 1 Max <= 32.0: 0 Min <= 32.0: 0 Min <= 0.0: 0 Max Rain: 0.95 ON 05/30/20 Days of Rain: 15 (>.01 in) 8 (>.1 in) 0 (>1 in) Heat Base: 65.0 Cool Base: 65.0 Method: Integration