2023: Jan | Feb | Mar | Apr | May | Jun | Jul | Aug | Sep | Oct | Nov | Dec 
2022: Jan | Feb | Mar | Apr | May | Jun | Jul | Aug | Sep | Oct | Nov | Dec 
2021: Jan | Feb | Mar | Apr | May | Jun | Jul | Aug | Sep | Oct | Nov | Dec 
2020: Jan | Feb | Mar | Apr | May | Jun | Jul | Aug | Sep | Oct | Nov | Dec 
2019: Jan | Feb | Mar | Apr | May | Jun | Jul | Aug | Sep | Oct | Nov | Dec 

Report for 2020 06
MONTHLY CLIMATOLOGICAL SUMMARY for JUN. 2020 NAME: Chucks Weather CITY: Renton STATE: WA ELEV: 340 ft LAT: 47 27' 45" N LONG: 122 12' 07" W TEMPERATURE (F), RAIN (in), WIND SPEED (mph) HEAT COOL AVG MEAN DEG DEG WIND DOM DAY TEMP HIGH TIME LOW TIME DAYS DAYS RAIN SPEED HIGH TIME DIR ------------------------------------------------------------------------------------ 1 59.0 72.5 5:19p 49.0 4:04a 7.0 1.1 0.00 1.6 12.0 5:26p NNE 2 56.9 66.3 12:16p 48.5 5:09a 8.1 0.1 0.00 1.5 14.0 3:34p SSW 3 58.1 70.2 5:31p 50.0 4:36a 7.1 0.3 0.00 1.6 11.0 10:04p N 4 60.5 72.1 5:43p 53.7 4:11a 5.4 0.9 0.00 1.5 12.0 10:25p NE 5 57.5 66.4 5:51p 50.9 5:59a 7.6 0.1 0.12 1.7 13.0 1:31a NNE 6 55.4 63.6 12:54p 49.6 5:48a 9.6 0.0 0.03 3.1 18.0 1:52p S 7 55.8 65.2 3:42p 49.9 6:40a 9.2 0.0 0.04 2.8 16.0 10:15p S 8 56.9 64.6 3:54p 51.5 6:05a 8.1 0.0 0.00 4.5 24.0 7:01p S 9 56.2 62.6 2:56p 50.9 5:52a 8.8 0.0 0.34 2.2 13.0 2:11p E 10 63.4 74.2 2:54p 56.2 2:38a 3.5 1.9 0.01 1.9 16.0 3:31p WNW 11 63.3 73.5 5:52p 58.1 8:36a 3.2 1.5 0.17 1.3 11.0 6:20p S 12 57.1 62.4 12:01a 53.0 2:02p 7.9 0.0 0.34 1.8 14.0 11:29a S 13 55.8 63.9 3:26p 52.1 6:22a 9.2 0.0 0.06 2.7 19.0 3:29p S 14 57.4 68.5 5:17p 49.7 6:12a 7.8 0.2 0.00 2.8 15.0 1:14p S 15 56.1 61.8 4:50p 53.0 6:52a 8.9 0.0 0.44 2.6 14.0 12:46p E 16 57.9 70.4 5:44p 51.1 5:12a 7.5 0.4 0.06 1.5 14.0 4:36p E 17 61.5 74.9 5:25p 49.7 4:52a 5.5 2.0 0.00 1.4 12.0 12:51p ESE 18 64.7 78.7 4:34p 50.8 5:38a 4.2 3.9 0.00 1.5 16.0 4:49p NNE 19 68.8 81.9 5:04p 55.0 5:29a 2.5 6.3 0.00 1.0 10.0 2:26p ENE 20 65.6 75.3 4:48p 61.5 11:58p 0.8 1.5 0.00 2.3 20.0 5:50p S 21 63.6 73.1 5:10p 58.0 11:55p 2.8 1.4 0.01 2.5 16.0 2:17p S 22 66.1 82.3 5:51p 51.9 4:49a 3.9 5.0 0.00 1.6 12.0 5:35p NNE 23 70.7 85.9 3:33p 59.0 5:24a 1.2 6.9 0.00 1.3 12.0 3:19p NE 24 68.4 78.0 5:17p 61.5 7:07a 0.4 3.8 0.00 2.0 16.0 12:20p N 25 69.1 82.8 5:16p 58.2 6:01a 1.7 5.8 0.00 1.6 13.0 4:36p WNW 26 69.6 84.4 3:49p 58.4 5:35a 1.0 5.6 0.00 1.8 13.0 9:15p NE 27 59.3 64.3 12:04a 54.9 11:58p 5.7 0.0 0.18 2.1 17.0 5:13p SW 28 59.9 73.1 6:01p 52.1 2:37a 6.3 1.2 0.40 1.8 11.0 1:09p W 29 61.2 72.5 4:23p 54.1 4:05a 4.9 1.1 0.00 2.8 18.0 4:01p S 30 58.5 65.1 2:51p 54.1 9:41a 6.5 0.0 0.06 3.8 19.0 4:13p S ------------------------------------------------------------------------------------- 61.1 85.9 23 48.5 2 166.3 51.0 2.26 2.1 24.0 8 S Max >= 90.0: 0 Max <= 32.0: 0 Min <= 32.0: 0 Min <= 0.0: 0 Max Rain: 0.44 ON 06/15/20 Days of Rain: 12 (>.01 in) 7 (>.1 in) 0 (>1 in) Heat Base: 65.0 Cool Base: 65.0 Method: Integration