2023: Jan | Feb | Mar | Apr | May | Jun | Jul | Aug | Sep | Oct | Nov | Dec 
2022: Jan | Feb | Mar | Apr | May | Jun | Jul | Aug | Sep | Oct | Nov | Dec 
2021: Jan | Feb | Mar | Apr | May | Jun | Jul | Aug | Sep | Oct | Nov | Dec 
2020: Jan | Feb | Mar | Apr | May | Jun | Jul | Aug | Sep | Oct | Nov | Dec 
2019: Jan | Feb | Mar | Apr | May | Jun | Jul | Aug | Sep | Oct | Nov | Dec 

Report for 2020 08
MONTHLY CLIMATOLOGICAL SUMMARY for AUG. 2020 NAME: Chucks Weather CITY: Renton STATE: WA ELEV: 340 ft LAT: 47 27' 45" N LONG: 122 12' 07" W TEMPERATURE (F), RAIN (in), WIND SPEED (mph) HEAT COOL AVG MEAN DEG DEG WIND DOM DAY TEMP HIGH TIME LOW TIME DAYS DAYS RAIN SPEED HIGH TIME DIR ------------------------------------------------------------------------------------ 1 66.4 79.2 5:31p 59.5 3:27a 2.0 3.4 0.00 1.6 10.0 1:17p SW 2 69.4 83.5 4:35p 58.2 6:29a 1.6 6.0 0.00 2.2 15.0 3:09p ESE 3 70.0 84.7 5:08p 60.2 5:30a 0.9 5.9 0.00 2.2 14.0 2:02p SE 4 71.7 85.5 5:18p 61.5 6:31a 0.4 7.1 0.00 2.3 13.0 12:43p NE 5 70.0 84.1 4:36p 59.7 5:59a 0.9 5.9 0.00 2.3 15.0 9:38p ENE 6 62.5 71.7 2:21p 58.0 10:59a 2.9 0.3 0.05 3.0 23.0 1:43p SE 7 65.5 77.4 5:05p 58.8 5:30a 2.3 2.8 0.00 2.4 13.0 2:00p SSE 8 62.3 70.1 5:37p 58.2 9:13a 3.3 0.5 0.04 1.3 12.0 6:00p WNW 9 64.9 79.1 5:31p 51.7 6:19a 3.9 3.8 0.00 2.1 18.0 3:17p ENE 10 68.5 83.4 5:25p 56.0 4:59a 2.3 5.9 0.00 2.0 12.0 12:32p ENE 11 65.1 77.3 5:08p 58.3 6:28a 2.2 2.3 0.00 2.5 19.0 4:07p S 12 61.6 72.7 5:49p 55.7 4:37a 4.4 1.1 0.00 1.8 12.0 2:49p E 13 63.0 77.9 5:01p 49.7 6:26a 5.0 3.0 0.00 1.7 10.0 2:34p E 14 66.9 82.3 5:56p 52.2 6:38a 3.5 5.4 0.00 2.0 12.0 1:23p ENE 15 72.6 89.3 4:59p 58.4 5:34a 1.3 8.9 0.00 2.1 12.0 12:35p N 16 78.9 97.3 5:05p 61.4 6:01a 0.3 14.2 0.00 1.5 10.0 12:42p E 17 76.7 91.1 4:31p 65.7 8:17a 0.0 11.7 0.00 2.1 13.0 1:27p SE 18 70.5 82.7 5:35p 62.8 6:52a 0.3 5.7 0.00 2.3 14.0 6:37a S 19 70.4 85.3 5:05p 58.3 5:48a 1.3 6.7 0.00 1.8 12.0 9:57p E 20 70.8 82.4 5:09p 63.4 6:44a 0.2 6.0 0.06 2.1 10.0 12:18a S 21 66.8 70.9 10:59a 60.1 11:58p 0.3 2.1 0.08 3.1 17.0 1:07p S 22 65.6 76.7 3:40p 58.5 7:21a 2.1 2.8 0.01 2.4 15.0 3:28p NNE 23 64.7 79.1 4:10p 52.0 6:43a 3.7 3.3 0.00 2.0 13.0 1:18p NNE 24 65.2 77.9 4:00p 54.6 6:34a 3.0 3.2 0.00 1.6 10.0 3:26p NE 25 65.2 80.0 4:55p 52.0 6:28a 3.6 3.9 0.00 1.7 13.0 1:40p ENE 26 65.6 79.3 4:39p 53.6 6:46a 3.1 3.7 0.00 1.8 11.0 1:29p ENE 27 66.7 81.4 3:37p 52.9 6:45a 3.3 4.9 0.00 1.5 12.0 4:17p ENE 28 66.5 82.1 4:25p 53.7 6:31a 2.8 4.3 0.00 1.5 11.0 6:33p NE 29 64.0 72.8 5:39p 57.4 5:06a 2.4 1.4 0.00 1.5 10.0 11:48a NNE 30 61.5 75.4 4:04p 50.2 6:47a 5.5 2.0 0.00 1.7 12.0 4:10p ESE 31 62.0 72.8 4:31p 54.3 4:07a 4.2 1.2 0.03 1.5 10.0 3:24p WNW ------------------------------------------------------------------------------------- 67.1 97.3 16 49.7 13 73.0 139.4 0.27 2.0 23.0 6 NNE Max >= 90.0: 2 Max <= 32.0: 0 Min <= 32.0: 0 Min <= 0.0: 0 Max Rain: 0.08 ON 08/21/20 Days of Rain: 5 (>.01 in) 0 (>.1 in) 0 (>1 in) Heat Base: 65.0 Cool Base: 65.0 Method: Integration