2023: Jan | Feb | Mar | Apr | May | Jun | Jul | Aug | Sep | Oct | Nov | Dec 
2022: Jan | Feb | Mar | Apr | May | Jun | Jul | Aug | Sep | Oct | Nov | Dec 
2021: Jan | Feb | Mar | Apr | May | Jun | Jul | Aug | Sep | Oct | Nov | Dec 
2020: Jan | Feb | Mar | Apr | May | Jun | Jul | Aug | Sep | Oct | Nov | Dec 
2019: Jan | Feb | Mar | Apr | May | Jun | Jul | Aug | Sep | Oct | Nov | Dec 

Report for 2020 09
MONTHLY CLIMATOLOGICAL SUMMARY for SEP. 2020 NAME: Chucks Weather CITY: Renton STATE: WA ELEV: 340 ft LAT: 47 27' 45" N LONG: 122 12' 07" W TEMPERATURE (F), RAIN (in), WIND SPEED (mph) HEAT COOL AVG MEAN DEG DEG WIND DOM DAY TEMP HIGH TIME LOW TIME DAYS DAYS RAIN SPEED HIGH TIME DIR ------------------------------------------------------------------------------------ 1 69.1 83.3 5:02p 57.4 6:08a 1.9 6.0 0.00 1.3 11.0 1:54p WSW 2 69.1 81.5 3:27p 58.2 6:54a 1.2 5.3 0.00 1.8 14.0 3:37p SSE 3 69.6 86.1 3:33p 56.7 6:41a 1.8 6.4 0.00 2.0 12.0 3:14p N 4 69.3 85.2 4:26p 56.7 6:28a 1.8 6.0 0.00 1.7 13.0 7:12p ENE 5 64.5 75.8 3:51p 57.7 7:35a 2.6 2.1 0.00 1.4 9.0 1:25a W 6 67.0 82.0 3:59p 56.2 4:20a 2.8 4.9 0.00 1.6 11.0 4:30p ENE 7 70.8 85.9 4:46p 60.5 5:37a 0.9 6.7 0.00 2.9 19.0 9:39p NNE 8 71.7 86.8 3:56p 63.8 11:04p 0.1 6.8 0.00 4.1 20.0 1:53a ENE 9 72.4 91.7 3:37p 56.8 6:08a 1.9 9.3 0.00 2.8 15.0 5:05p NE 10 74.1 93.4 4:03p 57.8 7:02a 1.0 10.1 0.00 1.5 12.0 3:16p ENE 11 65.4 76.0 4:32p 56.6 7:03a 2.5 2.9 0.00 1.6 11.0 1:40p SSE 12 56.6 62.3 4:09p 52.7 7:48a 8.4 0.0 0.00 0.8 6.0 9:42a WNW 13 57.5 67.0 5:21p 48.7 6:56a 7.6 0.1 0.00 0.6 8.0 2:19p NE 14 63.0 70.4 4:55p 57.5 5:25a 3.1 1.1 0.00 0.7 6.0 3:40p WNW 15 67.2 79.2 3:33p 60.5 2:32a 1.4 3.5 0.04 1.2 10.0 5:03p WNW 16 65.6 72.2 3:13p 59.8 6:56a 1.4 1.9 0.01 1.0 8.0 3:18p NE 17 65.3 74.1 2:56p 58.6 6:27a 1.8 2.1 0.00 1.2 10.0 1:15p ENE 18 63.1 66.8 10:14a 60.4 3:14a 2.0 0.1 0.10 1.7 11.0 9:32a E 19 63.1 72.4 4:04p 59.2 8:15a 3.0 1.1 0.05 2.5 17.0 2:41p SW 20 62.5 72.1 3:51p 57.6 11:37p 3.6 1.2 0.07 1.1 10.0 4:26p N 21 61.3 70.6 5:03p 52.7 6:39a 4.7 1.0 0.00 1.0 9.0 3:57p ESE 22 64.6 73.8 3:14p 59.5 8:09a 2.1 1.7 0.02 1.6 12.0 2:31p SW 23 60.3 62.4 4:10p 58.2 5:57a 4.7 0.0 0.89 3.7 19.0 2:18p SE 24 60.2 66.5 12:30p 57.1 10:50p 4.8 0.0 0.11 4.9 23.0 1:07a S 25 57.9 63.2 3:23p 54.7 9:57a 7.1 0.0 0.70 4.1 24.0 2:48p SE 26 57.7 64.4 12:09p 52.3 6:46a 7.3 0.0 0.01 3.6 17.0 2:18p S 27 59.5 70.7 4:00p 51.7 7:14a 6.3 0.7 0.00 1.5 12.0 1:54p NNE 28 61.0 76.4 3:58p 50.9 3:57a 6.0 2.0 0.01 1.8 11.0 5:12p NNE 29 63.5 79.1 4:43p 54.6 7:38a 4.5 3.0 0.00 2.0 12.0 10:42a WNW 30 62.6 76.4 3:20p 53.2 6:58a 4.6 2.2 0.00 0.9 7.0 5:24p E ------------------------------------------------------------------------------------- 64.5 93.4 10 48.7 13 102.9 88.2 2.01 2.0 24.0 25 ENE Max >= 90.0: 2 Max <= 32.0: 0 Min <= 32.0: 0 Min <= 0.0: 0 Max Rain: 0.89 ON 09/23/20 Days of Rain: 8 (>.01 in) 3 (>.1 in) 0 (>1 in) Heat Base: 65.0 Cool Base: 65.0 Method: Integration