2023: Jan | Feb | Mar | Apr | May | Jun | Jul | Aug | Sep | Oct | Nov | Dec 
2022: Jan | Feb | Mar | Apr | May | Jun | Jul | Aug | Sep | Oct | Nov | Dec 
2021: Jan | Feb | Mar | Apr | May | Jun | Jul | Aug | Sep | Oct | Nov | Dec 
2020: Jan | Feb | Mar | Apr | May | Jun | Jul | Aug | Sep | Oct | Nov | Dec 
2019: Jan | Feb | Mar | Apr | May | Jun | Jul | Aug | Sep | Oct | Nov | Dec 

Report for 2020 10
MONTHLY CLIMATOLOGICAL SUMMARY for OCT. 2020 NAME: Chucks Weather CITY: Renton STATE: WA ELEV: 340 ft LAT: 47 27' 45" N LONG: 122 12' 07" W TEMPERATURE (F), RAIN (in), WIND SPEED (mph) HEAT COOL AVG MEAN DEG DEG WIND DOM DAY TEMP HIGH TIME LOW TIME DAYS DAYS RAIN SPEED HIGH TIME DIR ------------------------------------------------------------------------------------ 1 61.1 72.2 4:49p 55.1 5:22a 4.9 1.0 0.00 0.9 7.0 2:22p WNW 2 60.9 73.7 4:57p 53.5 4:15a 5.6 1.5 0.01 0.7 7.0 2:02p NNE 3 56.7 60.1 4:21p 54.4 3:26a 8.3 0.0 0.01 1.0 6.0 12:36p S 4 58.2 61.5 3:20p 55.0 1:54a 6.8 0.0 0.01 0.7 9.0 1:47p WSW 5 60.0 69.2 3:19p 54.1 6:23a 5.5 0.4 0.00 1.4 11.0 1:59p N 6 60.6 73.7 3:33p 53.7 5:51a 5.7 1.3 0.00 1.3 11.0 5:08p N 7 58.4 63.9 4:04p 53.8 6:06a 6.6 0.0 0.00 1.0 9.0 4:12p SE 8 60.2 66.9 3:30p 56.0 7:50a 4.9 0.1 0.00 1.9 11.0 12:18p S 9 61.5 68.3 2:54p 57.7 3:44a 3.8 0.3 0.38 1.6 14.0 12:00m S 10 56.4 61.3 2:19p 52.1 12:00m 8.6 0.0 0.55 4.7 25.0 1:37p S 11 53.9 58.6 11:02p 50.5 2:30a 11.1 0.0 0.51 4.0 23.0 5:40p S 12 56.0 62.3 3:03p 52.3 11:13p 9.0 0.0 0.00 3.6 24.0 12:27a S 13 55.5 62.5 2:28p 48.1 4:59a 9.5 0.0 0.50 5.5 31.0 4:26p SSW 14 55.6 64.2 2:30p 49.7 12:00m 9.4 0.0 0.00 3.1 14.0 12:15a S 15 52.5 61.8 2:35p 43.4 7:31a 12.5 0.0 0.00 1.2 11.0 12:55p E 16 58.4 62.9 5:00p 50.8 1:28a 6.6 0.0 0.01 4.0 30.0 1:34p S 17 54.2 58.3 12:01a 51.7 7:54a 10.8 0.0 0.16 2.0 12.0 12:31a S 18 57.4 62.7 1:40p 51.8 4:02a 7.6 0.0 0.03 4.0 21.0 7:16a S 19 54.5 59.4 12:46p 50.2 11:11p 10.5 0.0 0.15 2.6 17.0 12:28a S 20 52.3 61.1 2:50p 46.7 12:00m 12.7 0.0 0.03 1.1 11.0 2:59p E 21 47.0 53.2 3:49p 41.2 11:59p 18.0 0.0 0.39 1.5 11.0 11:37a E 22 44.4 54.7 2:29p 37.7 3:45a 20.6 0.0 0.00 1.0 10.0 2:45p E 23 43.7 48.7 6:27p 38.2 2:32a 21.3 0.0 0.19 1.9 17.0 10:46p SE 24 44.1 51.9 2:56p 36.5 11:25p 20.9 0.0 0.02 3.5 19.0 12:35p NNE 25 39.8 52.1 2:53p 31.6 8:17a 25.2 0.0 0.00 1.9 11.0 10:49a ENE 26 42.7 50.0 3:00p 33.7 12:54a 22.3 0.0 0.00 1.0 10.0 11:33a WNW 27 49.4 58.4 3:33p 44.6 8:12a 15.6 0.0 0.00 1.2 9.0 1:44p ENE 28 50.8 58.4 2:58p 43.5 1:16a 14.2 0.0 0.00 1.3 10.0 2:18p WNW 29 53.5 61.1 3:19p 47.0 11:57p 11.5 0.0 0.04 1.3 11.0 3:09p SE 30 53.3 61.1 2:43p 45.7 1:54a 11.7 0.0 0.03 3.8 22.0 4:00a S 31 47.0 56.8 2:14p 38.3 7:56a 18.0 0.0 0.00 1.5 10.0 2:49p E ------------------------------------------------------------------------------------- 53.5 73.7 2 31.6 25 359.7 4.6 3.02 2.1 31.0 13 S Max >= 90.0: 0 Max <= 32.0: 0 Min <= 32.0: 1 Min <= 0.0: 0 Max Rain: 0.55 ON 10/10/20 Days of Rain: 13 (>.01 in) 8 (>.1 in) 0 (>1 in) Heat Base: 65.0 Cool Base: 65.0 Method: Integration