2023: Jan | Feb | Mar | Apr | May | Jun | Jul | Aug | Sep | Oct | Nov | Dec 
2022: Jan | Feb | Mar | Apr | May | Jun | Jul | Aug | Sep | Oct | Nov | Dec 
2021: Jan | Feb | Mar | Apr | May | Jun | Jul | Aug | Sep | Oct | Nov | Dec 
2020: Jan | Feb | Mar | Apr | May | Jun | Jul | Aug | Sep | Oct | Nov | Dec 
2019: Jan | Feb | Mar | Apr | May | Jun | Jul | Aug | Sep | Oct | Nov | Dec 

Report for 2020 11
MONTHLY CLIMATOLOGICAL SUMMARY for NOV. 2020 NAME: Chucks Weather CITY: Renton STATE: WA ELEV: 340 ft LAT: 47 27' 45" N LONG: 122 12' 07" W TEMPERATURE (F), RAIN (in), WIND SPEED (mph) HEAT COOL AVG MEAN DEG DEG WIND DOM DAY TEMP HIGH TIME LOW TIME DAYS DAYS RAIN SPEED HIGH TIME DIR ------------------------------------------------------------------------------------ 1 48.0 59.8 2:27p 40.7 7:26a 17.0 0.0 0.00 1.5 11.0 12:33a E 2 50.7 66.3 2:27p 39.3 6:34a 14.3 0.0 0.00 1.1 9.0 1:56p ESE 3 52.1 59.1 11:32p 44.6 7:26a 12.9 0.0 0.95 1.8 10.0 10:25p SE 4 62.0 66.8 3:24p 58.4 1:14a 3.2 0.2 0.13 5.2 29.0 9:28p S 5 51.8 60.2 12:01a 45.2 10:20p 13.2 0.0 0.46 3.4 22.0 2:57a S 6 44.9 50.1 1:45p 37.1 11:51p 20.1 0.0 0.02 2.6 18.0 5:37a ENE 7 39.2 43.7 6:41p 35.1 1:53a 25.8 0.0 0.01 1.4 13.0 3:05p ENE 8 37.5 48.6 1:04p 29.1 7:25a 27.5 0.0 0.00 1.6 16.0 2:16p ENE 9 36.6 43.6 1:54p 29.2 5:13a 28.4 0.0 0.10 2.0 19.0 11:40p ESE 10 42.8 45.7 11:44a 36.6 11:59p 22.2 0.0 0.12 2.4 23.0 12:18a S 11 40.5 47.2 1:42p 35.0 12:36a 24.5 0.0 0.00 0.8 7.0 8:55p NE 12 43.5 50.6 2:35p 38.9 7:57a 21.5 0.0 0.27 2.4 21.0 3:50p ESE 13 46.5 52.3 1:29p 42.6 11:39p 18.5 0.0 0.39 6.4 31.0 1:07p S 14 43.9 48.5 11:47a 40.6 7:17a 21.1 0.0 0.44 3.4 17.0 5:16a S 15 48.1 52.7 1:01p 45.9 12:06a 16.8 0.0 0.37 5.2 20.0 2:29a S 16 46.3 48.7 12:00m 44.5 6:32a 18.7 0.0 0.27 1.0 8.0 11:07p NNE 17 53.2 63.2 11:57a 46.8 11:55p 11.8 0.0 0.30 5.7 30.0 11:05a S 18 45.9 48.8 1:22p 44.1 10:54p 19.1 0.0 0.28 3.5 24.0 4:49p S 19 44.7 48.6 1:21p 42.1 7:52a 20.3 0.0 0.19 3.7 17.0 7:29a S 20 47.2 51.3 11:09a 43.7 12:58a 17.8 0.0 0.04 2.4 14.0 7:06p ESE 21 46.8 54.0 1:35p 40.8 10:26p 18.2 0.0 0.01 1.2 10.0 12:50p NNE 22 40.9 44.8 12:35p 34.3 6:45a 24.1 0.0 0.15 1.4 9.0 10:49p S 23 44.2 46.5 3:57p 42.1 6:46a 20.8 0.0 0.10 2.8 20.0 8:25a SE 24 45.8 52.8 11:57a 43.3 11:48p 19.2 0.0 0.19 4.2 26.0 12:15p S 25 44.5 47.9 2:38p 42.5 4:21a 20.5 0.0 0.09 2.9 18.0 3:26a S 26 45.9 50.1 12:29p 43.4 6:00a 19.1 0.0 0.03 2.6 14.0 12:46p SE 27 47.0 53.4 12:43p 44.4 8:57a 18.0 0.0 0.00 2.4 14.0 11:39p SE 28 43.9 47.5 3:22p 35.2 11:57p 21.1 0.0 0.09 1.1 10.0 12:04a E 29 36.6 43.8 9:29p 31.3 8:02a 28.4 0.0 0.01 1.1 9.0 9:06p S 30 45.0 51.5 1:00p 39.5 12:00m 20.0 0.0 0.37 4.9 27.0 5:43a S ------------------------------------------------------------------------------------- 45.5 66.8 4 29.1 8 584.1 0.2 5.38 2.7 31.0 13 S Max >= 90.0: 0 Max <= 32.0: 0 Min <= 32.0: 3 Min <= 0.0: 0 Max Rain: 0.95 ON 11/03/20 Days of Rain: 22 (>.01 in) 15 (>.1 in) 0 (>1 in) Heat Base: 65.0 Cool Base: 65.0 Method: Integration