2023: Jan | Feb | Mar | Apr | May | Jun | Jul | Aug | Sep | Oct | Nov | Dec 
2022: Jan | Feb | Mar | Apr | May | Jun | Jul | Aug | Sep | Oct | Nov | Dec 
2021: Jan | Feb | Mar | Apr | May | Jun | Jul | Aug | Sep | Oct | Nov | Dec 
2020: Jan | Feb | Mar | Apr | May | Jun | Jul | Aug | Sep | Oct | Nov | Dec 
2019: Jan | Feb | Mar | Apr | May | Jun | Jul | Aug | Sep | Oct | Nov | Dec 

Report for 2020 12
MONTHLY CLIMATOLOGICAL SUMMARY for DEC. 2020 NAME: Chucks Weather CITY: Renton STATE: WA ELEV: 340 ft LAT: 47 27' 45" N LONG: 122 12' 07" W TEMPERATURE (F), RAIN (in), WIND SPEED (mph) HEAT COOL AVG MEAN DEG DEG WIND DOM DAY TEMP HIGH TIME LOW TIME DAYS DAYS RAIN SPEED HIGH TIME DIR ------------------------------------------------------------------------------------ 1 41.1 50.3 1:06p 35.3 8:30a 23.9 0.0 0.00 1.8 12.0 12:02p NNE 2 45.6 60.9 1:16p 35.8 7:51a 19.4 0.0 0.00 2.0 15.0 2:23p NE 3 43.7 52.2 11:53a 35.1 4:37a 20.4 0.0 0.00 1.0 7.0 8:49a W 4 43.3 52.1 12:52p 35.8 8:31a 21.7 0.0 0.00 1.0 6.0 1:54p ESE 5 46.4 61.4 1:33p 33.2 8:13a 18.6 0.0 0.00 2.4 17.0 6:21p E 6 49.1 54.7 1:39p 43.1 11:56p 15.9 0.0 0.05 2.6 14.0 12:33p ESE 7 48.0 52.9 1:47p 43.0 7:03a 17.0 0.0 0.00 1.5 10.0 7:27p SE 8 49.5 51.6 12:01a 46.9 11:21p 15.5 0.0 0.60 2.3 14.0 5:55a S 9 46.3 49.1 1:26p 40.7 11:52p 18.7 0.0 0.15 2.2 11.0 9:09a ENE 10 40.0 43.6 3:07p 36.6 5:13a 25.0 0.0 0.05 2.0 15.0 7:49p E 11 41.4 47.5 1:25p 34.7 12:00m 23.6 0.0 0.02 2.3 16.0 12:09a NNE 12 36.9 44.0 10:42p 30.5 8:46a 28.1 0.0 0.00 1.8 22.0 8:32p E 13 41.5 44.3 12:38a 39.0 2:20a 23.5 0.0 0.21 3.9 17.0 2:32a ESE 14 45.1 50.3 2:04p 42.3 12:08a 19.8 0.0 0.13 3.0 14.0 3:06p S 15 45.0 47.5 2:15p 41.5 6:12a 20.0 0.0 0.48 4.9 23.0 2:54p S 16 46.7 50.3 8:47p 45.3 12:38a 18.3 0.0 0.51 4.4 22.0 8:14p E 17 46.2 49.8 2:04p 43.5 6:44a 18.4 0.0 0.15 6.0 29.0 6:24a S 18 46.9 52.3 4:40p 43.6 8:41a 18.0 0.0 0.24 5.2 32.0 11:52p S 19 47.6 53.2 12:00m 45.9 7:17a 17.3 0.0 0.37 4.7 23.0 12:01a S 20 51.0 54.4 2:12a 47.2 11:51p 14.0 0.0 0.07 4.1 23.0 1:49a S 21 44.7 59.5 12:50p 33.9 9:46p 20.3 0.0 1.38 3.5 25.0 11:48a S 22 38.3 45.4 1:21p 32.5 11:57p 26.7 0.0 0.02 1.5 11.0 6:48a E 23 34.9 41.7 1:13p 30.6 6:47a 30.1 0.0 0.01 1.3 9.0 2:54p ENE 24 34.2 43.1 2:08p 28.6 6:16a 30.8 0.0 0.00 1.2 11.0 2:02a S 25 41.2 48.6 1:49p 33.4 1:28a 23.8 0.0 0.35 3.8 23.0 5:18p E 26 46.0 49.7 2:54p 41.1 12:02a 19.0 0.0 0.15 5.6 23.0 7:01a S 27 43.3 47.5 1:52p 37.2 11:57p 21.6 0.0 0.10 1.9 10.0 12:55a NE 28 37.8 46.4 1:30p 31.5 8:07a 27.2 0.0 0.01 1.4 9.0 1:26p NE 29 36.6 40.3 9:10p 31.4 6:43a 28.4 0.0 0.15 0.9 9.0 8:34p S 30 43.4 48.9 6:56p 39.7 12:01a 21.6 0.0 0.73 4.3 24.0 6:51p ESE 31 47.8 50.5 1:43p 46.0 12:01a 17.2 0.0 0.24 5.1 28.0 12:07a S ------------------------------------------------------------------------------------- 43.5 61.4 5 28.6 24 663.8 0.0 6.17 2.9 32.0 18 S Max >= 90.0: 0 Max <= 32.0: 0 Min <= 32.0: 5 Min <= 0.0: 0 Max Rain: 1.38 ON 12/21/20 Days of Rain: 21 (>.01 in) 15 (>.1 in) 1 (>1 in) Heat Base: 65.0 Cool Base: 65.0 Method: Integration