2023: Jan | Feb | Mar | Apr | May | Jun | Jul | Aug | Sep | Oct | Nov | Dec 
2022: Jan | Feb | Mar | Apr | May | Jun | Jul | Aug | Sep | Oct | Nov | Dec 
2021: Jan | Feb | Mar | Apr | May | Jun | Jul | Aug | Sep | Oct | Nov | Dec 
2020: Jan | Feb | Mar | Apr | May | Jun | Jul | Aug | Sep | Oct | Nov | Dec 
2019: Jan | Feb | Mar | Apr | May | Jun | Jul | Aug | Sep | Oct | Nov | Dec 

Report for 2021
ANNUAL CLIMATOLOGICAL SUMMARY NAME: Chucks Weather CITY: Renton STATE: WA ELEV: 340 ft LAT: 47 27' 45" N LONG: 122 12' 07" W TEMPERATURE (F), HEAT BASE 65.0, COOL BASE 65.0 DEP. HEAT COOL MEAN MEAN FROM DEG DEG MAX MAX MIN MIN YR MO MAX MIN MEAN NORM DAYS DAYS HI DATE LOW DATE >=90 <=32 <=32 <=0 ------------------------------------------------------------------------------------ 21 1 49.5 39.3 44.1 0.0 640 0 57.8 12 28.2 23 0 0 2 0 21 2 47.8 37.2 41.7 0.0 651 0 53.8 5 24.9 12 0 1 5 0 21 3 55.5 37.9 45.6 0.0 599 0 66.5 31 31.1 8 0 0 1 0 21 4 66.1 43.4 53.7 0.0 366 28 83.8 16 32.8 11 0 0 0 0 21 5 69.2 49.2 57.6 0.0 260 31 83.9 31 43.6 5 0 0 0 0 21 6 80.6 58.0 68.2 0.0 94 189 112.4 28 45.7 7 7 0 0 0 21 7 83.4 59.5 69.5 0.0 42 174 94.8 29 55.2 23 2 0 0 0 21 8 80.9 59.9 68.9 0.0 57 161 97.3 12 51.2 24 4 0 0 0 21 9 73.4 55.1 62.8 0.0 130 64 84.0 7 46.9 16 0 0 0 0 21 10 60.2 47.3 52.9 0.0 376 2 71.8 21 36.6 12 0 0 0 0 21 11 54.9 44.5 49.2 0.0 470 0 65.3 14 31.5 17 0 0 1 0 21 12 43.6 35.8 39.4 0.0 795 0 59.6 1 17.4 27 0 2 6 0 ------------------------------------------------------------------------------------ 63.7 47.2 54.5 0.0 4480 650 112.4 JUN 17.4 DEC 13 3 15 0 PRECIPITATION (in) DEP. MAX DAYS OF RAIN FROM OBS. OVER YR MO TOTAL NORM DAY DATE .01 .1 1 --------------------------------------------- 21 1 7.66 0.00 1.60 12 22 14 2 21 2 4.75 0.00 0.78 1 23 12 0 21 3 2.78 0.00 0.45 25 15 9 0 21 4 1.28 0.00 0.61 24 8 3 0 21 5 1.42 0.00 0.49 27 8 5 0 21 6 1.68 0.00 0.84 13 7 4 0 21 7 0.01 0.00 0.01 20 0 0 0 21 8 0.13 0.00 0.05 6 2 0 0 21 9 3.17 0.00 1.13 18 9 6 1 21 10 5.19 0.00 1.51 28 19 13 1 21 11 8.87 0.00 0.91 11 24 20 0 21 12 4.81 0.00 0.63 11 24 17 0 --------------------------------------------- 41.75 0.00 1.60 JAN 161 103 4 WIND SPEED (mph) DOM YR MO AVG. HI DATE DIR --------------------------------- 21 1 2.6 41.0 13 E 21 2 3.9 34.0 13 S 21 3 2.5 29.0 19 S 21 4 2.4 25.0 10 S 21 5 2.3 31.0 27 S 21 6 2.2 27.0 5 S 21 7 1.9 18.0 7 S 21 8 2.1 27.0 7 S 21 9 2.0 33.0 17 S 21 10 2.3 29.0 25 E 21 11 3.0 34.0 15 S 21 12 3.1 33.0 11 S --------------------------------- 2.5 41.0 JAN S