2023: Jan | Feb | Mar | Apr | May | Jun | Jul | Aug | Sep | Oct | Nov | Dec 
2022: Jan | Feb | Mar | Apr | May | Jun | Jul | Aug | Sep | Oct | Nov | Dec 
2021: Jan | Feb | Mar | Apr | May | Jun | Jul | Aug | Sep | Oct | Nov | Dec 
2020: Jan | Feb | Mar | Apr | May | Jun | Jul | Aug | Sep | Oct | Nov | Dec 
2019: Jan | Feb | Mar | Apr | May | Jun | Jul | Aug | Sep | Oct | Nov | Dec 

Report for 2021 01
MONTHLY CLIMATOLOGICAL SUMMARY for JAN. 2021 NAME: Chucks Weather CITY: Renton STATE: WA ELEV: 340 ft LAT: 47 27' 45" N LONG: 122 12' 07" W TEMPERATURE (F), RAIN (in), WIND SPEED (mph) HEAT COOL AVG MEAN DEG DEG WIND DOM DAY TEMP HIGH TIME LOW TIME DAYS DAYS RAIN SPEED HIGH TIME DIR ------------------------------------------------------------------------------------ 1 48.0 51.7 1:03p 45.0 4:40a 17.0 0.0 0.45 3.8 22.0 6:47p S 2 47.5 48.9 12:16a 40.5 12:00m 17.5 0.0 1.50 7.4 30.0 5:47p S 3 42.8 47.5 1:11p 38.0 3:07a 22.2 0.0 0.51 4.2 18.0 12:18p SE 4 45.8 49.4 11:10a 43.5 7:25p 19.2 0.0 0.45 6.1 20.0 11:02a S 5 44.2 46.5 10:47p 42.7 2:50p 20.8 0.0 0.63 3.8 22.0 10:19p ESE 6 45.3 51.1 1:42p 39.8 12:00m 19.7 0.0 0.19 1.9 19.0 12:56a N 7 45.5 51.3 11:29p 39.6 12:04a 19.5 0.0 0.01 3.0 27.0 8:54p E 8 44.8 51.3 2:29a 36.0 11:59p 20.2 0.0 0.18 2.1 23.0 12:41a E 9 39.0 48.1 3:37p 31.4 7:41a 25.8 0.0 0.01 1.6 15.0 9:34p E 10 48.2 51.2 2:11p 44.4 9:57a 9.9 0.0 0.00 1.6 12.0 11:37p ESE 11 46.4 47.9 7:33a 44.9 10:19a 18.6 0.0 0.84 3.8 17.0 6:25p E 12 52.9 57.8 10:12p 47.2 12:21a 12.1 0.0 1.60 5.0 32.0 11:58p ESE 13 47.0 57.7 12:01a 39.8 10:10p 18.0 0.0 0.05 5.2 41.0 12:03a S 14 46.1 55.8 2:27p 38.2 1:39a 18.9 0.0 0.03 1.2 10.0 4:32p ENE 15 48.1 54.6 1:26p 40.9 11:58p 16.9 0.0 0.11 1.0 12.0 1:03a WNW 16 42.8 48.0 2:39p 38.8 3:24a 22.2 0.0 0.00 0.6 7.0 1:16a E 17 46.7 52.1 2:38p 44.2 1:08a 18.3 0.0 0.09 1.6 11.0 1:45a NE 18 43.5 50.0 1:09p 36.8 11:22p 21.5 0.0 0.00 1.7 12.0 12:16p NE 19 38.1 44.3 3:01p 33.5 8:31a 26.9 0.0 0.00 0.9 6.0 10:32a ESE 20 41.0 47.0 3:40p 34.6 6:07a 24.0 0.0 0.00 0.5 4.0 3:04a NNW 21 43.6 47.3 3:07p 41.6 8:32a 21.4 0.0 0.06 1.4 10.0 10:24p NNE 22 41.6 48.2 2:07p 34.4 11:01p 23.4 0.0 0.01 2.7 14.0 2:42p NNE 23 36.5 45.6 2:19p 28.2 7:38a 28.5 0.0 0.00 1.3 13.0 10:47p ENE 24 40.0 42.1 12:49p 38.4 2:29a 25.0 0.0 0.17 2.4 15.0 11:13p ESE 25 40.7 45.7 2:20p 37.1 11:58p 24.3 0.0 0.10 3.3 17.0 5:32a S 26 39.6 44.3 11:20p 33.7 3:21a 25.4 0.0 0.03 4.3 23.0 10:09p E 27 42.5 47.5 2:24p 38.2 8:45a 22.5 0.0 0.12 1.5 14.0 12:17a ENE 28 43.4 48.6 1:51p 40.4 1:46a 21.6 0.0 0.22 1.0 9.0 4:41p ENE 29 43.7 50.9 1:49p 40.8 3:42a 21.3 0.0 0.04 1.4 13.0 9:20p E 30 45.6 50.6 3:01p 41.8 1:12a 19.4 0.0 0.10 2.4 14.0 4:07a E 31 46.6 50.0 9:02a 44.1 10:59p 18.4 0.0 0.16 1.7 13.0 2:20a E ------------------------------------------------------------------------------------- 44.1 57.8 12 28.2 23 640.4 0.0 7.66 2.6 41.0 13 E Max >= 90.0: 0 Max <= 32.0: 0 Min <= 32.0: 2 Min <= 0.0: 0 Max Rain: 1.60 ON 01/12/21 Days of Rain: 22 (>.01 in) 14 (>.1 in) 2 (>1 in) Heat Base: 65.0 Cool Base: 65.0 Method: Integration