2023: Jan | Feb | Mar | Apr | May | Jun | Jul | Aug | Sep | Oct | Nov | Dec 
2022: Jan | Feb | Mar | Apr | May | Jun | Jul | Aug | Sep | Oct | Nov | Dec 
2021: Jan | Feb | Mar | Apr | May | Jun | Jul | Aug | Sep | Oct | Nov | Dec 
2020: Jan | Feb | Mar | Apr | May | Jun | Jul | Aug | Sep | Oct | Nov | Dec 
2019: Jan | Feb | Mar | Apr | May | Jun | Jul | Aug | Sep | Oct | Nov | Dec 

Report for 2021 02
MONTHLY CLIMATOLOGICAL SUMMARY for FEB. 2021 NAME: Chucks Weather CITY: Renton STATE: WA ELEV: 340 ft LAT: 47 27' 45" N LONG: 122 12' 07" W TEMPERATURE (F), RAIN (in), WIND SPEED (mph) HEAT COOL AVG MEAN DEG DEG WIND DOM DAY TEMP HIGH TIME LOW TIME DAYS DAYS RAIN SPEED HIGH TIME DIR ------------------------------------------------------------------------------------ 1 48.2 50.6 12:52p 44.2 12:05a 16.8 0.0 0.78 2.3 15.0 11:52p E 2 43.2 46.5 12:01a 40.7 3:53p 21.8 0.0 0.35 3.7 20.0 1:01p S 3 43.7 49.5 3:00p 40.6 2:57a 21.3 0.0 0.08 1.6 9.0 5:32a NNE 4 44.9 48.5 8:39p 42.7 12:35a 20.1 0.0 0.05 5.3 26.0 10:40p S 5 47.9 53.8 2:19p 45.0 10:49p 17.1 0.0 0.03 4.4 27.0 1:20a S 6 46.4 51.4 2:17p 44.1 7:50a 18.6 0.0 0.00 7.5 29.0 10:34a S 7 43.2 48.8 1:57p 38.7 11:26p 21.8 0.0 0.09 5.1 23.0 1:47p S 8 39.9 46.3 2:42p 35.1 5:02a 25.1 0.0 0.12 2.1 10.0 12:31a S 9 37.9 44.4 1:57p 32.9 11:35p 27.1 0.0 0.00 1.3 8.0 2:01p NNE 10 36.3 46.3 2:14p 29.0 4:23a 28.7 0.0 0.00 1.1 11.0 2:44p ESE 11 34.8 40.4 12:33p 31.1 8:48p 30.2 0.0 0.03 1.9 14.0 2:21p NNE 12 30.8 35.7 12:08p 24.9 11:06p 34.2 0.0 0.06 5.2 29.0 11:59p ENE 13 28.6 31.2 11:40p 25.1 12:26a 36.4 0.0 0.36 7.0 34.0 2:58a E 14 33.4 36.6 3:30p 30.7 8:14a 31.6 0.0 0.32 6.3 18.0 8:43a E 15 39.1 45.5 2:40p 33.5 4:46a 25.9 0.0 0.52 5.1 22.0 11:33a S 16 43.8 52.2 2:46p 38.8 2:47a 21.2 0.0 0.01 2.6 14.0 5:24p S 17 41.8 49.4 2:25p 38.0 7:08a 23.2 0.0 0.06 1.9 10.0 7:18a N 18 42.2 45.5 12:14p 37.7 4:26a 22.8 0.0 0.08 3.3 20.0 9:42p E 19 43.9 51.9 1:54p 41.2 8:52p 21.1 0.0 0.16 5.2 23.0 5:31a S 20 43.8 50.3 2:08p 40.8 7:40a 21.2 0.0 0.04 4.0 21.0 1:42p S 21 48.6 52.3 5:59p 42.7 12:51a 16.4 0.0 0.37 7.0 25.0 5:23p S 22 48.6 53.0 2:34p 42.2 11:57p 16.4 0.0 0.41 6.6 30.0 12:46a S 23 42.1 50.9 1:16p 36.5 10:23p 22.9 0.0 0.31 3.3 26.0 11:00a S 24 40.3 48.6 2:41p 33.9 3:11a 24.7 0.0 0.02 1.5 11.0 2:52p E 25 43.1 49.2 2:35p 38.1 6:08a 21.9 0.0 0.24 5.8 29.0 1:45p S 26 43.5 53.3 1:43p 38.2 11:01p 21.5 0.0 0.20 3.5 24.0 2:15a S 27 42.4 52.6 2:27p 34.4 7:38a 22.6 0.0 0.01 1.9 11.0 11:02p S 28 46.6 53.0 3:13p 41.1 2:23a 18.4 0.0 0.05 3.0 15.0 7:11a ESE ------------------------------------------------------------------------------------- 41.7 53.8 5 24.9 12 651.0 0.0 4.75 3.9 34.0 13 S Max >= 90.0: 0 Max <= 32.0: 1 Min <= 32.0: 5 Min <= 0.0: 0 Max Rain: 0.78 ON 02/01/21 Days of Rain: 23 (>.01 in) 12 (>.1 in) 0 (>1 in) Heat Base: 65.0 Cool Base: 65.0 Method: Integration