2023: Jan | Feb | Mar | Apr | May | Jun | Jul | Aug | Sep | Oct | Nov | Dec 
2022: Jan | Feb | Mar | Apr | May | Jun | Jul | Aug | Sep | Oct | Nov | Dec 
2021: Jan | Feb | Mar | Apr | May | Jun | Jul | Aug | Sep | Oct | Nov | Dec 
2020: Jan | Feb | Mar | Apr | May | Jun | Jul | Aug | Sep | Oct | Nov | Dec 
2019: Jan | Feb | Mar | Apr | May | Jun | Jul | Aug | Sep | Oct | Nov | Dec 

Report for 2021 03
MONTHLY CLIMATOLOGICAL SUMMARY for MAR. 2021 NAME: Chucks Weather CITY: Renton STATE: WA ELEV: 340 ft LAT: 47 27' 45" N LONG: 122 12' 07" W TEMPERATURE (F), RAIN (in), WIND SPEED (mph) HEAT COOL AVG MEAN DEG DEG WIND DOM DAY TEMP HIGH TIME LOW TIME DAYS DAYS RAIN SPEED HIGH TIME DIR ------------------------------------------------------------------------------------ 1 49.1 61.4 2:33p 39.4 2:21a 15.9 0.0 0.00 1.6 11.0 2:41p S 2 45.2 50.6 3:15p 41.8 10:41a 19.8 0.0 0.02 1.1 9.0 6:22a E 3 45.6 59.3 2:54p 33.6 6:35a 19.4 0.0 0.00 1.1 9.0 10:55a ESE 4 45.8 55.0 2:20p 37.4 3:52a 19.2 0.0 0.31 2.3 13.0 3:32p ESE 5 48.0 53.8 10:19a 44.9 9:10p 17.0 0.0 0.06 3.1 25.0 10:29a S 6 46.3 53.9 2:41p 43.0 9:54p 18.7 0.0 0.02 3.7 18.0 7:43a S 7 43.6 48.1 11:35a 38.2 11:42p 21.4 0.0 0.13 4.2 23.0 5:42a S 8 42.7 54.0 1:38p 31.1 7:51a 22.3 0.0 0.01 1.5 10.0 4:15p ENE 9 43.9 55.8 2:50p 37.2 4:41a 21.1 0.0 0.01 1.7 12.0 6:15p ENE 10 43.2 55.9 1:59p 32.9 5:12a 21.8 0.0 0.00 1.9 14.0 2:49p ENE 11 45.0 57.7 2:03p 33.8 6:21a 20.0 0.0 0.00 1.6 10.0 1:34p ENE 12 45.2 59.6 3:10p 32.6 6:18a 19.8 0.0 0.00 1.3 10.0 12:35p ESE 13 48.4 63.3 4:04p 34.6 5:25a 16.6 0.0 0.00 1.6 13.0 2:09p ESE 14 43.9 49.2 1:38p 39.5 8:29p 20.3 0.0 0.31 2.1 12.0 5:37p E 15 40.9 49.7 3:19p 35.5 8:36a 24.1 0.0 0.04 1.5 12.0 2:14p NE 16 43.0 56.4 3:13p 32.6 7:38a 22.0 0.0 0.01 1.1 10.0 1:13p N 17 46.3 61.8 4:22p 34.1 6:21a 18.7 0.0 0.00 1.2 8.0 4:02p E 18 46.4 56.9 1:16p 39.8 8:00a 18.6 0.0 0.12 2.5 18.0 3:55p ENE 19 49.2 57.5 1:39p 41.4 1:51a 15.8 0.0 0.04 4.7 29.0 6:02p S 20 46.3 52.6 2:46p 42.7 7:53a 18.7 0.0 0.19 4.4 21.0 5:41p S 21 43.3 45.0 4:10p 41.4 4:05a 21.7 0.0 0.10 5.6 22.0 11:52p S 22 45.1 53.0 5:26p 40.0 11:27p 19.9 0.0 0.29 3.2 18.0 2:37a S 23 46.3 56.9 3:17p 36.4 3:05a 18.7 0.0 0.00 1.3 12.0 4:45p WNW 24 46.7 53.5 3:57p 42.9 5:01a 18.2 0.0 0.31 4.8 22.0 6:15a S 25 47.4 57.0 5:00p 42.7 7:31a 17.6 0.0 0.45 2.0 12.0 3:20p NNE 26 47.9 55.1 5:33p 40.7 2:24a 17.1 0.0 0.00 2.4 12.0 11:25a S 27 49.9 57.5 3:33p 42.8 6:59a 15.1 0.0 0.00 1.7 11.0 1:57p SSE 28 44.5 49.0 12:01a 39.6 10:40p 20.5 0.0 0.36 6.0 28.0 2:07p S 29 43.1 55.1 3:37p 34.9 5:39a 21.9 0.0 0.00 2.3 12.0 12:38a ESE 30 44.5 59.2 4:41p 33.7 5:19a 20.5 0.0 0.00 1.6 10.0 11:31a ESE 31 48.2 66.5 3:53p 34.0 6:06a 16.8 0.0 0.00 1.5 10.0 11:21a NNW ------------------------------------------------------------------------------------- 45.6 66.5 31 31.1 8 599.2 0.0 2.78 2.5 29.0 19 S Max >= 90.0: 0 Max <= 32.0: 0 Min <= 32.0: 1 Min <= 0.0: 0 Max Rain: 0.45 ON 03/25/21 Days of Rain: 15 (>.01 in) 9 (>.1 in) 0 (>1 in) Heat Base: 65.0 Cool Base: 65.0 Method: Integration