2023: Jan | Feb | Mar | Apr | May | Jun | Jul | Aug | Sep | Oct | Nov | Dec 
2022: Jan | Feb | Mar | Apr | May | Jun | Jul | Aug | Sep | Oct | Nov | Dec 
2021: Jan | Feb | Mar | Apr | May | Jun | Jul | Aug | Sep | Oct | Nov | Dec 
2020: Jan | Feb | Mar | Apr | May | Jun | Jul | Aug | Sep | Oct | Nov | Dec 
2019: Jan | Feb | Mar | Apr | May | Jun | Jul | Aug | Sep | Oct | Nov | Dec 

Report for 2021 04
MONTHLY CLIMATOLOGICAL SUMMARY for APR. 2021 NAME: Chucks Weather CITY: Renton STATE: WA ELEV: 340 ft LAT: 47 27' 45" N LONG: 122 12' 07" W TEMPERATURE (F), RAIN (in), WIND SPEED (mph) HEAT COOL AVG MEAN DEG DEG WIND DOM DAY TEMP HIGH TIME LOW TIME DAYS DAYS RAIN SPEED HIGH TIME DIR ------------------------------------------------------------------------------------ 1 50.6 61.2 2:41p 41.5 7:11a 14.4 0.0 0.00 1.8 17.0 1:00p S 2 49.9 61.1 4:15p 42.6 7:06a 15.1 0.0 0.00 2.2 19.0 2:09p SW 3 52.4 65.3 2:51p 41.3 4:45a 12.6 0.0 0.01 2.0 17.0 4:33p E 4 47.4 55.1 4:01p 41.1 11:50p 17.6 0.0 0.03 2.9 17.0 3:11p NNE 5 46.3 61.9 4:30p 34.1 6:03a 18.7 0.0 0.00 1.5 10.0 11:59a ENE 6 49.2 65.8 4:18p 35.4 7:05a 15.8 0.0 0.00 1.5 10.0 12:22p ESE 7 45.8 49.1 1:42p 42.3 2:22a 19.2 0.0 0.25 3.9 20.0 8:34a S 8 47.1 57.7 4:04p 39.9 6:53a 17.9 0.0 0.06 3.1 20.0 12:20a S 9 44.4 50.2 1:48p 36.9 6:04a 20.6 0.0 0.02 3.9 20.0 10:36p S 10 45.3 54.2 5:25p 40.2 11:23p 19.7 0.0 0.02 3.4 25.0 1:38a NNE 11 44.4 57.3 4:10p 32.8 6:38a 20.6 0.0 0.00 2.5 17.0 12:17p WNW 12 48.6 62.5 4:26p 35.5 5:10a 16.4 0.0 0.00 2.8 17.0 5:04p ENE 13 52.5 66.2 5:22p 37.1 6:38a 12.5 0.0 0.00 2.7 18.0 2:09p E 14 55.3 71.3 5:02p 38.9 6:16a 10.5 0.8 0.00 2.5 15.0 3:45p ENE 15 60.5 78.5 4:28p 42.9 6:39a 7.6 3.1 0.00 2.2 18.0 3:10p NNE 16 63.4 83.8 3:42p 46.1 6:32a 6.0 4.4 0.00 2.0 15.0 4:07p E 17 64.2 83.4 4:24p 47.6 6:35a 5.6 4.8 0.00 1.4 10.0 2:40p E 18 64.8 82.6 5:09p 48.4 6:30a 4.9 4.7 0.00 2.0 13.0 2:58p ESE 19 62.1 77.2 4:52p 48.1 6:42a 5.4 2.5 0.00 1.8 10.0 2:10p ESE 20 61.7 76.5 5:18p 47.5 6:37a 5.9 2.6 0.00 1.8 11.0 2:10p ENE 21 61.0 77.5 4:25p 47.2 6:48a 6.5 2.4 0.00 1.6 11.0 1:18p N 22 55.6 66.0 4:48p 49.5 5:56a 9.4 0.0 0.00 2.6 13.0 4:53p S 23 53.2 64.1 3:24p 46.1 6:10a 11.8 0.0 0.00 2.9 14.0 1:25p S 24 48.8 50.7 6:45p 47.5 7:31a 16.2 0.0 0.61 1.9 14.0 1:22p S 25 52.5 62.8 3:51p 47.1 6:58a 12.5 0.0 0.19 3.0 15.0 1:35p S 26 52.9 62.7 6:42p 46.5 6:26a 12.1 0.0 0.00 1.9 11.0 9:53a S 27 54.4 63.1 3:25p 46.0 6:09a 10.6 0.0 0.00 2.3 16.0 3:05p S 28 57.3 67.7 3:02p 47.8 4:53a 7.8 0.1 0.00 1.4 10.0 12:42p ESE 29 61.8 77.6 4:39p 50.8 5:58a 5.8 2.5 0.00 2.0 16.0 6:22p WNW 30 58.6 69.4 5:43p 52.4 7:20a 6.6 0.2 0.09 3.2 18.0 1:33p S ------------------------------------------------------------------------------------- 53.7 83.8 16 32.8 11 366.3 28.1 1.28 2.4 25.0 10 S Max >= 90.0: 0 Max <= 32.0: 0 Min <= 32.0: 0 Min <= 0.0: 0 Max Rain: 0.61 ON 04/24/21 Days of Rain: 8 (>.01 in) 3 (>.1 in) 0 (>1 in) Heat Base: 65.0 Cool Base: 65.0 Method: Integration