2023: Jan | Feb | Mar | Apr | May | Jun | Jul | Aug | Sep | Oct | Nov | Dec 
2022: Jan | Feb | Mar | Apr | May | Jun | Jul | Aug | Sep | Oct | Nov | Dec 
2021: Jan | Feb | Mar | Apr | May | Jun | Jul | Aug | Sep | Oct | Nov | Dec 
2020: Jan | Feb | Mar | Apr | May | Jun | Jul | Aug | Sep | Oct | Nov | Dec 
2019: Jan | Feb | Mar | Apr | May | Jun | Jul | Aug | Sep | Oct | Nov | Dec 

Report for 2021 05
MONTHLY CLIMATOLOGICAL SUMMARY for MAY. 2021 NAME: Chucks Weather CITY: Renton STATE: WA ELEV: 340 ft LAT: 47 27' 45" N LONG: 122 12' 07" W TEMPERATURE (F), RAIN (in), WIND SPEED (mph) HEAT COOL AVG MEAN DEG DEG WIND DOM DAY TEMP HIGH TIME LOW TIME DAYS DAYS RAIN SPEED HIGH TIME DIR ------------------------------------------------------------------------------------ 1 54.3 62.0 6:02p 48.7 5:37a 10.7 0.0 0.03 1.8 11.0 1:57p S 2 54.9 67.4 5:03p 46.7 6:18a 10.1 0.0 0.00 1.5 8.0 4:09p ENE 3 52.9 59.2 1:27p 47.0 5:35a 12.1 0.0 0.22 1.8 10.0 9:25a SE 4 56.7 68.2 5:29p 50.5 6:47a 8.5 0.2 0.19 2.0 13.0 6:49a NNE 5 58.9 75.5 7:32p 43.6 5:23a 8.2 2.1 0.00 1.8 16.0 7:26p NNE 6 58.0 67.7 1:47p 49.0 11:58p 7.0 0.1 0.01 3.6 23.0 2:18p S 7 50.9 62.3 5:46p 45.7 6:12a 14.1 0.0 0.00 3.2 17.0 12:05a S 8 51.8 60.5 2:36p 45.8 3:52a 13.2 0.0 0.01 2.8 16.0 3:01p S 9 56.4 68.3 4:56p 49.8 5:04a 8.7 0.1 0.00 1.9 14.0 5:30p E 10 56.7 70.4 4:30p 43.8 6:14a 8.8 0.5 0.00 2.0 13.0 5:19p ENE 11 59.3 73.4 5:26p 46.0 5:54a 7.2 1.5 0.00 1.9 15.0 12:55p NE 12 62.4 74.5 4:16p 55.6 5:43a 4.2 1.6 0.00 1.9 13.0 2:48p NNE 13 62.6 76.8 4:38p 51.9 6:15a 5.1 2.6 0.00 1.8 13.0 12:06p N 14 63.8 78.1 4:39p 51.0 6:16a 4.4 3.2 0.00 1.9 14.0 2:45p NNE 15 63.5 78.9 5:18p 49.9 5:50a 4.8 3.4 0.00 1.6 12.0 4:35p N 16 66.0 82.9 3:56p 51.5 6:00a 4.0 5.0 0.00 1.6 13.0 5:27p ENE 17 55.8 64.2 2:11p 50.7 11:53p 9.2 0.0 0.18 3.3 24.0 10:57p S 18 53.4 64.2 5:11p 46.3 6:25a 11.6 0.0 0.08 4.3 20.0 5:27a S 19 52.8 63.9 4:41p 46.7 1:18a 12.2 0.0 0.00 2.4 16.0 4:44p ENE 20 53.2 64.9 5:39p 46.1 5:10a 11.8 0.0 0.02 2.0 10.0 4:56p S 21 54.9 68.4 6:12p 46.1 4:26a 10.2 0.1 0.00 1.9 14.0 1:29p WNW 22 54.9 66.1 4:40p 49.2 2:55a 10.1 0.0 0.00 1.5 12.0 11:25p S 23 56.3 64.0 1:47p 53.1 4:16a 8.7 0.0 0.00 3.3 24.0 6:23p S 24 56.0 63.9 6:48p 50.4 6:20a 9.0 0.0 0.19 2.7 15.0 3:29a S 25 58.1 67.0 5:20p 53.5 6:14a 7.0 0.0 0.00 2.7 17.0 7:18p SW 26 58.8 67.2 5:45p 53.1 5:52a 6.3 0.0 0.00 2.2 18.0 12:20p S 27 54.8 60.7 4:13p 51.2 11:42p 10.2 0.0 0.49 4.0 31.0 2:01p S 28 56.5 68.3 5:55p 50.2 1:38a 8.6 0.1 0.00 3.0 17.0 1:39a S 29 60.3 76.3 6:01p 46.6 5:41a 7.0 2.3 0.00 2.1 13.0 1:04p NNE 30 63.4 75.5 3:27p 52.6 4:30a 4.0 2.4 0.00 1.6 13.0 12:37p NNE 31 67.8 83.9 3:28p 53.6 5:37a 3.2 6.0 0.00 1.8 13.0 4:25p NE ------------------------------------------------------------------------------------- 57.6 83.9 31 43.6 5 260.2 31.2 1.42 2.3 31.0 27 S Max >= 90.0: 0 Max <= 32.0: 0 Min <= 32.0: 0 Min <= 0.0: 0 Max Rain: 0.49 ON 05/27/21 Days of Rain: 8 (>.01 in) 5 (>.1 in) 0 (>1 in) Heat Base: 65.0 Cool Base: 65.0 Method: Integration