2023: Jan | Feb | Mar | Apr | May | Jun | Jul | Aug | Sep | Oct | Nov | Dec 
2022: Jan | Feb | Mar | Apr | May | Jun | Jul | Aug | Sep | Oct | Nov | Dec 
2021: Jan | Feb | Mar | Apr | May | Jun | Jul | Aug | Sep | Oct | Nov | Dec 
2020: Jan | Feb | Mar | Apr | May | Jun | Jul | Aug | Sep | Oct | Nov | Dec 
2019: Jan | Feb | Mar | Apr | May | Jun | Jul | Aug | Sep | Oct | Nov | Dec 

Report for 2021 06
MONTHLY CLIMATOLOGICAL SUMMARY for JUN. 2021 NAME: Chucks Weather CITY: Renton STATE: WA ELEV: 340 ft LAT: 47 27' 45" N LONG: 122 12' 07" W TEMPERATURE (F), RAIN (in), WIND SPEED (mph) HEAT COOL AVG MEAN DEG DEG WIND DOM DAY TEMP HIGH TIME LOW TIME DAYS DAYS RAIN SPEED HIGH TIME DIR ------------------------------------------------------------------------------------ 1 74.0 90.9 6:05p 58.1 5:50a 0.9 9.9 0.00 1.8 14.0 4:54p NNE 2 74.7 90.0 5:16p 61.9 5:33a 0.2 9.9 0.00 1.9 12.0 1:55p ENE 3 68.0 80.5 5:53p 59.0 5:25a 1.4 4.4 0.00 2.0 12.0 2:02p S 4 61.3 72.2 5:07p 53.0 5:57a 4.6 0.9 0.00 2.7 16.0 12:32p SSW 5 58.7 67.2 3:16p 52.0 11:58p 6.4 0.1 0.03 5.5 27.0 5:45p S 6 52.3 56.8 5:34p 45.8 12:00m 12.7 0.0 0.32 3.1 18.0 11:47p S 7 54.7 65.8 5:48p 45.7 12:02a 10.3 0.0 0.16 2.4 22.0 4:19a S 8 57.5 71.0 3:49p 48.7 5:34a 7.8 0.4 0.01 1.8 17.0 6:33p ENE 9 58.9 71.1 5:20p 49.1 5:48a 6.8 0.7 0.00 2.7 16.0 6:19p ESE 10 59.1 67.9 3:22p 50.9 6:38a 6.0 0.1 0.00 2.5 17.0 4:20p SSW 11 57.5 60.9 9:32a 55.0 5:28a 7.5 0.0 0.21 1.2 12.0 10:04a ENE 12 64.7 78.7 3:23p 53.6 6:00a 3.5 3.2 0.04 1.6 12.0 2:08p E 13 62.2 66.3 12:51p 59.7 7:06a 2.8 0.1 0.84 1.7 13.0 4:41a WNW 14 62.1 67.0 6:13p 58.7 5:35a 3.0 0.1 0.07 1.2 9.0 1:02p S 15 62.2 70.3 5:42p 56.1 3:49a 3.5 0.8 0.00 2.9 19.0 1:21p SE 16 64.6 77.8 5:20p 56.4 1:01a 3.2 2.8 0.00 2.0 13.0 1:21p W 17 67.5 83.3 4:39p 53.1 4:56a 3.0 5.4 0.00 1.8 12.0 2:24p N 18 66.4 79.3 5:33p 57.2 4:47a 2.1 3.5 0.00 2.7 13.0 12:46p NNE 19 67.4 82.2 4:59p 55.1 5:46a 2.8 5.2 0.00 1.8 10.0 2:51p NE 20 72.1 86.9 5:46p 60.1 5:58a 0.7 7.8 0.00 2.7 13.0 1:41p N 21 77.5 95.2 5:05p 61.5 5:19a 0.3 12.7 0.00 1.7 10.0 1:44p NNE 22 71.4 83.0 4:53p 62.6 6:42a 0.3 6.6 0.00 2.4 14.0 12:44p S 23 67.6 81.7 5:52p 57.9 5:59a 2.3 4.8 0.00 2.1 12.0 1:36p WNW 24 72.1 87.2 5:14p 59.0 6:25a 1.2 8.3 0.00 1.9 11.0 1:11p NNE 25 77.6 92.0 5:37p 65.4 5:52a 0.0 12.6 0.00 1.7 12.0 5:50p NNE 26 86.3 105.7 4:38p 69.5 5:19a 0.0 21.3 0.00 1.6 11.0 2:03p N 27 89.6 108.6 5:08p 73.0 5:37a 0.0 24.6 0.00 2.2 13.0 11:51a N 28 93.5 112.4 4:03p 74.4 5:39a 0.0 28.5 0.00 2.2 14.0 1:39p NE 29 75.6 89.6 5:01p 65.9 6:09a 0.0 10.6 0.00 3.0 15.0 10:18p SSW 30 67.9 77.0 4:05p 62.6 5:15a 0.3 3.2 0.00 2.5 14.0 4:25p SW ------------------------------------------------------------------------------------- 68.2 112.4 28 45.7 7 93.6 188.5 1.68 2.2 27.0 5 S Max >= 90.0: 7 Max <= 32.0: 0 Min <= 32.0: 0 Min <= 0.0: 0 Max Rain: 0.84 ON 06/13/21 Days of Rain: 7 (>.01 in) 4 (>.1 in) 0 (>1 in) Heat Base: 65.0 Cool Base: 65.0 Method: Integration