2023: Jan | Feb | Mar | Apr | May | Jun | Jul | Aug | Sep | Oct | Nov | Dec 
2022: Jan | Feb | Mar | Apr | May | Jun | Jul | Aug | Sep | Oct | Nov | Dec 
2021: Jan | Feb | Mar | Apr | May | Jun | Jul | Aug | Sep | Oct | Nov | Dec 
2020: Jan | Feb | Mar | Apr | May | Jun | Jul | Aug | Sep | Oct | Nov | Dec 
2019: Jan | Feb | Mar | Apr | May | Jun | Jul | Aug | Sep | Oct | Nov | Dec 

Report for 2021 07
MONTHLY CLIMATOLOGICAL SUMMARY for JUL. 2021 NAME: Chucks Weather CITY: Renton STATE: WA ELEV: 340 ft LAT: 47 27' 45" N LONG: 122 12' 07" W TEMPERATURE (F), RAIN (in), WIND SPEED (mph) HEAT COOL AVG MEAN DEG DEG WIND DOM DAY TEMP HIGH TIME LOW TIME DAYS DAYS RAIN SPEED HIGH TIME DIR ------------------------------------------------------------------------------------ 1 68.6 77.3 3:44p 64.2 5:20a 0.1 3.6 0.00 1.5 9.0 2:07p WNW 2 70.3 83.8 5:40p 61.2 7:03a 0.7 6.0 0.00 1.6 11.0 2:50p W 3 73.5 88.8 5:29p 61.4 5:54a 0.4 9.0 0.00 1.8 13.0 1:25p WNW 4 69.5 82.3 5:32p 59.7 6:18a 1.2 5.6 0.00 2.2 12.0 4:18p S 5 66.3 78.5 5:31p 58.1 7:42a 2.3 3.6 0.00 1.9 11.0 3:39p S 6 69.9 87.4 6:10p 58.0 6:26a 1.9 6.8 0.00 1.5 10.0 2:04p N 7 65.7 76.9 4:04p 59.1 6:31a 1.8 2.5 0.00 3.0 18.0 2:05p S 8 64.5 77.6 6:14p 56.2 4:40a 3.3 2.8 0.00 1.6 12.0 4:40p S 9 70.5 85.9 5:39p 57.8 6:12a 1.8 7.3 0.00 1.8 11.0 12:39p W 10 70.7 85.7 4:57p 60.0 6:24a 0.9 6.5 0.00 2.0 11.0 11:56a WNW 11 70.2 86.4 5:19p 58.0 5:55a 1.5 6.7 0.00 2.0 16.0 5:22p NNE 12 72.0 87.6 5:50p 59.4 5:23a 1.0 8.0 0.00 1.8 14.0 2:32p NNE 13 69.5 87.4 5:36p 57.6 6:06a 2.2 6.6 0.00 2.0 12.0 2:53p S 14 65.6 78.6 5:53p 56.8 6:33a 2.7 3.3 0.00 2.1 12.0 2:22p SW 15 63.2 74.6 6:42p 56.6 6:51a 3.4 1.7 0.00 2.0 13.0 4:48p S 16 63.7 72.5 5:14p 58.2 4:26a 2.8 1.5 0.00 2.4 15.0 4:39p S 17 67.8 81.0 3:52p 59.6 4:28a 1.4 4.2 0.00 2.1 13.0 1:18p WNW 18 70.3 85.9 5:11p 58.4 5:31a 1.4 6.7 0.00 1.7 10.0 2:18p N 19 71.2 86.0 6:17p 57.9 5:02a 1.2 7.4 0.00 2.0 13.0 8:21p SW 20 65.1 77.4 5:38p 59.8 8:41a 1.8 1.8 0.01 1.6 11.0 1:04p S 21 65.0 77.0 6:02p 57.9 7:35a 2.5 2.4 0.00 2.2 12.0 2:15p S 22 68.0 80.9 5:43p 58.2 6:22a 1.6 4.6 0.00 2.1 13.0 11:33a NNE 23 68.5 83.7 4:19p 55.2 5:47a 2.5 6.0 0.00 1.9 12.0 5:42p NNE 24 73.0 86.9 4:35p 61.4 4:40a 0.4 8.3 0.00 2.4 14.0 2:15p NNE 25 73.7 88.3 4:19p 62.4 6:20a 0.2 8.9 0.00 2.1 13.0 10:25p N 26 72.8 86.9 5:14p 62.3 5:52a 0.3 8.1 0.00 2.2 15.0 1:40p NNE 27 74.3 89.6 4:57p 62.6 5:13a 0.2 9.5 0.00 1.6 11.0 12:22p N 28 75.4 91.7 6:07p 61.7 5:57a 0.3 10.7 0.00 1.7 12.0 5:14p N 29 76.5 94.8 5:02p 60.5 5:53a 0.5 11.9 0.00 2.0 15.0 2:30p E 30 69.5 79.2 11:21a 63.6 5:39a 0.1 2.2 0.00 1.0 10.0 10:26a ENE 31 ------------------------------------------------------------------------------------- 69.5 94.8 29 55.2 23 42.4 174.2 0.01 1.9 18.0 7 S Max >= 90.0: 2 Max <= 32.0: 0 Min <= 32.0: 0 Min <= 0.0: 0 Max Rain: 0.01 ON 07/20/21 Days of Rain: 0 (>.01 in) 0 (>.1 in) 0 (>1 in) Heat Base: 65.0 Cool Base: 65.0 Method: Integration