2023: Jan | Feb | Mar | Apr | May | Jun | Jul | Aug | Sep | Oct | Nov | Dec 
2022: Jan | Feb | Mar | Apr | May | Jun | Jul | Aug | Sep | Oct | Nov | Dec 
2021: Jan | Feb | Mar | Apr | May | Jun | Jul | Aug | Sep | Oct | Nov | Dec 
2020: Jan | Feb | Mar | Apr | May | Jun | Jul | Aug | Sep | Oct | Nov | Dec 
2019: Jan | Feb | Mar | Apr | May | Jun | Jul | Aug | Sep | Oct | Nov | Dec 

Report for 2021 08
MONTHLY CLIMATOLOGICAL SUMMARY for AUG. 2021 NAME: Chucks Weather CITY: Renton STATE: WA ELEV: 340 ft LAT: 47 27' 45" N LONG: 122 12' 07" W TEMPERATURE (F), RAIN (in), WIND SPEED (mph) HEAT COOL AVG MEAN DEG DEG WIND DOM DAY TEMP HIGH TIME LOW TIME DAYS DAYS RAIN SPEED HIGH TIME DIR ------------------------------------------------------------------------------------ 1 2 79.2 88.4 5:59p 71.8 11:59p 0.0 3.6 0.00 2.5 12.0 6:33p N 3 74.7 88.3 5:13p 65.3 6:04a 0.0 9.7 0.00 1.6 12.0 3:50p NNE 4 75.7 92.2 5:50p 61.8 6:06a 0.3 11.0 0.00 2.0 12.0 3:08p NNE 5 72.7 86.4 5:01p 63.1 6:07a 0.1 7.8 0.00 2.3 17.0 10:01p SW 6 70.5 81.0 4:06p 65.2 3:26a 0.0 5.5 0.05 3.3 19.0 3:16p SW 7 67.7 78.9 4:46p 61.1 11:55p 0.6 3.3 0.00 3.8 27.0 7:48p S 8 65.8 77.5 3:35p 57.0 5:23a 2.5 3.3 0.01 2.3 15.0 2:36p SE 9 68.6 83.2 4:55p 57.4 5:12a 1.9 5.5 0.00 1.7 14.0 4:19p N 10 74.2 88.9 4:45p 63.6 6:32a 0.2 9.4 0.00 1.9 14.0 2:24p NNE 11 78.6 94.1 3:50p 64.7 5:56a 0.0 13.6 0.00 1.8 14.0 3:21p N 12 80.9 97.3 5:15p 69.2 6:15a 0.0 15.9 0.00 1.7 12.0 2:44p N 13 81.8 96.7 4:22p 70.1 6:32a 0.0 16.8 0.00 1.2 8.0 2:11p N 14 75.7 88.7 4:59p 64.4 7:28a 0.0 10.7 0.00 1.6 11.0 12:33p SSE 15 73.0 86.0 5:29p 62.4 7:12a 0.2 8.2 0.00 1.9 12.0 11:25a S 16 67.0 78.6 2:56p 59.4 12:00m 0.8 2.8 0.00 2.9 18.0 4:07p SW 17 62.1 73.0 5:31p 56.2 5:26a 3.9 1.0 0.00 1.9 9.0 12:31a E 18 66.8 80.6 4:17p 55.5 6:15a 3.2 4.9 0.00 1.6 11.0 3:24p ESE 19 68.5 83.7 5:08p 58.3 6:29a 1.8 5.3 0.00 2.1 12.0 4:29p S 20 61.7 65.2 5:01p 58.9 11:35p 3.3 0.0 0.01 2.2 15.0 6:03p SW 21 63.1 69.5 4:46p 57.6 4:37a 2.9 1.1 0.00 1.3 10.0 12:27p WSW 22 62.9 68.4 3:23p 59.3 6:25a 2.5 0.4 0.00 3.2 18.0 11:57a S 23 63.2 75.8 5:17p 54.5 5:40a 3.9 2.1 0.00 2.2 12.0 11:12a NE 24 65.5 81.4 4:27p 51.2 6:47a 3.9 4.5 0.00 1.5 12.0 3:16p ENE 25 64.9 78.2 3:32p 53.6 6:34a 3.1 3.0 0.00 1.9 14.0 4:11p SW 26 64.3 71.8 2:35p 59.8 6:08a 1.8 1.1 0.01 2.5 17.0 3:38p SSE 27 63.6 73.7 5:19p 58.2 6:31a 2.9 1.4 0.04 2.1 12.0 4:32p ENE 28 65.5 81.8 4:53p 52.6 6:47a 3.8 4.3 0.00 1.7 12.0 4:15p NNE 29 67.9 82.9 4:45p 55.9 6:41a 2.2 5.0 0.00 1.6 12.0 11:56a N 30 60.1 66.1 2:11p 53.9 6:27a 4.9 0.0 0.01 2.3 15.0 1:53p S 31 59.4 67.6 3:58p 54.2 6:51a 5.8 0.2 0.00 2.1 15.0 1:03p E ------------------------------------------------------------------------------------- 68.9 97.3 12 51.2 24 56.5 161.4 0.13 2.1 27.0 7 S Max >= 90.0: 4 Max <= 32.0: 0 Min <= 32.0: 0 Min <= 0.0: 0 Max Rain: 0.05 ON 08/06/21 Days of Rain: 2 (>.01 in) 0 (>.1 in) 0 (>1 in) Heat Base: 65.0 Cool Base: 65.0 Method: Integration