2023: Jan | Feb | Mar | Apr | May | Jun | Jul | Aug | Sep | Oct | Nov | Dec 
2022: Jan | Feb | Mar | Apr | May | Jun | Jul | Aug | Sep | Oct | Nov | Dec 
2021: Jan | Feb | Mar | Apr | May | Jun | Jul | Aug | Sep | Oct | Nov | Dec 
2020: Jan | Feb | Mar | Apr | May | Jun | Jul | Aug | Sep | Oct | Nov | Dec 
2019: Jan | Feb | Mar | Apr | May | Jun | Jul | Aug | Sep | Oct | Nov | Dec 

Report for 2021 10
MONTHLY CLIMATOLOGICAL SUMMARY for OCT. 2021 NAME: Chucks Weather CITY: Renton STATE: WA ELEV: 340 ft LAT: 47 27' 45" N LONG: 122 12' 07" W TEMPERATURE (F), RAIN (in), WIND SPEED (mph) HEAT COOL AVG MEAN DEG DEG WIND DOM DAY TEMP HIGH TIME LOW TIME DAYS DAYS RAIN SPEED HIGH TIME DIR ------------------------------------------------------------------------------------ 1 57.1 66.0 2:43p 51.1 7:32a 8.0 0.0 0.00 1.5 13.0 1:28p E 2 57.0 70.6 3:38p 47.7 3:52a 8.5 0.6 0.00 1.3 12.0 3:27p S 3 56.2 57.9 5:29p 53.1 11:56p 8.8 0.0 0.01 1.8 11.0 1:51a NNE 4 56.6 64.2 1:16p 52.7 5:56a 8.4 0.0 0.00 1.0 8.0 12:15a NNE 5 53.3 56.0 3:10p 48.1 11:59p 11.7 0.0 0.32 2.4 21.0 12:41p SE 6 51.9 59.0 4:47p 47.3 3:26a 13.1 0.0 0.15 1.8 11.0 2:15a SE 7 51.1 61.3 3:38p 44.4 7:29a 13.9 0.0 0.00 1.1 10.0 1:12p ENE 8 48.5 61.4 3:15p 40.6 7:59a 16.5 0.0 0.00 0.8 9.0 2:41p E 9 51.8 58.8 3:22p 42.6 2:55a 13.2 0.0 0.03 2.1 19.0 10:15p S 10 51.2 57.8 1:41p 44.5 11:37p 13.8 0.0 0.47 2.0 12.0 2:23a E 11 47.0 56.0 3:35p 40.7 7:42a 18.0 0.0 0.05 0.9 10.0 1:58p E 12 44.4 52.2 2:36p 36.6 6:07a 20.6 0.0 0.10 0.9 8.0 3:22a SSE 13 49.0 55.6 1:43p 44.9 7:16a 16.0 0.0 0.02 1.5 10.0 1:44p SE 14 52.7 60.7 3:06p 47.3 4:51a 12.3 0.0 0.10 2.7 17.0 8:44p E 15 56.8 62.2 3:19p 52.4 4:41a 8.2 0.0 0.02 2.0 12.0 2:04p ESE 16 60.2 69.6 2:43p 55.2 3:31a 5.3 0.4 0.01 2.1 13.0 3:55p E 17 55.0 57.7 1:39p 50.5 9:34p 10.0 0.0 0.01 1.6 10.0 7:05p E 18 53.0 56.4 4:05p 50.8 4:57a 12.0 0.0 0.00 0.9 9.0 12:48a WNW 19 53.4 62.6 2:53p 44.3 7:47a 11.6 0.0 0.00 0.7 6.0 4:15p SE 20 55.1 63.0 2:54p 52.0 7:30a 9.9 0.0 0.25 3.3 22.0 10:17a S 21 60.8 71.8 1:44p 52.6 12:27a 5.2 1.1 0.44 4.6 23.0 9:20a E 22 54.3 58.8 1:20p 50.1 11:02p 10.7 0.0 0.21 2.0 12.0 4:44p ESE 23 52.2 56.3 3:00p 49.3 1:22a 12.7 0.0 0.15 1.4 11.0 8:35a E 24 55.5 60.2 1:20p 50.0 2:56p 9.5 0.0 0.37 5.0 27.0 2:34p SE 25 55.4 59.9 1:07p 51.0 7:41p 9.6 0.0 0.16 7.7 29.0 10:48a S 26 52.1 58.2 1:36p 49.3 8:14a 12.9 0.0 0.41 4.3 22.0 3:34p S 27 51.4 56.1 2:19p 48.5 2:56a 13.6 0.0 0.15 4.2 23.0 6:44a S 28 55.6 61.4 2:44p 48.7 1:49a 9.4 0.0 1.51 2.5 16.0 7:55a S 29 49.3 53.6 3:08p 43.3 10:50p 15.7 0.0 0.25 1.4 11.0 1:14a NNE 30 45.4 56.8 2:50p 38.7 7:27a 19.6 0.0 0.00 3.4 16.0 8:52a NNE 31 48.0 63.7 2:52p 38.3 5:42a 17.0 0.0 0.00 1.4 9.0 3:02p NE ------------------------------------------------------------------------------------- 52.9 71.8 21 36.6 12 375.7 2.1 5.19 2.3 29.0 25 E Max >= 90.0: 0 Max <= 32.0: 0 Min <= 32.0: 0 Min <= 0.0: 0 Max Rain: 1.51 ON 10/28/21 Days of Rain: 19 (>.01 in) 13 (>.1 in) 1 (>1 in) Heat Base: 65.0 Cool Base: 65.0 Method: Integration