2023: Jan | Feb | Mar | Apr | May | Jun | Jul | Aug | Sep | Oct | Nov | Dec 
2022: Jan | Feb | Mar | Apr | May | Jun | Jul | Aug | Sep | Oct | Nov | Dec 
2021: Jan | Feb | Mar | Apr | May | Jun | Jul | Aug | Sep | Oct | Nov | Dec 
2020: Jan | Feb | Mar | Apr | May | Jun | Jul | Aug | Sep | Oct | Nov | Dec 
2019: Jan | Feb | Mar | Apr | May | Jun | Jul | Aug | Sep | Oct | Nov | Dec 

Report for 2021 11
MONTHLY CLIMATOLOGICAL SUMMARY for NOV. 2021 NAME: Chucks Weather CITY: Renton STATE: WA ELEV: 340 ft LAT: 47 27' 45" N LONG: 122 12' 07" W TEMPERATURE (F), RAIN (in), WIND SPEED (mph) HEAT COOL AVG MEAN DEG DEG WIND DOM DAY TEMP HIGH TIME LOW TIME DAYS DAYS RAIN SPEED HIGH TIME DIR ------------------------------------------------------------------------------------ 1 50.7 59.5 12:49p 43.0 5:21a 14.2 0.0 0.14 2.2 17.0 12:56a E 2 49.1 53.0 11:57p 45.7 2:26a 15.9 0.0 0.18 1.6 14.0 6:04p E 3 55.4 60.7 1:54p 51.4 5:31a 9.6 0.0 0.43 2.0 14.0 11:56p E 4 53.9 59.0 1:12p 49.2 10:15p 11.1 0.0 0.56 4.1 27.0 3:00p S 5 49.1 54.1 12:25p 44.7 10:04p 15.9 0.0 0.14 3.0 20.0 9:47a E 6 45.2 49.2 2:30p 43.4 9:51p 19.8 0.0 0.41 4.1 24.0 11:27a S 7 44.0 48.4 11:11a 41.8 2:10a 21.0 0.0 0.38 3.5 25.0 12:56p S 8 49.5 59.0 1:10p 41.0 5:42a 15.5 0.0 0.00 3.5 28.0 9:10p E 9 47.7 55.2 12:01a 43.7 4:13p 17.3 0.0 0.76 5.5 29.0 3:54p S 10 48.4 56.3 12:29p 43.0 5:55a 16.6 0.0 0.03 2.3 16.0 12:04a SE 11 51.0 54.6 9:28p 46.7 12:23a 14.0 0.0 0.91 2.6 18.0 5:42p E 12 55.6 59.6 4:13a 51.1 11:54p 9.4 0.0 0.68 3.4 17.0 5:40p S 13 49.8 56.6 11:55p 46.3 7:47a 15.2 0.0 0.68 1.3 13.0 12:00m ESE 14 60.4 65.3 1:10p 56.6 12:01a 4.6 0.0 0.49 7.1 30.0 11:15a S 15 54.8 64.2 10:30a 44.0 9:35p 10.2 0.0 0.15 7.6 34.0 7:09a S 16 43.8 51.8 1:34p 35.7 11:42p 16.9 0.0 0.00 3.0 14.0 2:00a S 17 42.3 53.5 1:56p 31.5 4:27a 22.7 0.0 0.00 2.0 14.0 2:12p E 18 46.0 50.0 12:17p 43.0 12:00m 19.0 0.0 0.39 1.4 11.0 4:34a NNE 19 44.2 49.2 12:29p 41.9 4:54a 20.8 0.0 0.28 2.2 14.0 3:07a NNE 20 43.8 49.9 2:04p 40.2 7:11a 21.2 0.0 0.00 0.8 7.0 2:16p ESE 21 40.6 48.4 1:33p 36.2 5:08a 24.4 0.0 0.01 0.7 6.0 5:31a N 22 42.1 47.9 11:39a 33.3 6:43a 22.9 0.0 0.13 2.2 12.0 10:02a SE 23 45.5 49.9 2:46p 42.0 8:56a 19.5 0.0 0.52 2.3 11.0 5:14a SE 24 44.3 48.4 12:01p 39.4 5:48a 20.7 0.0 0.02 1.0 9.0 11:21p ESE 25 45.7 48.5 1:39p 43.2 4:56a 19.3 0.0 0.68 1.8 10.0 4:24a ESE 26 50.8 55.2 1:19p 47.0 12:01a 14.2 0.0 0.07 3.0 18.0 10:28a S 27 52.8 60.4 11:53p 48.5 5:33a 12.2 0.0 0.59 2.2 19.0 11:13p S 28 58.3 61.6 3:23a 55.3 2:24p 6.6 0.0 0.15 5.7 26.0 6:55a S 29 56.0 60.1 1:40p 54.2 5:27a 9.0 0.0 0.00 2.2 11.0 12:46a S 30 54.8 56.6 11:05p 53.3 11:07a 10.2 0.0 0.09 4.7 21.0 3:55p S ------------------------------------------------------------------------------------- 49.2 65.3 14 31.5 17 469.9 0.0 8.87 3.0 34.0 15 S Max >= 90.0: 0 Max <= 32.0: 0 Min <= 32.0: 1 Min <= 0.0: 0 Max Rain: 0.91 ON 11/11/21 Days of Rain: 24 (>.01 in) 20 (>.1 in) 0 (>1 in) Heat Base: 65.0 Cool Base: 65.0 Method: Integration