2023: Jan | Feb | Mar | Apr | May | Jun | Jul | Aug | Sep | Oct | Nov | Dec 
2022: Jan | Feb | Mar | Apr | May | Jun | Jul | Aug | Sep | Oct | Nov | Dec 
2021: Jan | Feb | Mar | Apr | May | Jun | Jul | Aug | Sep | Oct | Nov | Dec 
2020: Jan | Feb | Mar | Apr | May | Jun | Jul | Aug | Sep | Oct | Nov | Dec 
2019: Jan | Feb | Mar | Apr | May | Jun | Jul | Aug | Sep | Oct | Nov | Dec 

Report for 2021 12
MONTHLY CLIMATOLOGICAL SUMMARY for DEC. 2021 NAME: Chucks Weather CITY: Renton STATE: WA ELEV: 340 ft LAT: 47 27' 45" N LONG: 122 12' 07" W TEMPERATURE (F), RAIN (in), WIND SPEED (mph) HEAT COOL AVG MEAN DEG DEG WIND DOM DAY TEMP HIGH TIME LOW TIME DAYS DAYS RAIN SPEED HIGH TIME DIR ------------------------------------------------------------------------------------ 1 57.1 59.6 10:47a 55.2 11:55p 7.9 0.0 0.00 4.5 21.0 8:29p S 2 47.8 55.3 12:02a 40.5 11:59p 17.2 0.0 0.15 2.2 13.0 6:57a NE 3 40.2 44.3 1:58p 38.2 6:35a 24.8 0.0 0.00 2.5 12.0 10:16a NE 4 40.6 43.6 1:20p 37.2 12:00m 24.4 0.0 0.48 1.3 10.0 4:48a NNE 5 38.6 43.6 1:54p 35.0 8:41a 26.4 0.0 0.00 1.0 8.0 1:58p ENE 6 42.1 46.0 11:41p 38.7 2:40a 22.9 0.0 0.13 1.1 10.0 4:36a ENE 7 47.8 50.5 9:34p 44.8 1:59a 17.2 0.0 0.11 1.5 17.0 11:26p NNE 8 44.6 50.0 12:46a 40.2 11:33p 20.4 0.0 0.04 4.3 23.0 3:15a S 9 40.6 43.1 3:51p 38.3 9:15p 24.4 0.0 0.00 4.0 19.0 6:15a S 10 43.3 48.3 9:33p 40.5 4:23a 21.7 0.0 0.14 5.2 26.0 7:39p S 11 44.4 49.0 1:42p 39.5 10:44p 20.6 0.0 0.63 7.2 33.0 2:59p S 12 40.0 42.3 11:34a 38.3 8:33p 25.0 0.0 0.15 4.7 24.0 3:55a S 13 40.8 42.4 3:21p 38.2 8:19a 24.2 0.0 0.13 2.5 17.0 8:16p S 14 38.2 40.9 12:17p 34.6 7:06a 26.8 0.0 0.11 2.9 16.0 2:34a ESE 15 40.9 44.2 12:26p 37.8 12:40a 24.1 0.0 0.03 3.0 18.0 3:44p E 16 41.0 45.4 12:53p 38.8 6:46a 24.0 0.0 0.07 1.2 10.0 12:48p ENE 17 40.3 46.6 12:58p 37.6 2:59a 24.7 0.0 0.15 2.3 13.0 10:03p E 18 42.7 52.3 12:45p 37.5 12:55a 22.3 0.0 0.55 5.5 31.0 12:37p E 19 41.4 48.1 12:47p 37.1 11:02p 23.6 0.0 0.01 1.7 13.0 2:31p NNE 20 37.2 38.4 3:22p 35.7 7:54a 27.7 0.0 0.33 1.5 9.0 12:49a NNE 21 37.7 43.6 11:59p 35.0 5:40a 27.3 0.0 0.18 1.4 10.0 1:36a NNE 22 47.4 51.3 11:50a 43.3 12:45a 17.6 0.0 0.46 4.9 23.0 7:10a S 23 42.0 48.6 12:01a 39.5 9:04p 23.0 0.0 0.14 5.7 23.0 11:45p S 24 39.8 43.0 11:23a 37.0 11:50p 25.2 0.0 0.32 4.9 25.0 8:18p S 25 36.1 37.9 3:11p 32.7 11:53p 28.9 0.0 0.20 5.5 24.0 5:57a S 26 27.2 32.7 12:01a 21.5 11:43p 37.8 0.0 0.00 4.1 15.0 12:38p NNE 27 22.3 25.9 11:22p 17.4 7:20a 42.7 0.0 0.02 2.4 17.0 12:29a NNE 28 28.0 30.7 1:57p 25.7 12:11a 37.0 0.0 0.00 1.5 13.0 11:34p N 29 27.9 33.1 12:30p 23.9 7:39a 37.1 0.0 0.09 2.5 16.0 4:32a NNE 30 32.9 36.4 1:08p 28.8 12:01a 32.1 0.0 0.10 2.5 21.0 1:23a NNE 31 29.3 35.7 1:13p 21.2 11:32p 35.7 0.0 0.09 1.4 13.0 2:25p NNE ------------------------------------------------------------------------------------- 39.4 59.6 1 17.4 27 794.7 0.0 4.81 3.1 33.0 11 S Max >= 90.0: 0 Max <= 32.0: 2 Min <= 32.0: 6 Min <= 0.0: 0 Max Rain: 0.63 ON 12/11/21 Days of Rain: 24 (>.01 in) 17 (>.1 in) 0 (>1 in) Heat Base: 65.0 Cool Base: 65.0 Method: Integration