2022: Jan | Feb | Mar | Apr | May | Jun | Jul | Aug | Sep | Oct | Nov | Dec 
2021: Jan | Feb | Mar | Apr | May | Jun | Jul | Aug | Sep | Oct | Nov | Dec 
2020: Jan | Feb | Mar | Apr | May | Jun | Jul | Aug | Sep | Oct | Nov | Dec 
2019: Jan | Feb | Mar | Apr | May | Jun | Jul | Aug | Sep | Oct | Nov | Dec 

Report for 2022 01
MONTHLY CLIMATOLOGICAL SUMMARY for JAN. 2022 NAME: Chucks Weather CITY: Renton STATE: WA ELEV: 340 ft LAT: 47 27' 45" N LONG: 122 12' 07" W TEMPERATURE (F), RAIN (in), WIND SPEED (mph) HEAT COOL AVG MEAN DEG DEG WIND DOM DAY TEMP HIGH TIME LOW TIME DAYS DAYS RAIN SPEED HIGH TIME DIR ------------------------------------------------------------------------------------ 1 29.7 37.3 1:07p 21.6 1:24a 35.3 0.0 0.04 1.1 10.0 6:09p S 2 36.2 40.5 4:51p 31.5 3:03a 28.8 0.0 0.90 3.2 16.0 11:18p ESE 3 37.2 42.5 1:59p 34.8 6:52p 27.8 0.0 0.50 4.3 22.0 1:04p ESE 4 38.9 42.4 11:00a 36.1 1:04a 26.1 0.0 0.16 3.2 22.0 6:49a ESE 5 38.1 39.8 12:01a 36.4 8:10p 26.9 0.0 0.25 1.0 9.0 10:15a ENE 6 47.1 52.1 3:37p 37.1 12:51a 17.9 0.0 1.58 6.1 29.0 7:13p S 7 44.2 48.9 5:25a 38.8 11:13p 20.8 0.0 0.28 5.5 29.0 1:05p S 8 41.3 46.7 1:11p 35.9 11:58p 23.7 0.0 0.00 2.8 13.0 1:54p S 9 41.7 52.8 4:25p 33.8 8:08a 23.3 0.0 0.01 1.0 9.0 10:50p E 10 43.8 48.9 9:58p 35.2 5:22a 21.2 0.0 0.19 1.7 13.0 10:13a E 11 51.2 55.1 6:34p 46.9 2:14a 13.8 0.0 1.46 3.1 16.0 12:15a ESE 12 54.1 59.1 2:25p 46.4 11:36p 10.9 0.0 0.12 2.0 14.0 2:35a ESE 13 49.4 55.7 2:32p 44.5 11:31p 15.6 0.0 0.24 1.5 12.0 2:07a ESE 14 45.3 53.1 2:11p 40.2 11:35p 19.7 0.0 0.00 0.9 10.0 2:58a ENE 15 42.3 45.6 1:36p 40.0 7:41a 22.7 0.0 0.00 0.7 7.0 3:48p ENE 16 41.8 45.0 2:25p 40.4 7:15a 23.2 0.0 0.01 0.8 6.0 8:56a WNW 17 45.0 51.2 6:02p 39.7 8:31a 20.0 0.0 0.04 1.9 12.0 6:02p S 18 47.3 48.1 2:45p 46.2 12:33a 17.7 0.0 0.05 2.9 16.0 3:51a S 19 47.4 51.2 3:55p 43.3 7:57a 17.6 0.0 0.02 1.1 10.0 11:17p E 20 49.8 54.1 5:16a 42.9 11:59p 15.2 0.0 0.23 4.8 25.0 4:52a S 21 43.6 49.8 12:07p 37.1 11:13p 21.4 0.0 0.00 0.9 6.0 12:23p ENE 22 38.3 43.6 3:38p 35.8 5:17a 26.7 0.0 0.00 1.0 9.0 5:09a NNE 23 37.3 38.4 1:36p 36.2 7:32a 27.7 0.0 0.01 0.9 7.0 12:35a NNE 24 37.1 39.3 2:09p 35.7 9:45p 27.9 0.0 0.00 1.1 8.0 3:16p NNE 25 37.6 44.2 2:04p 35.2 1:27a 27.4 0.0 0.00 1.0 7.0 10:41a NE 26 35.2 39.5 2:09p 33.1 9:15a 29.8 0.0 0.00 1.6 11.0 7:51a NNE 27 37.0 46.7 3:43p 31.8 5:25a 28.0 0.0 0.00 0.8 6.0 7:58p N 28 39.8 54.6 2:29p 30.1 8:19a 25.2 0.0 0.00 1.6 12.0 6:44p S 29 43.6 55.3 2:02p 32.1 6:34a 21.4 0.0 0.00 1.4 9.0 9:51a SE 30 45.9 55.8 2:43p 41.1 10:56p 19.1 0.0 0.29 4.1 29.0 5:22p S 31 42.1 47.4 3:06p 39.9 10:49p 22.9 0.0 0.00 3.1 23.0 12:39a S ------------------------------------------------------------------------------------- 42.2 59.1 12 21.6 1 705.7 0.0 6.38 2.2 29.0 6 S Max >= 90.0: 0 Max <= 32.0: 0 Min <= 32.0: 4 Min <= 0.0: 0 Max Rain: 1.58 ON 01/06/22 Days of Rain: 16 (>.01 in) 12 (>.1 in) 2 (>1 in) Heat Base: 65.0 Cool Base: 65.0 Method: Integration