2023: Jan | Feb | Mar | Apr | May | Jun | Jul | Aug | Sep | Oct | Nov | Dec 
2022: Jan | Feb | Mar | Apr | May | Jun | Jul | Aug | Sep | Oct | Nov | Dec 
2021: Jan | Feb | Mar | Apr | May | Jun | Jul | Aug | Sep | Oct | Nov | Dec 
2020: Jan | Feb | Mar | Apr | May | Jun | Jul | Aug | Sep | Oct | Nov | Dec 
2019: Jan | Feb | Mar | Apr | May | Jun | Jul | Aug | Sep | Oct | Nov | Dec 

Report for 2022 02
MONTHLY CLIMATOLOGICAL SUMMARY for FEB. 2022 NAME: Chucks Weather CITY: Renton STATE: WA ELEV: 340 ft LAT: 47 27' 45" N LONG: 122 12' 07" W TEMPERATURE (F), RAIN (in), WIND SPEED (mph) HEAT COOL AVG MEAN DEG DEG WIND DOM DAY TEMP HIGH TIME LOW TIME DAYS DAYS RAIN SPEED HIGH TIME DIR ------------------------------------------------------------------------------------ 1 39.9 44.8 2:39p 36.4 6:31a 25.1 0.0 0.01 1.7 9.0 2:39a ENE 2 39.2 44.0 11:44p 33.9 4:03a 25.8 0.0 0.03 2.2 15.0 8:55p E 3 45.7 49.6 3:30p 43.0 2:02a 19.3 0.0 0.10 3.1 14.0 8:46a S 4 45.9 50.8 12:47p 41.8 5:54a 19.1 0.0 0.03 4.3 25.0 8:03p S 5 44.7 50.1 12:40p 38.4 11:59p 20.3 0.0 0.02 1.8 17.0 2:14a ENE 6 42.9 53.1 1:53p 36.6 4:44a 22.1 0.0 0.01 1.2 11.0 11:55p SSE 7 48.1 55.1 2:58p 40.0 1:02a 16.9 0.0 0.00 4.2 25.0 6:28a S 8 46.5 53.2 1:52p 43.8 7:53a 18.5 0.0 0.00 1.1 8.0 1:54p SE 9 48.7 58.6 1:41p 42.6 6:11a 16.3 0.0 0.00 0.7 8.0 1:23p N 10 46.1 49.1 2:01p 42.8 1:57a 18.9 0.0 0.02 1.1 11.0 10:24p NNE 11 47.0 53.0 2:18p 42.0 11:52p 18.0 0.0 0.00 2.9 13.0 9:28a NNE 12 44.9 58.0 2:26p 37.9 7:56a 20.1 0.0 0.01 2.5 13.0 11:58a NNE 13 45.9 60.6 2:42p 31.5 6:57a 19.1 0.0 0.00 1.0 12.0 7:35p WNW 14 45.8 49.3 1:47p 43.0 8:12p 19.2 0.0 0.30 2.8 15.0 7:40a S 15 45.3 49.3 2:12p 41.9 8:36a 19.7 0.0 0.01 1.6 12.0 10:44p S 16 45.9 53.3 1:25p 39.3 10:24p 19.1 0.0 0.00 1.2 11.0 2:57p S 17 44.8 49.3 2:17p 39.2 2:19a 20.2 0.0 0.00 1.6 11.0 10:56a S 18 46.6 51.4 3:26p 42.9 8:16p 18.4 0.0 0.00 0.9 8.0 12:33p SE 19 44.8 50.6 2:38p 41.2 7:10a 20.2 0.0 0.01 4.4 25.0 2:55p S 20 42.6 51.4 2:36p 38.0 10:18p 22.4 0.0 0.19 2.6 14.0 4:45a S 21 38.9 45.6 1:54p 32.1 11:42p 26.1 0.0 0.01 2.7 17.0 4:32p E 22 32.7 35.9 9:35a 27.7 11:56p 32.3 0.0 0.01 3.2 12.0 4:45a NNE 23 32.0 40.7 1:25p 24.9 7:26a 33.0 0.0 0.00 2.3 11.0 12:43a E 24 34.9 43.9 2:49p 28.0 7:26a 30.1 0.0 0.00 1.3 10.0 12:18p ENE 25 36.5 49.7 2:23p 25.2 6:59a 28.5 0.0 0.00 1.2 14.0 11:02p ENE 26 42.9 52.3 1:05p 35.2 2:58a 22.1 0.0 0.21 3.3 19.0 10:33a E 27 47.0 50.3 7:55a 42.8 12:05a 18.0 0.0 1.04 4.2 22.0 7:24a ESE 28 52.3 55.6 4:04p 48.8 5:40a 12.7 0.0 2.39 4.2 19.0 12:35p S ------------------------------------------------------------------------------------- 43.5 60.6 13 24.9 23 601.5 0.0 4.40 2.3 25.0 4 S Max >= 90.0: 0 Max <= 32.0: 0 Min <= 32.0: 5 Min <= 0.0: 0 Max Rain: 2.39 ON 02/28/22 Days of Rain: 10 (>.01 in) 5 (>.1 in) 2 (>1 in) Heat Base: 65.0 Cool Base: 65.0 Method: Integration