2023: Jan | Feb | Mar | Apr | May | Jun | Jul | Aug | Sep | Oct | Nov | Dec 
2022: Jan | Feb | Mar | Apr | May | Jun | Jul | Aug | Sep | Oct | Nov | Dec 
2021: Jan | Feb | Mar | Apr | May | Jun | Jul | Aug | Sep | Oct | Nov | Dec 
2020: Jan | Feb | Mar | Apr | May | Jun | Jul | Aug | Sep | Oct | Nov | Dec 
2019: Jan | Feb | Mar | Apr | May | Jun | Jul | Aug | Sep | Oct | Nov | Dec 

Report for 2022 03
MONTHLY CLIMATOLOGICAL SUMMARY for MAR. 2022 NAME: Chucks Weather CITY: Renton STATE: WA ELEV: 340 ft LAT: 47 27' 45" N LONG: 122 12' 07" W TEMPERATURE (F), RAIN (in), WIND SPEED (mph) HEAT COOL AVG MEAN DEG DEG WIND DOM DAY TEMP HIGH TIME LOW TIME DAYS DAYS RAIN SPEED HIGH TIME DIR ------------------------------------------------------------------------------------ 1 54.5 60.3 3:11p 50.3 11:47p 10.5 0.0 0.13 3.3 16.0 5:36a S 2 49.7 53.7 1:43p 47.8 11:40p 15.3 0.0 0.31 1.9 13.0 7:07p S 3 46.0 52.9 2:28p 42.7 8:16a 19.0 0.0 0.12 1.9 14.0 3:21p ESE 4 45.4 51.4 4:28p 41.8 11:52p 19.6 0.0 0.02 1.8 12.0 4:01p E 5 45.4 54.3 1:54p 39.6 11:18p 19.6 0.0 0.00 1.3 12.0 11:55a ENE 6 42.3 53.8 4:24p 33.0 6:33a 22.7 0.0 0.00 1.2 11.0 2:27p E 7 42.9 51.0 4:24p 34.2 6:35a 20.6 0.0 0.00 1.5 11.0 2:02p S 8 44.6 50.6 4:39p 37.3 11:41p 20.4 0.0 0.12 1.2 10.0 12:39a ESE 9 40.9 50.8 2:21p 33.4 11:57p 24.1 0.0 0.01 2.0 15.0 1:45p NE 10 40.0 50.0 12:36p 29.2 4:03a 25.0 0.0 0.00 1.0 9.0 12:57p NE 11 46.0 52.1 3:57p 40.3 5:56a 19.0 0.0 0.00 1.0 7.0 6:29p E 12 48.5 60.9 1:39p 40.0 6:26a 16.5 0.0 0.05 2.0 13.0 2:12p E 13 48.4 55.5 3:44p 40.7 8:07a 15.9 0.0 0.13 3.0 19.0 8:01p S 14 46.8 51.0 11:59a 44.6 9:05p 18.2 0.0 0.55 2.9 14.0 12:18a S 15 48.3 55.9 2:57p 45.4 1:51a 16.7 0.0 0.20 4.8 23.0 3:13p S 16 48.4 57.8 3:37p 43.6 4:45a 16.6 0.0 0.00 3.2 19.0 12:08a S 17 47.6 53.8 2:21p 43.1 5:21a 17.4 0.0 0.01 1.5 13.0 3:26p S 18 50.6 58.6 4:36p 45.8 7:41a 14.4 0.0 0.16 2.2 14.0 6:58p S 19 46.5 53.9 1:23p 42.0 8:31p 18.5 0.0 0.29 3.9 18.0 12:02p S 20 43.7 49.1 2:06p 40.1 4:38a 21.3 0.0 0.26 3.5 16.0 4:00a S 21 46.6 52.4 3:06p 42.1 6:51a 18.4 0.0 0.54 1.3 8.0 3:28p E 22 55.9 69.4 5:10p 48.9 3:12a 9.4 0.3 0.03 1.1 8.0 2:23p E 23 51.8 56.8 4:49p 43.2 11:54p 13.2 0.0 0.13 2.6 16.0 12:51p S 24 47.3 61.3 5:19p 38.2 6:14a 17.7 0.0 0.00 1.7 12.0 12:52p N 25 51.6 62.4 4:30p 44.6 6:53a 13.4 0.0 0.00 1.4 12.0 10:34a E 26 54.2 61.6 3:26p 47.9 5:05a 10.8 0.0 0.01 1.2 10.0 1:03p WNW 27 55.9 69.5 3:56p 46.6 7:24a 9.4 0.3 0.00 1.1 9.0 2:16p N 28 53.2 59.3 4:14p 50.2 9:38p 11.8 0.0 0.00 1.2 14.0 10:58a N 29 52.5 61.9 3:51p 47.5 7:18a 12.5 0.0 0.00 1.7 15.0 4:45p SSW 30 49.6 58.1 5:00p 45.8 12:00m 15.4 0.0 0.01 3.7 22.0 1:58p S 31 48.5 62.6 4:37p 41.6 6:43a 16.5 0.0 0.02 2.1 12.0 4:04p S ------------------------------------------------------------------------------------- 48.2 69.5 27 29.2 10 519.8 0.6 3.10 2.1 23.0 15 S Max >= 90.0: 0 Max <= 32.0: 0 Min <= 32.0: 1 Min <= 0.0: 0 Max Rain: 0.55 ON 03/14/22 Days of Rain: 16 (>.01 in) 12 (>.1 in) 0 (>1 in) Heat Base: 65.0 Cool Base: 65.0 Method: Integration