2023: Jan | Feb | Mar | Apr | May | Jun | Jul | Aug | Sep | Oct | Nov | Dec 
2022: Jan | Feb | Mar | Apr | May | Jun | Jul | Aug | Sep | Oct | Nov | Dec 
2021: Jan | Feb | Mar | Apr | May | Jun | Jul | Aug | Sep | Oct | Nov | Dec 
2020: Jan | Feb | Mar | Apr | May | Jun | Jul | Aug | Sep | Oct | Nov | Dec 
2019: Jan | Feb | Mar | Apr | May | Jun | Jul | Aug | Sep | Oct | Nov | Dec 

Report for 2022 04
MONTHLY CLIMATOLOGICAL SUMMARY for APR. 2022 NAME: Chucks Weather CITY: Renton STATE: WA ELEV: 340 ft LAT: 47 27' 45" N LONG: 122 12' 07" W TEMPERATURE (F), RAIN (in), WIND SPEED (mph) HEAT COOL AVG MEAN DEG DEG WIND DOM DAY TEMP HIGH TIME LOW TIME DAYS DAYS RAIN SPEED HIGH TIME DIR ------------------------------------------------------------------------------------ 1 48.2 56.6 2:34p 41.7 7:01a 16.8 0.0 0.04 2.6 17.0 11:53p S 2 50.3 59.5 4:12p 44.3 4:22a 14.7 0.0 0.01 3.8 19.0 10:48a S 3 49.3 54.5 2:22p 45.1 7:31a 15.7 0.0 0.19 4.6 22.0 7:04p S 4 45.1 49.0 2:58p 39.5 8:42p 19.9 0.0 0.79 7.4 31.0 4:24p S 5 45.7 55.5 3:19p 39.8 1:57a 19.3 0.0 0.00 4.9 25.0 2:25a S 6 49.6 64.9 2:46p 34.7 6:57a 15.4 0.0 0.00 1.8 11.0 2:05p ENE 7 60.6 81.3 4:42p 44.8 6:50a 7.6 3.3 0.00 1.5 14.0 11:47p NNE 8 50.1 61.6 12:01a 43.1 11:57p 14.9 0.0 0.15 5.4 29.0 2:47p S 9 43.9 53.1 2:44p 37.5 11:33p 21.1 0.0 0.18 3.6 27.0 7:41p SE 10 41.5 50.4 3:26p 37.6 12:01a 23.5 0.0 0.16 3.9 19.0 12:54a S 11 44.5 53.2 5:50p 38.0 3:23a 20.5 0.0 0.01 3.7 17.0 4:58a NNE 12 41.5 48.6 2:11p 35.6 11:54p 23.5 0.0 0.02 4.0 25.0 2:31p S 13 40.3 49.2 2:46p 34.1 3:11a 24.7 0.0 0.01 1.3 14.0 3:30p ENE 14 41.3 54.5 5:09p 35.9 7:04a 23.7 0.0 0.23 1.9 16.0 7:07p SSE 15 44.4 56.4 4:58p 37.2 2:25a 20.6 0.0 0.01 2.1 13.0 2:37p SE 16 42.0 50.9 12:42p 35.8 3:55a 22.9 0.0 0.03 2.6 19.0 1:20p NE 17 49.5 63.1 4:48p 37.0 6:52a 15.5 0.0 0.00 2.4 13.0 7:30p SE 18 48.5 52.2 12:18a 43.1 11:58p 16.5 0.0 0.23 3.0 28.0 6:50p S 19 47.8 59.6 5:15p 40.7 5:06a 17.2 0.0 0.19 3.1 18.0 1:20a S 20 47.1 55.8 1:09p 37.4 6:29a 17.9 0.0 0.05 2.2 20.0 3:18p ESE 21 48.4 58.6 1:49p 42.9 11:51p 16.6 0.0 0.20 2.4 19.0 12:37p S 22 50.7 62.1 5:15p 41.8 3:26a 14.3 0.0 0.01 1.6 13.0 4:43p WNW 23 53.5 63.5 5:02p 47.0 6:10a 11.5 0.0 0.00 2.1 14.0 11:58a S 24 56.1 71.5 4:36p 41.6 6:38a 9.6 0.8 0.00 2.1 16.0 2:55p SSW 25 52.2 60.6 2:53p 47.6 11:58p 12.7 0.0 0.12 2.6 16.0 3:19p S 26 48.5 56.0 4:39p 43.2 6:14a 16.5 0.0 0.07 3.4 22.0 2:35p S 27 49.6 61.2 4:22p 41.7 5:28a 15.4 0.0 0.01 2.2 15.0 3:09p SE 28 50.7 61.2 4:30p 44.1 5:57a 14.3 0.0 0.00 1.9 16.0 7:52p E 29 54.0 64.9 4:21p 46.4 7:00a 11.0 0.0 0.10 2.1 14.0 3:31p S 30 54.6 66.0 5:10p 49.0 4:55a 10.4 0.0 0.38 2.4 14.0 2:56p ENE ------------------------------------------------------------------------------------- 48.3 81.3 7 34.1 13 504.2 4.1 3.19 3.0 31.0 4 S Max >= 90.0: 0 Max <= 32.0: 0 Min <= 32.0: 0 Min <= 0.0: 0 Max Rain: 0.79 ON 04/04/22 Days of Rain: 17 (>.01 in) 11 (>.1 in) 0 (>1 in) Heat Base: 65.0 Cool Base: 65.0 Method: Integration