2023: Jan | Feb | Mar | Apr | May | Jun | Jul | Aug | Sep | Oct | Nov | Dec 
2022: Jan | Feb | Mar | Apr | May | Jun | Jul | Aug | Sep | Oct | Nov | Dec 
2021: Jan | Feb | Mar | Apr | May | Jun | Jul | Aug | Sep | Oct | Nov | Dec 
2020: Jan | Feb | Mar | Apr | May | Jun | Jul | Aug | Sep | Oct | Nov | Dec 
2019: Jan | Feb | Mar | Apr | May | Jun | Jul | Aug | Sep | Oct | Nov | Dec 

Report for 2022 05
MONTHLY CLIMATOLOGICAL SUMMARY for MAY. 2022 NAME: Chucks Weather CITY: Renton STATE: WA ELEV: 340 ft LAT: 47 27' 45" N LONG: 122 12' 07" W TEMPERATURE (F), RAIN (in), WIND SPEED (mph) HEAT COOL AVG MEAN DEG DEG WIND DOM DAY TEMP HIGH TIME LOW TIME DAYS DAYS RAIN SPEED HIGH TIME DIR ------------------------------------------------------------------------------------ 1 55.5 65.4 2:50p 46.8 2:45a 9.5 0.0 0.01 0.9 10.0 3:19p SW 2 52.2 56.4 2:04p 48.4 6:45a 12.8 0.0 0.39 1.3 11.0 5:13a S 3 51.6 57.7 4:22p 48.6 7:39a 13.4 0.0 0.01 1.9 15.0 4:23p SW 4 56.3 69.9 4:47p 46.4 4:08a 9.2 0.5 0.00 1.3 13.0 4:16p WNW 5 50.5 55.3 12:08a 46.2 10:08a 14.5 0.0 0.38 2.5 21.0 11:31p S 6 50.3 59.7 3:37p 45.4 3:51a 14.7 0.0 0.63 1.4 14.0 12:44a ENE 7 49.9 56.9 4:13p 44.2 12:00m 15.1 0.0 0.48 3.9 27.0 4:41p S 8 48.7 60.5 4:23p 41.5 6:17a 16.3 0.0 0.00 2.9 17.0 5:37p WNW 9 50.1 60.6 2:33p 42.7 4:43a 14.9 0.0 0.02 3.2 22.0 5:49p ESE 10 52.3 64.5 4:33p 42.8 4:02a 12.7 0.0 0.00 3.0 16.0 4:50p SW 11 52.1 62.7 2:32p 44.1 5:51a 12.9 0.0 0.01 3.0 17.0 8:07p S 12 49.1 53.3 5:39p 44.6 11:09p 15.9 0.0 0.32 3.0 17.0 4:44p E 13 50.7 62.4 4:26p 41.5 5:32a 14.3 0.0 0.00 2.2 14.0 8:11a S 14 56.8 69.2 5:06p 48.0 2:06a 8.5 0.3 0.08 2.1 20.0 5:28p SW 15 56.7 61.9 6:26p 53.3 5:13a 8.3 0.0 0.42 1.3 14.0 1:51p NE 16 56.2 63.1 2:30p 49.9 11:53p 8.8 0.0 0.01 3.4 21.0 10:30a S 17 54.2 64.1 5:11p 46.2 2:44a 10.8 0.0 0.00 2.0 14.0 11:57a ESE 18 52.9 60.4 4:49p 47.8 11:31p 12.1 0.0 0.18 5.9 35.0 3:00p S 19 52.0 64.1 5:19p 45.7 5:39a 13.0 0.0 0.00 2.7 18.0 12:53a S 20 53.0 66.4 5:28p 42.6 5:30a 12.0 0.0 0.02 1.3 13.0 4:39p E 21 57.9 72.8 4:26p 44.1 5:55a 8.2 1.1 0.00 1.9 14.0 4:54p E 22 61.1 75.7 4:15p 47.2 4:57a 6.2 2.3 0.00 1.5 12.0 3:32p W 23 60.7 71.9 5:20p 54.2 5:47a 5.0 0.7 0.00 2.4 16.0 4:04p SW 24 56.9 63.0 1:55p 53.7 6:15a 8.1 0.0 0.00 1.3 10.0 9:08a S 25 61.1 73.0 3:57p 52.9 4:22a 5.2 1.3 0.00 2.5 17.0 12:32p SW 26 61.5 71.1 3:09p 52.7 5:53a 4.7 1.2 0.00 0.9 10.0 7:08p N 27 57.2 64.2 3:15p 51.9 11:34p 7.8 0.0 0.18 3.5 24.0 4:04p SSW 28 54.0 60.5 2:06p 49.5 4:29a 11.0 0.0 0.07 1.6 13.0 3:59p N 29 52.7 56.8 3:04p 50.4 7:26a 12.3 0.0 0.23 2.4 18.0 3:33p S 30 53.9 64.1 4:12p 47.1 5:25a 11.1 0.0 0.00 1.4 9.0 9:58a ESE 31 60.1 75.0 4:42p 48.5 2:27a 6.6 1.7 0.00 1.8 13.0 4:13p N ------------------------------------------------------------------------------------- 54.5 75.7 22 41.5 8 335.9 9.1 3.44 2.3 35.0 18 S Max >= 90.0: 0 Max <= 32.0: 0 Min <= 32.0: 0 Min <= 0.0: 0 Max Rain: 0.63 ON 05/06/22 Days of Rain: 13 (>.01 in) 9 (>.1 in) 0 (>1 in) Heat Base: 65.0 Cool Base: 65.0 Method: Integration