2023: Jan | Feb | Mar | Apr | May | Jun | Jul | Aug | Sep | Oct | Nov | Dec 
2022: Jan | Feb | Mar | Apr | May | Jun | Jul | Aug | Sep | Oct | Nov | Dec 
2021: Jan | Feb | Mar | Apr | May | Jun | Jul | Aug | Sep | Oct | Nov | Dec 
2020: Jan | Feb | Mar | Apr | May | Jun | Jul | Aug | Sep | Oct | Nov | Dec 
2019: Jan | Feb | Mar | Apr | May | Jun | Jul | Aug | Sep | Oct | Nov | Dec 

Report for 2022 06
MONTHLY CLIMATOLOGICAL SUMMARY for JUN. 2022 NAME: Chucks Weather CITY: Renton STATE: WA ELEV: 340 ft LAT: 47 27' 45" N LONG: 122 12' 07" W TEMPERATURE (F), RAIN (in), WIND SPEED (mph) HEAT COOL AVG MEAN DEG DEG WIND DOM DAY TEMP HIGH TIME LOW TIME DAYS DAYS RAIN SPEED HIGH TIME DIR ------------------------------------------------------------------------------------ 1 63.3 72.9 2:48p 54.3 5:36a 3.6 1.9 0.00 1.2 10.0 7:36p N 2 64.9 76.7 2:12p 54.8 5:33a 3.1 3.0 0.07 1.1 13.0 6:31p NNW 3 60.0 65.6 4:25p 55.8 11:53p 5.0 0.0 0.37 1.8 14.0 2:03p SE 4 61.7 71.5 1:01p 55.6 12:16a 4.1 0.8 0.31 1.5 12.0 2:44p ENE 5 61.1 68.6 4:33p 56.5 12:00m 4.1 0.2 0.57 2.8 19.0 3:45p SW 6 58.8 66.0 6:00p 53.1 6:26a 6.2 0.0 0.00 1.4 11.0 12:45a SW 7 62.9 76.1 3:50p 49.3 5:40a 5.1 3.0 0.00 1.5 14.0 10:28p ENE 8 64.8 74.3 6:18p 58.6 5:39a 2.1 2.0 0.00 2.0 14.0 12:33p WSW 9 58.4 63.2 12:01a 55.7 3:10p 6.6 0.0 1.21 1.1 8.0 6:06p E 10 61.8 69.3 1:18p 57.4 9:24p 3.6 0.3 0.14 1.9 13.0 1:56p S 11 63.2 74.2 5:21p 56.3 2:38a 3.8 2.0 0.01 2.8 15.0 2:27p S 12 55.8 58.3 1:34p 53.0 11:58p 9.2 0.0 0.04 1.9 16.0 10:38p S 13 54.1 60.6 1:53p 49.2 3:29a 10.9 0.0 0.10 4.1 24.0 9:04p S 14 56.6 63.7 3:30p 48.9 5:49a 8.4 0.0 0.05 1.9 16.0 12:48p S 15 57.4 66.3 3:53p 50.6 4:58a 7.6 0.0 0.00 1.2 9.0 4:11p W 16 60.6 72.2 4:54p 50.7 4:47a 5.2 0.8 0.00 1.6 13.0 11:08a E 17 56.4 59.2 12:01a 54.9 10:12p 8.6 0.0 0.23 1.8 10.0 5:07a S 18 57.5 64.5 3:00p 53.6 5:16a 7.5 0.0 0.00 2.9 14.0 10:13p S 19 60.0 67.4 1:52p 53.7 5:35a 5.3 0.2 0.00 2.4 14.0 1:02p S 20 61.0 72.4 5:41p 54.3 4:29a 4.9 1.0 0.00 1.4 12.0 3:00a S 21 66.7 82.7 5:31p 53.0 5:11a 3.7 5.4 0.00 1.4 12.0 2:52p WNW 22 63.3 72.8 4:39p 59.0 7:59a 2.5 0.8 0.07 1.4 9.0 5:51a W 23 63.0 75.1 5:27p 53.8 6:48a 4.2 2.2 0.00 2.1 15.0 3:01p N 24 66.1 81.8 5:04p 50.4 5:50a 4.1 5.2 0.00 2.1 17.0 5:21p ENE 25 75.1 91.7 4:40p 57.8 5:54a 1.2 11.3 0.00 2.7 15.0 1:33p NNE 26 78.9 94.7 4:51p 63.8 5:52a 0.0 13.9 0.00 2.5 14.0 2:59p N 27 78.3 96.2 4:51p 64.0 5:32a 0.0 13.3 0.00 2.1 17.0 4:06p S 28 61.4 67.9 12:27p 57.9 5:58a 3.8 0.1 0.00 3.0 16.0 11:30a S 29 61.2 70.6 5:45p 55.9 5:59a 4.2 0.4 0.00 1.8 12.0 11:35a S 30 66.1 80.6 5:27p 53.5 6:06a 3.3 4.4 0.00 1.7 13.0 3:51p N ------------------------------------------------------------------------------------- 62.7 96.2 27 48.9 14 141.9 72.2 3.17 2.0 24.0 13 S Max >= 90.0: 3 Max <= 32.0: 0 Min <= 32.0: 0 Min <= 0.0: 0 Max Rain: 1.21 ON 06/09/22 Days of Rain: 11 (>.01 in) 6 (>.1 in) 1 (>1 in) Heat Base: 65.0 Cool Base: 65.0 Method: Integration