2023: Jan | Feb | Mar | Apr | May | Jun | Jul | Aug | Sep | Oct | Nov | Dec 
2022: Jan | Feb | Mar | Apr | May | Jun | Jul | Aug | Sep | Oct | Nov | Dec 
2021: Jan | Feb | Mar | Apr | May | Jun | Jul | Aug | Sep | Oct | Nov | Dec 
2020: Jan | Feb | Mar | Apr | May | Jun | Jul | Aug | Sep | Oct | Nov | Dec 
2019: Jan | Feb | Mar | Apr | May | Jun | Jul | Aug | Sep | Oct | Nov | Dec 

Report for 2022 07
MONTHLY CLIMATOLOGICAL SUMMARY for JUL. 2022 NAME: Chucks Weather CITY: Renton STATE: WA ELEV: 340 ft LAT: 47 27' 45" N LONG: 122 12' 07" W TEMPERATURE (F), RAIN (in), WIND SPEED (mph) HEAT COOL AVG MEAN DEG DEG WIND DOM DAY TEMP HIGH TIME LOW TIME DAYS DAYS RAIN SPEED HIGH TIME DIR ------------------------------------------------------------------------------------ 1 67.8 81.1 5:12p 56.4 5:20a 1.9 4.7 0.00 2.0 12.0 5:02p W 2 63.1 71.9 5:10p 57.4 6:13a 2.9 1.0 0.00 1.7 12.0 11:10p N 3 57.7 61.6 12:01a 55.6 8:44a 7.3 0.0 0.23 1.9 13.0 12:13a E 4 62.5 74.2 6:26p 54.5 5:30a 4.1 1.7 0.00 1.7 12.0 2:56p SSE 5 65.4 78.7 1:49p 55.2 5:40a 3.0 3.4 0.00 1.4 10.0 1:03p NNE 6 66.7 75.1 4:06p 62.5 5:10a 0.6 2.3 0.03 1.1 12.0 11:50a SSE 7 69.3 81.2 3:47p 61.9 3:09a 0.7 5.0 0.00 2.0 13.0 4:51p S 8 69.5 81.6 6:15p 61.8 4:52a 0.5 5.1 0.00 1.8 13.0 12:49p S 9 68.5 81.3 5:19p 58.2 5:59a 1.1 4.6 0.00 1.8 15.0 3:31p W 10 68.1 81.6 6:42p 59.3 5:46a 1.5 4.6 0.00 2.1 11.0 9:59a SE 11 73.8 91.0 4:39p 60.7 5:34a 0.8 9.6 0.00 2.2 14.0 12:56p NNE 12 74.0 90.2 4:46p 62.4 5:43a 0.2 9.2 0.00 1.9 12.0 3:44p N 13 68.3 83.9 5:15p 59.0 5:51a 1.8 5.1 0.00 1.9 12.0 1:58p NNE 14 68.8 84.9 6:18p 56.0 5:51a 2.3 6.0 0.00 1.7 12.0 3:27p W 15 68.2 83.1 4:11p 56.9 5:27a 2.0 5.2 0.00 2.7 15.0 1:52p S 16 66.9 73.6 3:29p 62.1 5:58a 0.5 2.4 0.00 2.2 12.0 12:25p SW 17 64.1 72.6 6:14p 60.1 6:39a 1.8 0.9 0.00 1.8 12.0 12:05a NNE 18 64.4 77.4 5:13p 55.9 5:56a 3.2 2.6 0.01 2.0 12.0 4:28p S 19 70.7 87.5 5:17p 57.6 5:50a 1.8 7.5 0.00 2.0 12.0 2:58p N 20 74.8 91.9 5:06p 60.6 5:16a 0.6 10.3 0.00 1.4 11.0 2:21p N 21 71.4 86.7 6:14p 61.1 6:11a 0.7 7.0 0.00 2.1 11.0 1:49p SW 22 66.5 78.8 5:57p 59.8 5:19a 1.8 3.3 0.00 2.4 12.0 1:42p S 23 66.4 78.7 6:20p 59.2 7:25a 1.8 3.2 0.00 1.5 11.0 4:21p WNW 24 72.1 89.4 4:50p 58.7 5:35a 1.2 8.4 0.00 1.5 13.0 2:57p N 25 76.5 93.8 6:04p 60.9 5:54a 0.3 11.8 0.00 1.6 15.0 3:10p N 26 81.4 100.6 5:45p 65.4 5:23a 0.0 16.4 0.00 1.3 9.0 12:34p E 27 80.1 98.5 5:48p 66.0 7:06a 0.0 15.1 0.00 1.4 10.0 10:00a S 28 81.2 98.3 4:50p 67.1 6:51a 0.0 16.2 0.00 1.5 11.0 4:24p N 29 81.8 99.2 5:47p 67.7 6:01a 0.0 16.8 0.00 1.4 10.0 5:54p WNW 30 82.7 100.2 5:04p 68.1 5:58a 0.0 17.7 0.00 1.4 12.0 2:53p N 31 82.1 100.8 5:51p 66.5 6:00a 0.0 17.1 0.00 1.3 10.0 4:28p N ------------------------------------------------------------------------------------- 70.8 100.8 31 54.5 4 44.4 224.2 0.27 1.8 15.0 9 W Max >= 90.0: 10 Max <= 32.0: 0 Min <= 32.0: 0 Min <= 0.0: 0 Max Rain: 0.23 ON 07/03/22 Days of Rain: 2 (>.01 in) 1 (>.1 in) 0 (>1 in) Heat Base: 65.0 Cool Base: 65.0 Method: Integration