2023: Jan | Feb | Mar | Apr | May | Jun | Jul | Aug | Sep | Oct | Nov | Dec 
2022: Jan | Feb | Mar | Apr | May | Jun | Jul | Aug | Sep | Oct | Nov | Dec 
2021: Jan | Feb | Mar | Apr | May | Jun | Jul | Aug | Sep | Oct | Nov | Dec 
2020: Jan | Feb | Mar | Apr | May | Jun | Jul | Aug | Sep | Oct | Nov | Dec 
2019: Jan | Feb | Mar | Apr | May | Jun | Jul | Aug | Sep | Oct | Nov | Dec 

Report for 2022 08
MONTHLY CLIMATOLOGICAL SUMMARY for AUG. 2022 NAME: Chucks Weather CITY: Renton STATE: WA ELEV: 340 ft LAT: 47 27' 45" N LONG: 122 12' 07" W TEMPERATURE (F), RAIN (in), WIND SPEED (mph) HEAT COOL AVG MEAN DEG DEG WIND DOM DAY TEMP HIGH TIME LOW TIME DAYS DAYS RAIN SPEED HIGH TIME DIR ------------------------------------------------------------------------------------ 1 74.2 86.3 5:00p 63.9 11:59p 0.0 9.2 0.00 2.6 13.0 11:00a S 2 69.2 82.7 5:58p 61.2 7:39a 1.1 5.3 0.00 2.1 13.0 5:16p SW 3 65.2 78.5 4:48p 57.2 6:25a 2.5 2.7 0.00 2.6 17.0 8:28p S 4 65.7 76.4 5:12p 60.2 5:47a 1.6 2.2 0.00 3.3 15.0 9:37a S 5 66.5 81.1 4:43p 55.0 4:02a 2.9 4.4 0.00 2.1 16.0 12:52p NNE 6 71.6 89.1 4:51p 56.6 6:07a 1.6 8.2 0.00 1.7 13.0 3:37p ENE 7 75.5 94.0 3:41p 58.9 6:02a 0.9 11.4 0.00 1.6 13.0 1:56p ENE 8 76.8 95.3 5:11p 61.8 5:30a 0.3 12.1 0.00 1.6 11.0 4:19p E 9 69.2 83.2 6:23p 61.3 5:13a 0.9 5.1 0.00 1.4 10.0 4:42p SSE 10 66.4 72.2 3:43p 61.4 5:32a 0.6 1.9 0.01 1.7 13.0 7:13a S 11 70.9 86.3 4:17p 59.4 6:34a 1.2 7.1 0.00 1.2 11.0 2:41p N 12 68.9 81.1 4:03p 59.8 6:17a 0.9 4.8 0.00 2.5 16.0 5:33p SW 13 69.4 79.6 4:41p 63.1 3:12a 0.4 4.8 0.00 2.1 13.0 3:36p SW 14 70.5 86.7 4:20p 57.5 6:07a 1.4 6.9 0.00 1.4 10.0 12:41p NNE 15 72.9 89.5 4:51p 59.0 5:58a 1.0 8.9 0.00 1.3 9.0 2:47p WNW 16 71.9 87.4 4:24p 60.2 5:59a 0.8 7.7 0.00 1.8 14.0 5:22p NNE 17 76.5 93.3 4:00p 62.1 6:42a 0.3 11.8 0.00 1.7 14.0 12:46p W 18 80.0 88.8 4:12p 72.2 7:07a 0.0 15.0 0.00 1.1 8.0 1:08p ENE 19 73.7 79.5 3:29p 67.2 8:01a 0.0 8.7 0.02 1.8 11.0 10:21p S 20 70.2 81.1 7:01p 64.1 6:07a 0.1 5.2 0.00 1.5 10.0 4:55p SW 21 72.4 86.3 5:59p 64.5 5:53a 0.0 7.4 0.00 1.5 11.0 1:06p S 22 74.1 90.2 5:22p 62.5 6:42a 0.2 9.2 0.00 1.4 12.0 3:24p N 23 71.4 84.7 4:14p 60.4 6:18a 0.8 7.2 0.00 1.7 12.0 4:20p N 24 75.6 91.5 3:55p 63.5 6:53a 0.1 10.7 0.00 1.5 12.0 2:26p N 25 76.7 94.1 3:36p 64.7 6:14a 0.0 11.7 0.00 1.7 12.0 1:48p SW 26 66.7 75.8 4:41p 62.8 6:58a 0.7 2.4 0.00 2.5 13.0 2:45p S 27 63.8 72.0 3:12p 59.0 5:06a 2.5 1.3 0.00 2.4 12.0 3:03a S 28 66.6 82.2 4:50p 55.6 6:03a 3.0 4.6 0.00 1.6 13.0 5:50p SE 29 71.5 89.2 4:38p 57.0 6:46a 1.7 8.2 0.00 1.7 13.0 1:58p N 30 76.0 92.6 3:41p 62.3 7:04a 0.2 11.2 0.00 1.5 13.0 4:25p W 31 74.9 89.7 3:57p 65.1 11:54p 0.0 9.9 0.00 1.9 15.0 3:37p S ------------------------------------------------------------------------------------- 71.4 95.3 8 55.0 5 27.7 227.2 0.03 1.8 17.0 3 S Max >= 90.0: 7 Max <= 32.0: 0 Min <= 32.0: 0 Min <= 0.0: 0 Max Rain: 0.02 ON 08/19/22 Days of Rain: 1 (>.01 in) 0 (>.1 in) 0 (>1 in) Heat Base: 65.0 Cool Base: 65.0 Method: Integration