2023: Jan | Feb | Mar | Apr | May | Jun | Jul | Aug | Sep | Oct | Nov | Dec 
2022: Jan | Feb | Mar | Apr | May | Jun | Jul | Aug | Sep | Oct | Nov | Dec 
2021: Jan | Feb | Mar | Apr | May | Jun | Jul | Aug | Sep | Oct | Nov | Dec 
2020: Jan | Feb | Mar | Apr | May | Jun | Jul | Aug | Sep | Oct | Nov | Dec 
2019: Jan | Feb | Mar | Apr | May | Jun | Jul | Aug | Sep | Oct | Nov | Dec 

Report for 2022 09
MONTHLY CLIMATOLOGICAL SUMMARY for SEP. 2022 NAME: Chucks Weather CITY: Renton STATE: WA ELEV: 340 ft LAT: 47 27' 45" N LONG: 122 12' 07" W TEMPERATURE (F), RAIN (in), WIND SPEED (mph) HEAT COOL AVG MEAN DEG DEG WIND DOM DAY TEMP HIGH TIME LOW TIME DAYS DAYS RAIN SPEED HIGH TIME DIR ------------------------------------------------------------------------------------ 1 68.6 83.5 5:23p 60.9 7:28a 1.2 4.8 0.00 1.2 9.0 1:39p WNW 2 70.3 86.7 5:21p 59.0 6:43a 1.4 6.7 0.00 1.5 14.0 10:21p S 3 65.9 78.0 5:49p 59.9 6:30a 1.9 2.9 0.04 2.1 10.0 1:42a SE 4 66.4 78.4 1:46p 57.4 6:25a 1.9 3.4 0.03 1.8 14.0 4:35p SSW 5 66.3 79.1 4:28p 57.2 4:37a 2.1 3.4 0.00 2.1 14.0 1:47p NNE 6 67.4 83.7 3:56p 53.3 6:38a 2.9 5.3 0.00 1.8 13.0 12:30a NNE 7 68.1 82.6 4:10p 57.8 6:38a 1.5 4.6 0.00 1.7 14.0 2:58p NNE 8 64.4 77.6 3:45p 53.3 7:11a 3.3 2.7 0.00 1.8 13.0 12:00p NNE 9 66.8 84.3 4:54p 56.3 5:52a 2.7 4.5 0.00 3.5 16.0 1:45p NNE 10 73.9 97.4 3:27p 59.3 5:42a 1.4 10.3 0.00 2.6 15.0 2:43p NNE 11 69.3 76.0 1:16p 64.3 6:02a 0.0 4.3 0.00 1.8 10.0 7:13a SE 12 67.8 77.1 3:13p 62.8 7:06a 0.4 3.2 0.00 1.6 12.0 3:30p SW 13 66.9 72.4 12:26p 63.2 6:58a 0.3 2.2 0.00 0.8 10.0 12:26p WNW 14 66.2 73.4 2:57p 61.4 6:53a 0.9 2.1 0.00 0.8 10.0 3:24p SSE 15 64.2 73.9 4:14p 59.2 7:58a 2.3 1.6 0.00 1.2 11.0 2:21p WNW 16 60.6 69.8 2:06p 56.5 11:37p 4.7 0.3 0.07 1.3 11.0 11:20a S 17 59.3 69.2 3:26p 51.2 6:57a 6.1 0.4 0.00 2.0 12.0 3:45p ENE 18 63.7 77.8 4:07p 55.2 7:01a 3.9 2.6 0.01 2.4 14.0 9:05a NNE 19 63.9 80.8 3:11p 50.3 6:31a 4.8 3.7 0.00 1.2 11.0 3:38p ENE 20 66.4 81.5 3:21p 54.5 6:46a 2.9 4.3 0.00 2.0 14.0 2:18p NNE 21 64.7 81.2 3:32p 50.2 7:32a 4.3 4.0 0.00 1.4 12.0 5:14p ENE 22 62.3 73.7 4:46p 55.7 5:02a 4.0 1.3 0.00 3.6 22.0 2:34p S 23 63.7 74.0 4:32p 58.3 12:43a 2.7 1.4 0.00 1.8 12.0 3:06p SE 24 63.6 77.9 3:07p 52.4 7:16a 4.0 2.6 0.00 1.6 12.0 4:16p NNE 25 66.0 82.3 4:52p 53.4 7:32a 3.0 4.1 0.00 1.5 11.0 3:48p NNE 26 68.3 86.3 4:57p 56.0 6:49a 2.5 5.8 0.00 1.0 8.0 2:55p ENE 27 65.6 81.2 4:23p 55.0 7:29a 3.2 3.8 0.00 1.5 11.0 2:28p ESE 28 60.4 69.2 5:25p 55.1 6:16a 4.8 0.2 0.03 1.2 9.0 7:13a SE 29 63.2 73.6 4:51p 57.4 7:51a 3.2 1.5 0.00 1.1 11.0 5:50p W 30 61.3 72.5 4:15p 52.4 6:46a 4.9 1.2 0.00 1.2 11.0 3:45p NNE ------------------------------------------------------------------------------------- 65.5 97.4 10 50.2 21 83.2 99.2 0.18 1.7 22.0 22 NNE Max >= 90.0: 1 Max <= 32.0: 0 Min <= 32.0: 0 Min <= 0.0: 0 Max Rain: 0.07 ON 09/16/22 Days of Rain: 4 (>.01 in) 0 (>.1 in) 0 (>1 in) Heat Base: 65.0 Cool Base: 65.0 Method: Integration