2023: Jan | Feb | Mar | Apr | May | Jun | Jul | Aug | Sep | Oct | Nov | Dec 
2022: Jan | Feb | Mar | Apr | May | Jun | Jul | Aug | Sep | Oct | Nov | Dec 
2021: Jan | Feb | Mar | Apr | May | Jun | Jul | Aug | Sep | Oct | Nov | Dec 
2020: Jan | Feb | Mar | Apr | May | Jun | Jul | Aug | Sep | Oct | Nov | Dec 
2019: Jan | Feb | Mar | Apr | May | Jun | Jul | Aug | Sep | Oct | Nov | Dec 

Report for 2022 10
MONTHLY CLIMATOLOGICAL SUMMARY for OCT. 2022 NAME: Chucks Weather CITY: Renton STATE: WA ELEV: 340 ft LAT: 47 27' 45" N LONG: 122 12' 07" W TEMPERATURE (F), RAIN (in), WIND SPEED (mph) HEAT COOL AVG MEAN DEG DEG WIND DOM DAY TEMP HIGH TIME LOW TIME DAYS DAYS RAIN SPEED HIGH TIME DIR ------------------------------------------------------------------------------------ 1 66.0 81.5 3:53p 54.2 5:36a 3.1 4.0 0.00 1.6 13.0 11:27a NNE 2 66.4 81.6 3:27p 54.7 7:04a 2.9 4.3 0.00 1.1 8.0 12:57p ENE 3 65.6 81.4 4:20p 54.3 7:16a 3.4 4.0 0.00 0.7 8.0 12:07p WNW 4 59.7 68.7 5:13p 56.0 5:06a 5.6 0.2 0.00 0.8 8.0 4:20p SW 5 59.2 65.4 5:05p 54.9 11:44p 5.8 0.0 0.00 0.6 7.0 4:08a N 6 62.1 76.0 2:28p 52.9 4:03a 5.0 2.1 0.00 0.8 9.0 12:57p W 7 64.5 79.2 2:13p 53.7 7:17a 3.8 3.3 0.00 0.6 9.0 3:39p W 8 63.6 78.2 3:53p 53.4 7:31a 4.3 2.8 0.00 0.8 10.0 4:18p WNW 9 62.1 76.5 3:38p 52.0 7:17a 5.2 2.3 0.00 0.7 10.0 2:26p W 10 61.2 71.9 3:16p 52.0 6:51a 5.2 1.4 0.09 1.2 12.0 4:34p S 11 58.6 70.2 3:02p 49.7 6:28a 7.1 0.7 0.00 1.3 11.0 2:50p E 12 59.0 71.9 3:26p 48.4 5:49a 6.9 0.9 0.00 1.4 12.0 10:12a NNE 13 59.3 76.1 4:47p 47.5 7:58a 7.7 2.0 0.00 0.7 8.0 2:10p W 14 59.5 75.7 3:24p 48.4 7:19a 7.3 1.8 0.00 0.7 9.0 1:25p N 15 64.6 78.7 4:08p 52.3 5:11a 4.4 4.0 0.00 1.8 18.0 9:28p N 16 68.6 88.8 3:08p 55.3 7:29a 2.8 6.4 0.00 1.8 14.0 8:18p S 17 59.4 70.7 2:11p 51.6 7:54a 6.5 0.9 0.00 1.0 10.0 2:40p ESE 18 57.3 70.2 3:42p 48.5 7:30a 8.4 0.7 0.00 0.7 9.0 3:04p ENE 19 56.1 67.1 4:17p 48.2 7:22a 9.0 0.2 0.00 0.5 7.0 12:37p WNW 20 55.7 65.8 3:19p 47.9 7:19a 9.3 0.0 0.02 0.9 9.0 11:14p S 21 51.0 54.6 12:01a 47.8 9:14p 14.0 0.0 0.30 2.6 18.0 12:14p SSE 22 47.3 51.1 2:04p 42.3 10:47p 17.7 0.0 0.53 0.8 8.0 6:48p ENE 23 48.6 57.0 3:07p 42.1 5:27a 16.4 0.0 0.02 1.2 9.0 9:35p E 24 51.2 59.5 3:35p 45.9 7:08a 13.8 0.0 0.08 2.8 16.0 3:38p S 25 49.3 53.4 12:00p 45.1 10:43p 15.7 0.0 0.41 4.6 20.0 10:15p SSE 26 48.8 54.2 2:30p 44.1 7:39a 16.2 0.0 0.03 2.3 12.0 2:03a S 27 56.7 61.9 2:51p 50.2 12:46a 8.3 0.0 0.00 5.0 21.0 12:56p S 28 53.6 59.6 12:20a 47.5 11:27p 11.4 0.0 0.24 2.0 18.0 2:52a S 29 51.9 60.7 1:18p 44.4 8:02a 13.1 0.0 0.00 1.7 14.0 10:49p ESE 30 54.1 57.2 5:22p 50.7 2:22a 10.9 0.0 0.26 4.8 20.0 9:46a SSE 31 52.6 55.8 11:09a 49.3 10:20p 12.4 0.0 0.85 3.5 21.0 8:31a S ------------------------------------------------------------------------------------- 57.9 88.8 16 42.1 23 263.6 42.0 2.83 1.6 21.0 27 S Max >= 90.0: 0 Max <= 32.0: 0 Min <= 32.0: 0 Min <= 0.0: 0 Max Rain: 0.85 ON 10/31/22 Days of Rain: 11 (>.01 in) 6 (>.1 in) 0 (>1 in) Heat Base: 65.0 Cool Base: 65.0 Method: Integration