2023: Jan | Feb | Mar | Apr | May | Jun | Jul | Aug | Sep | Oct | Nov | Dec 
2022: Jan | Feb | Mar | Apr | May | Jun | Jul | Aug | Sep | Oct | Nov | Dec 
2021: Jan | Feb | Mar | Apr | May | Jun | Jul | Aug | Sep | Oct | Nov | Dec 
2020: Jan | Feb | Mar | Apr | May | Jun | Jul | Aug | Sep | Oct | Nov | Dec 
2019: Jan | Feb | Mar | Apr | May | Jun | Jul | Aug | Sep | Oct | Nov | Dec 

Report for 2023 01
MONTHLY CLIMATOLOGICAL SUMMARY for JAN. 2023 NAME: Chucks Weather CITY: Renton STATE: WA ELEV: 340 ft LAT: 47 27' 45" N LONG: 122 12' 07" W TEMPERATURE (F), RAIN (in), WIND SPEED (mph) HEAT COOL AVG MEAN DEG DEG WIND DOM DAY TEMP HIGH TIME LOW TIME DAYS DAYS RAIN SPEED HIGH TIME DIR ------------------------------------------------------------------------------------ 1 43.4 50.5 1:05p 35.7 11:53p 21.6 0.0 0.06 0.5 6.0 1:25p ENE 2 40.6 52.1 12:41p 32.8 3:54a 24.4 0.0 0.01 2.9 19.0 4:09p E 3 43.5 51.7 12:36p 39.4 8:38a 21.5 0.0 0.00 3.2 15.0 7:40p E 4 47.2 52.4 11:59p 41.7 7:19a 17.8 0.0 0.02 7.8 32.0 7:22p ENE 5 54.1 58.6 6:09p 50.4 10:18p 10.9 0.0 0.01 6.8 28.0 6:38p ESE 6 48.6 53.8 4:29p 43.0 8:24a 16.4 0.0 0.15 3.3 18.0 4:09p E 7 46.5 48.3 6:46p 42.3 11:43p 18.5 0.0 0.21 1.3 9.0 6:25p NNE 8 45.7 50.9 2:42p 42.1 12:16a 19.3 0.0 0.32 2.6 23.0 8:33p ENE 9 48.7 57.1 12:25p 43.1 5:25a 16.3 0.0 0.34 5.6 33.0 12:32p E 10 49.4 58.0 2:44p 43.0 8:52a 15.6 0.0 0.00 3.3 19.0 4:21p E 11 51.3 59.8 1:02p 47.1 4:51a 13.7 0.0 0.08 4.0 17.0 10:27p E 12 50.9 54.5 8:27p 47.7 2:50a 14.1 0.0 0.46 6.4 21.0 1:03a E 13 51.1 53.5 12:01a 49.2 11:52p 13.9 0.0 0.40 2.1 14.0 6:48a ESE 14 52.0 62.3 1:33p 46.1 8:54a 13.0 0.0 0.08 2.8 16.0 7:36p E 15 47.3 50.1 12:39a 45.1 2:15a 17.7 0.0 0.39 2.4 20.0 10:03p ENE 16 46.5 52.3 1:36p 41.9 10:20p 18.5 0.0 0.00 2.3 13.0 12:17a ESE 17 45.7 50.5 12:05p 42.6 5:26a 19.3 0.0 0.09 2.5 14.0 9:05a S 18 43.9 46.9 8:50a 38.8 7:33p 21.1 0.0 0.44 3.1 14.0 11:55a S 19 40.1 45.2 2:40p 37.1 7:45a 24.9 0.0 0.00 1.1 9.0 12:14a ESE 20 40.1 49.4 12:44p 34.5 11:27p 24.9 0.0 0.01 0.5 7.0 12:52p N 21 37.3 45.2 2:55p 31.5 6:33a 27.7 0.0 0.25 2.7 26.0 3:24p S 22 40.0 45.9 12:00p 35.7 11:14p 25.0 0.0 0.00 0.9 8.0 6:54a E 23 40.8 49.3 12:43p 36.4 3:08a 24.2 0.0 0.00 0.8 9.0 1:58p ENE 24 42.7 45.5 3:10p 38.8 5:00a 22.3 0.0 0.02 1.2 9.0 3:11a ESE 25 44.8 47.0 2:34p 42.6 9:59p 20.1 0.0 0.00 0.4 6.0 1:00p NNE 26 42.5 44.4 3:04p 39.8 8:01a 22.5 0.0 0.02 1.3 12.0 11:54p ESE 27 46.2 49.1 1:45p 43.3 10:30p 18.8 0.0 0.23 1.6 16.0 12:57a ENE 28 42.0 45.1 3:21p 34.2 11:46p 23.0 0.0 0.06 1.3 12.0 3:41p ENE 29 34.5 44.0 1:03p 29.5 7:19a 30.5 0.0 0.00 1.7 9.0 11:23a ENE 30 32.3 41.8 1:36p 24.0 6:04a 32.7 0.0 0.00 0.7 7.0 1:46p E 31 37.2 42.6 2:12p 32.1 4:07a 27.8 0.0 0.00 0.4 5.0 8:51a ESE ------------------------------------------------------------------------------------- 44.4 62.3 14 24.0 30 638.0 0.0 3.65 2.5 33.0 9 E Max >= 90.0: 0 Max <= 32.0: 0 Min <= 32.0: 3 Min <= 0.0: 0 Max Rain: 0.46 ON 01/12/23 Days of Rain: 18 (>.01 in) 10 (>.1 in) 0 (>1 in) Heat Base: 65.0 Cool Base: 65.0 Method: Integration